{"id":825,"date":"2022-02-19T14:13:00","date_gmt":"2022-02-19T14:13:00","guid":{"rendered":"https:\/\/verlag.wiethase.de\/?page_id=825"},"modified":"2024-06-01T13:15:47","modified_gmt":"2024-06-01T13:15:47","slug":"pfeile-bogen-und-speere-afrikas","status":"publish","type":"page","link":"https:\/\/verlag.wiethase.de\/?page_id=825","title":{"rendered":"Pfeile, Bogen und Speere Afrikas"},"content":{"rendered":"\n<figure class=\"wp-block-image size-large\"><a href=\"https:\/\/verlag.wiethase.de\/wp-content\/uploads\/2022\/02\/Afrikabuch-Umschlag-vorne-scaled.jpg\"><img loading=\"lazy\" decoding=\"async\" width=\"726\" height=\"1024\" src=\"https:\/\/verlag.wiethase.de\/wp-content\/uploads\/2022\/02\/Afrikabuch-Umschlag-vorne-726x1024.jpg\" alt=\"\" class=\"wp-image-827\" srcset=\"https:\/\/verlag.wiethase.de\/wp-content\/uploads\/2022\/02\/Afrikabuch-Umschlag-vorne-726x1024.jpg 726w, https:\/\/verlag.wiethase.de\/wp-content\/uploads\/2022\/02\/Afrikabuch-Umschlag-vorne-213x300.jpg 213w, https:\/\/verlag.wiethase.de\/wp-content\/uploads\/2022\/02\/Afrikabuch-Umschlag-vorne-768x1083.jpg 768w, https:\/\/verlag.wiethase.de\/wp-content\/uploads\/2022\/02\/Afrikabuch-Umschlag-vorne-1089x1536.jpg 1089w, https:\/\/verlag.wiethase.de\/wp-content\/uploads\/2022\/02\/Afrikabuch-Umschlag-vorne-1452x2048.jpg 1452w, https:\/\/verlag.wiethase.de\/wp-content\/uploads\/2022\/02\/Afrikabuch-Umschlag-vorne-scaled.jpg 1815w\" sizes=\"auto, (max-width: 726px) 100vw, 726px\" \/><\/a><\/figure>\n\n\n\n<p>Afrika &#8211; Wiege der Menschheit &#8211; r\u00e4tselhafter Kontinent. Dieses Buch begibt sich auf die Suche nach Pfeilen und Bogen, Speeren und Lanzen auf diesem Kontinent. Basierend auf genauen Aufzeichnungen der wissenschaftlichen Begleiter gro\u00dfer Expeditionen und Feldforschungen, zur\u00fcckgreifend auf alte Hochkulturen und dokumentierend, was es in privaten und musealen Sammlungen zu bestaunen gibt, ist dieses Buch eine umfassende Orientierungshilfe f\u00fcr Sammler und eine Bereicherung f\u00fcr jeden, der sich f\u00fcr Pfeile, Bogen und Speere begeistert.<\/p>\n\n\n\n<figure class=\"wp-block-image size-large\"><a href=\"https:\/\/verlag.wiethase.de\/wp-content\/uploads\/2022\/02\/Afrikabuch-Umschlag-hinten-scaled.jpg\"><img loading=\"lazy\" decoding=\"async\" width=\"725\" height=\"1024\" src=\"https:\/\/verlag.wiethase.de\/wp-content\/uploads\/2022\/02\/Afrikabuch-Umschlag-hinten-725x1024.jpg\" alt=\"\" class=\"wp-image-828\" srcset=\"https:\/\/verlag.wiethase.de\/wp-content\/uploads\/2022\/02\/Afrikabuch-Umschlag-hinten-725x1024.jpg 725w, https:\/\/verlag.wiethase.de\/wp-content\/uploads\/2022\/02\/Afrikabuch-Umschlag-hinten-212x300.jpg 212w, https:\/\/verlag.wiethase.de\/wp-content\/uploads\/2022\/02\/Afrikabuch-Umschlag-hinten-768x1085.jpg 768w, https:\/\/verlag.wiethase.de\/wp-content\/uploads\/2022\/02\/Afrikabuch-Umschlag-hinten-1087x1536.jpg 1087w, https:\/\/verlag.wiethase.de\/wp-content\/uploads\/2022\/02\/Afrikabuch-Umschlag-hinten-1449x2048.jpg 1449w, https:\/\/verlag.wiethase.de\/wp-content\/uploads\/2022\/02\/Afrikabuch-Umschlag-hinten-scaled.jpg 1811w\" sizes=\"auto, (max-width: 725px) 100vw, 725px\" \/><\/a><\/figure>\n\n\n\n<p>Die gezeigten und zumeist aktuell fotografierten St\u00fccke stammen haupts\u00e4chlich aus den Sammlungen Sunyol, Miersch, Wiethase und verschiedenen Museen.<br>Die historisch relevanten Quellen sind von Ratzel, Frobenius, von Mecklenburg, Cameron, Bernatzik, Bulanda, Stuhlmann, Holub, Roscoe, Obst, Schaedler, Nachtigal, Schweinfurth, Schebesta, Reche, Delachaux, Torday, Tessmann, Grenfell, Paulitschke, Czekanowski, Weule, Passarge, Hahn und vielen anderen. Der ausf\u00fchrliche Anhang besteht aus vielen informativen Karten und Tafeln verschiedener Kataloge, die dem Sammler helfen, St\u00fccke seiner Sammlung zu erkennen und genauer zuzuordnen.<\/p>\n\n\n\n<figure class=\"wp-block-image size-large is-resized\"><a href=\"https:\/\/verlag.wiethase.de\/wp-content\/uploads\/2022\/02\/Afrikabuch-Leseprobe-1-scaled.jpg\"><img loading=\"lazy\" decoding=\"async\" width=\"730\" height=\"1024\" src=\"https:\/\/verlag.wiethase.de\/wp-content\/uploads\/2022\/02\/Afrikabuch-Leseprobe-1-730x1024.jpg\" alt=\"\" class=\"wp-image-829\" style=\"width:614px;height:861px\" srcset=\"https:\/\/verlag.wiethase.de\/wp-content\/uploads\/2022\/02\/Afrikabuch-Leseprobe-1-730x1024.jpg 730w, https:\/\/verlag.wiethase.de\/wp-content\/uploads\/2022\/02\/Afrikabuch-Leseprobe-1-214x300.jpg 214w, https:\/\/verlag.wiethase.de\/wp-content\/uploads\/2022\/02\/Afrikabuch-Leseprobe-1-768x1077.jpg 768w, https:\/\/verlag.wiethase.de\/wp-content\/uploads\/2022\/02\/Afrikabuch-Leseprobe-1-1095x1536.jpg 1095w, https:\/\/verlag.wiethase.de\/wp-content\/uploads\/2022\/02\/Afrikabuch-Leseprobe-1-1460x2048.jpg 1460w, https:\/\/verlag.wiethase.de\/wp-content\/uploads\/2022\/02\/Afrikabuch-Leseprobe-1-scaled.jpg 1825w\" sizes=\"auto, (max-width: 730px) 100vw, 730px\" \/><\/a><\/figure>\n\n\n\n<figure class=\"wp-block-image size-large\"><a href=\"https:\/\/verlag.wiethase.de\/wp-content\/uploads\/2022\/02\/Afrikabuch-Leseprobe2-scaled.jpg\"><img loading=\"lazy\" decoding=\"async\" width=\"730\" height=\"1024\" src=\"https:\/\/verlag.wiethase.de\/wp-content\/uploads\/2022\/02\/Afrikabuch-Leseprobe2-730x1024.jpg\" alt=\"\" class=\"wp-image-830\" srcset=\"https:\/\/verlag.wiethase.de\/wp-content\/uploads\/2022\/02\/Afrikabuch-Leseprobe2-730x1024.jpg 730w, https:\/\/verlag.wiethase.de\/wp-content\/uploads\/2022\/02\/Afrikabuch-Leseprobe2-214x300.jpg 214w, https:\/\/verlag.wiethase.de\/wp-content\/uploads\/2022\/02\/Afrikabuch-Leseprobe2-768x1077.jpg 768w, https:\/\/verlag.wiethase.de\/wp-content\/uploads\/2022\/02\/Afrikabuch-Leseprobe2-1095x1536.jpg 1095w, https:\/\/verlag.wiethase.de\/wp-content\/uploads\/2022\/02\/Afrikabuch-Leseprobe2-1460x2048.jpg 1460w, https:\/\/verlag.wiethase.de\/wp-content\/uploads\/2022\/02\/Afrikabuch-Leseprobe2-scaled.jpg 1825w\" sizes=\"auto, (max-width: 730px) 100vw, 730px\" \/><\/a><\/figure>\n\n\n\n<p>Neben dem Hauptthema werden auch Schie\u00dfhilfen, K\u00f6cher, Speer- und Pfeilspitzengeld, Gifte, und Prunkspeere teils in eigenen Kapiteln behandelt.<\/p>\n\n\n\n<figure class=\"wp-block-image size-full is-resized\"><a href=\"https:\/\/verlag.wiethase.de\/wp-content\/uploads\/2022\/02\/Afrikabuch-Leseprobe3.jpg\"><img loading=\"lazy\" decoding=\"async\" width=\"400\" height=\"560\" src=\"https:\/\/verlag.wiethase.de\/wp-content\/uploads\/2022\/02\/Afrikabuch-Leseprobe3.jpg\" alt=\"\" class=\"wp-image-831\" style=\"width:400px;height:560px\" srcset=\"https:\/\/verlag.wiethase.de\/wp-content\/uploads\/2022\/02\/Afrikabuch-Leseprobe3.jpg 400w, https:\/\/verlag.wiethase.de\/wp-content\/uploads\/2022\/02\/Afrikabuch-Leseprobe3-214x300.jpg 214w\" sizes=\"auto, (max-width: 400px) 100vw, 400px\" \/><\/a><\/figure>\n\n\n\n<figure class=\"wp-block-image size-full\"><a href=\"https:\/\/verlag.wiethase.de\/wp-content\/uploads\/2022\/02\/Afrikabuch-Leseprobe5-1.jpg\"><img loading=\"lazy\" decoding=\"async\" width=\"400\" height=\"560\" src=\"https:\/\/verlag.wiethase.de\/wp-content\/uploads\/2022\/02\/Afrikabuch-Leseprobe5-1.jpg\" alt=\"\" class=\"wp-image-838\" srcset=\"https:\/\/verlag.wiethase.de\/wp-content\/uploads\/2022\/02\/Afrikabuch-Leseprobe5-1.jpg 400w, https:\/\/verlag.wiethase.de\/wp-content\/uploads\/2022\/02\/Afrikabuch-Leseprobe5-1-214x300.jpg 214w\" sizes=\"auto, (max-width: 400px) 100vw, 400px\" \/><\/a><\/figure>\n\n\n\n<figure class=\"wp-block-image size-full\"><a href=\"https:\/\/verlag.wiethase.de\/wp-content\/uploads\/2022\/02\/Afrikabuch-Leseprobe4-2.jpg\"><img loading=\"lazy\" decoding=\"async\" width=\"400\" height=\"560\" src=\"https:\/\/verlag.wiethase.de\/wp-content\/uploads\/2022\/02\/Afrikabuch-Leseprobe4-2.jpg\" alt=\"\" class=\"wp-image-839\" srcset=\"https:\/\/verlag.wiethase.de\/wp-content\/uploads\/2022\/02\/Afrikabuch-Leseprobe4-2.jpg 400w, https:\/\/verlag.wiethase.de\/wp-content\/uploads\/2022\/02\/Afrikabuch-Leseprobe4-2-214x300.jpg 214w\" sizes=\"auto, (max-width: 400px) 100vw, 400px\" \/><\/a><\/figure>\n\n\n\n<figure class=\"wp-block-image size-full\"><a href=\"https:\/\/verlag.wiethase.de\/wp-content\/uploads\/2022\/02\/Afrikabuch-Leseprobe6-1.jpg\"><img loading=\"lazy\" decoding=\"async\" width=\"400\" height=\"560\" src=\"https:\/\/verlag.wiethase.de\/wp-content\/uploads\/2022\/02\/Afrikabuch-Leseprobe6-1.jpg\" alt=\"\" class=\"wp-image-840\" srcset=\"https:\/\/verlag.wiethase.de\/wp-content\/uploads\/2022\/02\/Afrikabuch-Leseprobe6-1.jpg 400w, https:\/\/verlag.wiethase.de\/wp-content\/uploads\/2022\/02\/Afrikabuch-Leseprobe6-1-214x300.jpg 214w\" sizes=\"auto, (max-width: 400px) 100vw, 400px\" \/><\/a><\/figure>\n\n\n\n<figure class=\"wp-block-image size-full\"><a href=\"https:\/\/verlag.wiethase.de\/wp-content\/uploads\/2022\/02\/Afrikabuch-Leseprobe7-1.jpg\"><img loading=\"lazy\" decoding=\"async\" width=\"400\" height=\"560\" src=\"https:\/\/verlag.wiethase.de\/wp-content\/uploads\/2022\/02\/Afrikabuch-Leseprobe7-1.jpg\" alt=\"\" class=\"wp-image-841\" srcset=\"https:\/\/verlag.wiethase.de\/wp-content\/uploads\/2022\/02\/Afrikabuch-Leseprobe7-1.jpg 400w, https:\/\/verlag.wiethase.de\/wp-content\/uploads\/2022\/02\/Afrikabuch-Leseprobe7-1-214x300.jpg 214w\" sizes=\"auto, (max-width: 400px) 100vw, 400px\" \/><\/a><\/figure>\n\n\n\n<figure class=\"wp-block-image size-full\"><a href=\"https:\/\/verlag.wiethase.de\/wp-content\/uploads\/2022\/02\/Afrikabuch-Leseprobe8-1.jpg\"><img loading=\"lazy\" decoding=\"async\" width=\"400\" height=\"561\" src=\"https:\/\/verlag.wiethase.de\/wp-content\/uploads\/2022\/02\/Afrikabuch-Leseprobe8-1.jpg\" alt=\"\" class=\"wp-image-842\" srcset=\"https:\/\/verlag.wiethase.de\/wp-content\/uploads\/2022\/02\/Afrikabuch-Leseprobe8-1.jpg 400w, https:\/\/verlag.wiethase.de\/wp-content\/uploads\/2022\/02\/Afrikabuch-Leseprobe8-1-214x300.jpg 214w\" sizes=\"auto, (max-width: 400px) 100vw, 400px\" \/><\/a><\/figure>\n\n\n\n<p>Das Buch hat <strong>560 Seiten<\/strong>, davon sind ca. <strong>140 Seiten Anhang, Tafeln und Glossare<\/strong>. Dem Buch ist eine <strong>Faltkarte<\/strong> zur besseren Zuordnung der wichtigsten Ethnien und Sprachgruppen beigef\u00fcgt. Mit mehr als <strong>1500 Abbildungen<\/strong>, davon mehr als 1000 in Farbe und ca.100 teils farbigen Karten.<\/p>\n\n\n\n<p><strong>ISBN 978-3-948396-18-3 Preis: \u20ac 89.- in \u00d6sterreich \u20ac 91,50, Schweiz: UVB \u20ac 93.-<\/strong><\/p>\n","protected":false},"excerpt":{"rendered":"<p>Afrika &#8211; Wiege der Menschheit &#8211; r\u00e4tselhafter Kontinent. Dieses Buch begibt sich auf die Suche nach Pfeilen und Bogen, Speeren und Lanzen auf diesem Kontinent. Basierend auf genauen Aufzeichnungen der wissenschaftlichen Begleiter gro\u00dfer Expeditionen und Feldforschungen, zur\u00fcckgreifend auf alte Hochkulturen &hellip; <a href=\"https:\/\/verlag.wiethase.de\/?page_id=825\">Weiterlesen <span class=\"meta-nav\">&rarr;<\/span><\/a><\/p>\n","protected":false},"author":1,"featured_media":827,"parent":383,"menu_order":0,"comment_status":"closed","ping_status":"closed","template":"","meta":{"_monsterinsights_skip_tracking":false,"_monsterinsights_sitenote_active":false,"_monsterinsights_sitenote_note":"","_monsterinsights_sitenote_category":0,"footnotes":""},"class_list":["post-825","page","type-page","status-publish","has-post-thumbnail","hentry"],"yoast_head":"<!-- This site is optimized with the Yoast SEO plugin v27.4 - https:\/\/yoast.com\/product\/yoast-seo-wordpress\/ -->\n<title>Pfeile, Bogen und Speere Afrikas - WiethaseVerlag<\/title>\n<meta name=\"robots\" content=\"index, follow, max-snippet:-1, max-image-preview:large, max-video-preview:-1\" \/>\n<link rel=\"canonical\" href=\"https:\/\/verlag.wiethase.de\/?page_id=825\" \/>\n<meta property=\"og:locale\" content=\"de_DE\" \/>\n<meta property=\"og:type\" content=\"article\" \/>\n<meta property=\"og:title\" content=\"Pfeile, Bogen und Speere Afrikas - WiethaseVerlag\" \/>\n<meta property=\"og:description\" content=\"Afrika &#8211; Wiege der Menschheit &#8211; r\u00e4tselhafter Kontinent. Dieses Buch begibt sich auf die Suche nach Pfeilen und Bogen, Speeren und Lanzen auf diesem Kontinent. Basierend auf genauen Aufzeichnungen der wissenschaftlichen Begleiter gro\u00dfer Expeditionen und Feldforschungen, zur\u00fcckgreifend auf alte Hochkulturen &hellip; Weiterlesen &rarr;\" \/>\n<meta property=\"og:url\" content=\"https:\/\/verlag.wiethase.de\/?page_id=825\" \/>\n<meta property=\"og:site_name\" content=\"WiethaseVerlag\" \/>\n<meta property=\"article:publisher\" content=\"https:\/\/www.facebook.com\/profile.php?id=100063974142366\" \/>\n<meta property=\"article:modified_time\" content=\"2024-06-01T13:15:47+00:00\" \/>\n<meta property=\"og:image\" content=\"https:\/\/verlag.wiethase.de\/wp-content\/uploads\/2022\/02\/Afrikabuch-Umschlag-vorne-scaled.jpg\" \/>\n\t<meta property=\"og:image:width\" content=\"1815\" \/>\n\t<meta property=\"og:image:height\" content=\"2560\" \/>\n\t<meta property=\"og:image:type\" content=\"image\/jpeg\" \/>\n<meta name=\"twitter:card\" content=\"summary_large_image\" \/>\n<meta name=\"twitter:label1\" content=\"Gesch\u00e4tzte Lesezeit\" \/>\n\t<meta name=\"twitter:data1\" content=\"4\u00a0Minuten\" \/>\n<script type=\"application\/ld+json\" class=\"yoast-schema-graph\">{\"@context\":\"https:\\\/\\\/schema.org\",\"@graph\":[{\"@type\":\"WebPage\",\"@id\":\"https:\\\/\\\/verlag.wiethase.de\\\/?page_id=825\",\"url\":\"https:\\\/\\\/verlag.wiethase.de\\\/?page_id=825\",\"name\":\"Pfeile, Bogen und Speere Afrikas - WiethaseVerlag\",\"isPartOf\":{\"@id\":\"https:\\\/\\\/verlag.wiethase.de\\\/#website\"},\"primaryImageOfPage\":{\"@id\":\"https:\\\/\\\/verlag.wiethase.de\\\/?page_id=825#primaryimage\"},\"image\":{\"@id\":\"https:\\\/\\\/verlag.wiethase.de\\\/?page_id=825#primaryimage\"},\"thumbnailUrl\":\"https:\\\/\\\/verlag.wiethase.de\\\/wp-content\\\/uploads\\\/2022\\\/02\\\/Afrikabuch-Umschlag-vorne-scaled.jpg\",\"datePublished\":\"2022-02-19T14:13:00+00:00\",\"dateModified\":\"2024-06-01T13:15:47+00:00\",\"breadcrumb\":{\"@id\":\"https:\\\/\\\/verlag.wiethase.de\\\/?page_id=825#breadcrumb\"},\"inLanguage\":\"de\",\"potentialAction\":[{\"@type\":\"ReadAction\",\"target\":[\"https:\\\/\\\/verlag.wiethase.de\\\/?page_id=825\"]}]},{\"@type\":\"ImageObject\",\"inLanguage\":\"de\",\"@id\":\"https:\\\/\\\/verlag.wiethase.de\\\/?page_id=825#primaryimage\",\"url\":\"https:\\\/\\\/verlag.wiethase.de\\\/wp-content\\\/uploads\\\/2022\\\/02\\\/Afrikabuch-Umschlag-vorne-scaled.jpg\",\"contentUrl\":\"https:\\\/\\\/verlag.wiethase.de\\\/wp-content\\\/uploads\\\/2022\\\/02\\\/Afrikabuch-Umschlag-vorne-scaled.jpg\",\"width\":1815,\"height\":2560},{\"@type\":\"BreadcrumbList\",\"@id\":\"https:\\\/\\\/verlag.wiethase.de\\\/?page_id=825#breadcrumb\",\"itemListElement\":[{\"@type\":\"ListItem\",\"position\":1,\"name\":\"Startseite\",\"item\":\"https:\\\/\\\/verlag.wiethase.de\\\/\"},{\"@type\":\"ListItem\",\"position\":2,\"name\":\"Bogen-B\u00fccher + DVD\",\"item\":\"https:\\\/\\\/verlag.wiethase.de\\\/?page_id=383\"},{\"@type\":\"ListItem\",\"position\":3,\"name\":\"Pfeile, Bogen und Speere Afrikas\"}]},{\"@type\":\"WebSite\",\"@id\":\"https:\\\/\\\/verlag.wiethase.de\\\/#website\",\"url\":\"https:\\\/\\\/verlag.wiethase.de\\\/\",\"name\":\"WiethaseVerlag\",\"description\":\"B\u00fccher - DVD - H\u00f6rb\u00fccher\",\"publisher\":{\"@id\":\"https:\\\/\\\/verlag.wiethase.de\\\/#organization\"},\"potentialAction\":[{\"@type\":\"SearchAction\",\"target\":{\"@type\":\"EntryPoint\",\"urlTemplate\":\"https:\\\/\\\/verlag.wiethase.de\\\/?s={search_term_string}\"},\"query-input\":{\"@type\":\"PropertyValueSpecification\",\"valueRequired\":true,\"valueName\":\"search_term_string\"}}],\"inLanguage\":\"de\"},{\"@type\":\"Organization\",\"@id\":\"https:\\\/\\\/verlag.wiethase.de\\\/#organization\",\"name\":\"Wiethase Verlag\",\"url\":\"https:\\\/\\\/verlag.wiethase.de\\\/\",\"logo\":{\"@type\":\"ImageObject\",\"inLanguage\":\"de\",\"@id\":\"https:\\\/\\\/verlag.wiethase.de\\\/#\\\/schema\\\/logo\\\/image\\\/\",\"url\":\"https:\\\/\\\/verlag.wiethase.de\\\/wp-content\\\/uploads\\\/2022\\\/07\\\/logo-verlag.jpg\",\"contentUrl\":\"https:\\\/\\\/verlag.wiethase.de\\\/wp-content\\\/uploads\\\/2022\\\/07\\\/logo-verlag.jpg\",\"width\":790,\"height\":514,\"caption\":\"Wiethase Verlag\"},\"image\":{\"@id\":\"https:\\\/\\\/verlag.wiethase.de\\\/#\\\/schema\\\/logo\\\/image\\\/\"},\"sameAs\":[\"https:\\\/\\\/www.facebook.com\\\/profile.php?id=100063974142366\"]}]}<\/script>\n<!-- \/ Yoast SEO plugin. -->","yoast_head_json":{"title":"Pfeile, Bogen und Speere Afrikas - WiethaseVerlag","robots":{"index":"index","follow":"follow","max-snippet":"max-snippet:-1","max-image-preview":"max-image-preview:large","max-video-preview":"max-video-preview:-1"},"canonical":"https:\/\/verlag.wiethase.de\/?page_id=825","og_locale":"de_DE","og_type":"article","og_title":"Pfeile, Bogen und Speere Afrikas - WiethaseVerlag","og_description":"Afrika &#8211; Wiege der Menschheit &#8211; r\u00e4tselhafter Kontinent. Dieses Buch begibt sich auf die Suche nach Pfeilen und Bogen, Speeren und Lanzen auf diesem Kontinent. Basierend auf genauen Aufzeichnungen der wissenschaftlichen Begleiter gro\u00dfer Expeditionen und Feldforschungen, zur\u00fcckgreifend auf alte Hochkulturen &hellip; Weiterlesen &rarr;","og_url":"https:\/\/verlag.wiethase.de\/?page_id=825","og_site_name":"WiethaseVerlag","article_publisher":"https:\/\/www.facebook.com\/profile.php?id=100063974142366","article_modified_time":"2024-06-01T13:15:47+00:00","og_image":[{"width":1815,"height":2560,"url":"https:\/\/verlag.wiethase.de\/wp-content\/uploads\/2022\/02\/Afrikabuch-Umschlag-vorne-scaled.jpg","type":"image\/jpeg"}],"twitter_card":"summary_large_image","twitter_misc":{"Gesch\u00e4tzte Lesezeit":"4\u00a0Minuten"},"schema":{"@context":"https:\/\/schema.org","@graph":[{"@type":"WebPage","@id":"https:\/\/verlag.wiethase.de\/?page_id=825","url":"https:\/\/verlag.wiethase.de\/?page_id=825","name":"Pfeile, Bogen und Speere Afrikas - WiethaseVerlag","isPartOf":{"@id":"https:\/\/verlag.wiethase.de\/#website"},"primaryImageOfPage":{"@id":"https:\/\/verlag.wiethase.de\/?page_id=825#primaryimage"},"image":{"@id":"https:\/\/verlag.wiethase.de\/?page_id=825#primaryimage"},"thumbnailUrl":"https:\/\/verlag.wiethase.de\/wp-content\/uploads\/2022\/02\/Afrikabuch-Umschlag-vorne-scaled.jpg","datePublished":"2022-02-19T14:13:00+00:00","dateModified":"2024-06-01T13:15:47+00:00","breadcrumb":{"@id":"https:\/\/verlag.wiethase.de\/?page_id=825#breadcrumb"},"inLanguage":"de","potentialAction":[{"@type":"ReadAction","target":["https:\/\/verlag.wiethase.de\/?page_id=825"]}]},{"@type":"ImageObject","inLanguage":"de","@id":"https:\/\/verlag.wiethase.de\/?page_id=825#primaryimage","url":"https:\/\/verlag.wiethase.de\/wp-content\/uploads\/2022\/02\/Afrikabuch-Umschlag-vorne-scaled.jpg","contentUrl":"https:\/\/verlag.wiethase.de\/wp-content\/uploads\/2022\/02\/Afrikabuch-Umschlag-vorne-scaled.jpg","width":1815,"height":2560},{"@type":"BreadcrumbList","@id":"https:\/\/verlag.wiethase.de\/?page_id=825#breadcrumb","itemListElement":[{"@type":"ListItem","position":1,"name":"Startseite","item":"https:\/\/verlag.wiethase.de\/"},{"@type":"ListItem","position":2,"name":"Bogen-B\u00fccher + DVD","item":"https:\/\/verlag.wiethase.de\/?page_id=383"},{"@type":"ListItem","position":3,"name":"Pfeile, Bogen und Speere Afrikas"}]},{"@type":"WebSite","@id":"https:\/\/verlag.wiethase.de\/#website","url":"https:\/\/verlag.wiethase.de\/","name":"WiethaseVerlag","description":"B\u00fccher - DVD - H\u00f6rb\u00fccher","publisher":{"@id":"https:\/\/verlag.wiethase.de\/#organization"},"potentialAction":[{"@type":"SearchAction","target":{"@type":"EntryPoint","urlTemplate":"https:\/\/verlag.wiethase.de\/?s={search_term_string}"},"query-input":{"@type":"PropertyValueSpecification","valueRequired":true,"valueName":"search_term_string"}}],"inLanguage":"de"},{"@type":"Organization","@id":"https:\/\/verlag.wiethase.de\/#organization","name":"Wiethase Verlag","url":"https:\/\/verlag.wiethase.de\/","logo":{"@type":"ImageObject","inLanguage":"de","@id":"https:\/\/verlag.wiethase.de\/#\/schema\/logo\/image\/","url":"https:\/\/verlag.wiethase.de\/wp-content\/uploads\/2022\/07\/logo-verlag.jpg","contentUrl":"https:\/\/verlag.wiethase.de\/wp-content\/uploads\/2022\/07\/logo-verlag.jpg","width":790,"height":514,"caption":"Wiethase Verlag"},"image":{"@id":"https:\/\/verlag.wiethase.de\/#\/schema\/logo\/image\/"},"sameAs":["https:\/\/www.facebook.com\/profile.php?id=100063974142366"]}]}},"_links":{"self":[{"href":"https:\/\/verlag.wiethase.de\/index.php?rest_route=\/wp\/v2\/pages\/825","targetHints":{"allow":["GET"]}}],"collection":[{"href":"https:\/\/verlag.wiethase.de\/index.php?rest_route=\/wp\/v2\/pages"}],"about":[{"href":"https:\/\/verlag.wiethase.de\/index.php?rest_route=\/wp\/v2\/types\/page"}],"author":[{"embeddable":true,"href":"https:\/\/verlag.wiethase.de\/index.php?rest_route=\/wp\/v2\/users\/1"}],"replies":[{"embeddable":true,"href":"https:\/\/verlag.wiethase.de\/index.php?rest_route=%2Fwp%2Fv2%2Fcomments&post=825"}],"version-history":[{"count":2,"href":"https:\/\/verlag.wiethase.de\/index.php?rest_route=\/wp\/v2\/pages\/825\/revisions"}],"predecessor-version":[{"id":1027,"href":"https:\/\/verlag.wiethase.de\/index.php?rest_route=\/wp\/v2\/pages\/825\/revisions\/1027"}],"up":[{"embeddable":true,"href":"https:\/\/verlag.wiethase.de\/index.php?rest_route=\/wp\/v2\/pages\/383"}],"wp:featuredmedia":[{"embeddable":true,"href":"https:\/\/verlag.wiethase.de\/index.php?rest_route=\/wp\/v2\/media\/827"}],"wp:attachment":[{"href":"https:\/\/verlag.wiethase.de\/index.php?rest_route=%2Fwp%2Fv2%2Fmedia&parent=825"}],"curies":[{"name":"wp","href":"https:\/\/api.w.org\/{rel}","templated":true}]}}