{"id":815,"date":"2021-05-18T21:39:05","date_gmt":"2021-05-18T21:39:05","guid":{"rendered":"https:\/\/verlag.wiethase.de\/?page_id=815"},"modified":"2021-05-18T21:45:19","modified_gmt":"2021-05-18T21:45:19","slug":"handbuch-fuer-allergiker","status":"publish","type":"page","link":"https:\/\/verlag.wiethase.de\/?page_id=815","title":{"rendered":"Handbuch f\u00fcr Allergiker"},"content":{"rendered":"\n<figure class=\"wp-block-image size-large\"><a href=\"https:\/\/verlag.wiethase.de\/wp-content\/uploads\/2021\/05\/Allergien-postkarte.jpg\"><img loading=\"lazy\" decoding=\"async\" width=\"698\" height=\"1024\" src=\"https:\/\/verlag.wiethase.de\/wp-content\/uploads\/2021\/05\/Allergien-postkarte-698x1024.jpg\" alt=\"\" class=\"wp-image-818\" srcset=\"https:\/\/verlag.wiethase.de\/wp-content\/uploads\/2021\/05\/Allergien-postkarte-698x1024.jpg 698w, https:\/\/verlag.wiethase.de\/wp-content\/uploads\/2021\/05\/Allergien-postkarte-204x300.jpg 204w, https:\/\/verlag.wiethase.de\/wp-content\/uploads\/2021\/05\/Allergien-postkarte-768x1127.jpg 768w, https:\/\/verlag.wiethase.de\/wp-content\/uploads\/2021\/05\/Allergien-postkarte-1046x1536.jpg 1046w, https:\/\/verlag.wiethase.de\/wp-content\/uploads\/2021\/05\/Allergien-postkarte-1395x2048.jpg 1395w, https:\/\/verlag.wiethase.de\/wp-content\/uploads\/2021\/05\/Allergien-postkarte.jpg 1738w\" sizes=\"auto, (max-width: 698px) 100vw, 698px\" \/><\/a><\/figure>\n\n\n\n<p>Die genauen Ursachen daf\u00fcr, warum manche Menschen eine Allergie entwickeln und andere nicht, sind bis heute noch nicht vollst\u00e4ndig erforscht.<\/p>\n\n\n\n<p>Sicher ist dagegen, dass es zahlreiche Substanzen gibt, die allergische Reaktionen ausl\u00f6sen k\u00f6nnen.<\/p>\n\n\n\n<p>Dazu z\u00e4hlen neben Bestandteilen aus der chemischen Industrie auch Sonnenlicht (UV-Strahlung), nat\u00fcrliche Allergene in Pflanzenteilen (Bl\u00fctenpollen, Gluten, Korbbl\u00fctler), Metalle, Hausstaubmilben, Tierallergene (an Federn und Haaren) und Nahrungsmittel.<\/p>\n\n\n\n<p>Bei einer Allergie handelt es sich um eine Fehleinsch\u00e4tzung oder \u00dcberempfindlichkeits-Reaktion des Immunsystems.<\/p>\n\n\n\n<figure class=\"wp-block-image size-large\"><a href=\"https:\/\/verlag.wiethase.de\/wp-content\/uploads\/2021\/05\/allergiker-verschoben.jpg\"><img loading=\"lazy\" decoding=\"async\" width=\"701\" height=\"1024\" src=\"https:\/\/verlag.wiethase.de\/wp-content\/uploads\/2021\/05\/allergiker-verschoben-701x1024.jpg\" alt=\"\" class=\"wp-image-820\" srcset=\"https:\/\/verlag.wiethase.de\/wp-content\/uploads\/2021\/05\/allergiker-verschoben-701x1024.jpg 701w, https:\/\/verlag.wiethase.de\/wp-content\/uploads\/2021\/05\/allergiker-verschoben-205x300.jpg 205w, https:\/\/verlag.wiethase.de\/wp-content\/uploads\/2021\/05\/allergiker-verschoben-768x1121.jpg 768w, https:\/\/verlag.wiethase.de\/wp-content\/uploads\/2021\/05\/allergiker-verschoben-1052x1536.jpg 1052w, https:\/\/verlag.wiethase.de\/wp-content\/uploads\/2021\/05\/allergiker-verschoben-1403x2048.jpg 1403w, https:\/\/verlag.wiethase.de\/wp-content\/uploads\/2021\/05\/allergiker-verschoben.jpg 1613w\" sizes=\"auto, (max-width: 701px) 100vw, 701px\" \/><\/a><\/figure>\n\n\n\n<p>Als Folge der Immunreaktion werden u. a. Entz\u00fcndungsstoffe freigesetzt, die im umliegenden Gewebe zu den typischen allergischen Symptomen wie z. B. Niesanf\u00e4llen, Flie\u00dfschnupfen, Bindehautreizung, Hautausschl\u00e4gen, Hautjucken, \u00dcbelkeit oder Durchfall f\u00fchren.<\/p>\n\n\n\n<p>Dieses Handbuch erkl\u00e4rt die h\u00e4ufigsten Allergien und wie man deren Symptome reduzieren kann.<\/p>\n\n\n\n<p><\/p>\n\n\n\n<p>ISBN 978 3948396-17-6 im Format A 5 f\u00fcr \u20ac 11,90<\/p>\n","protected":false},"excerpt":{"rendered":"<p>Die genauen Ursachen daf\u00fcr, warum manche Menschen eine Allergie entwickeln und andere nicht, sind bis heute noch nicht vollst\u00e4ndig erforscht. Sicher ist dagegen, dass es zahlreiche Substanzen gibt, die allergische Reaktionen ausl\u00f6sen k\u00f6nnen. Dazu z\u00e4hlen neben Bestandteilen aus der chemischen &hellip; <a href=\"https:\/\/verlag.wiethase.de\/?page_id=815\">Weiterlesen <span class=\"meta-nav\">&rarr;<\/span><\/a><\/p>\n","protected":false},"author":1,"featured_media":0,"parent":699,"menu_order":1,"comment_status":"closed","ping_status":"closed","template":"","meta":{"_monsterinsights_skip_tracking":false,"_monsterinsights_sitenote_active":false,"_monsterinsights_sitenote_note":"","_monsterinsights_sitenote_category":0,"footnotes":""},"class_list":["post-815","page","type-page","status-publish","hentry"],"yoast_head":"<!-- This site is optimized with the Yoast SEO plugin v27.4 - https:\/\/yoast.com\/product\/yoast-seo-wordpress\/ -->\n<title>Handbuch f\u00fcr Allergiker - WiethaseVerlag<\/title>\n<meta name=\"robots\" content=\"index, follow, max-snippet:-1, max-image-preview:large, max-video-preview:-1\" \/>\n<link rel=\"canonical\" href=\"https:\/\/verlag.wiethase.de\/?page_id=815\" \/>\n<meta property=\"og:locale\" content=\"de_DE\" \/>\n<meta property=\"og:type\" content=\"article\" \/>\n<meta property=\"og:title\" content=\"Handbuch f\u00fcr Allergiker - WiethaseVerlag\" \/>\n<meta property=\"og:description\" content=\"Die genauen Ursachen daf\u00fcr, warum manche Menschen eine Allergie entwickeln und andere nicht, sind bis heute noch nicht vollst\u00e4ndig erforscht. Sicher ist dagegen, dass es zahlreiche Substanzen gibt, die allergische Reaktionen ausl\u00f6sen k\u00f6nnen. Dazu z\u00e4hlen neben Bestandteilen aus der chemischen &hellip; Weiterlesen &rarr;\" \/>\n<meta property=\"og:url\" content=\"https:\/\/verlag.wiethase.de\/?page_id=815\" \/>\n<meta property=\"og:site_name\" content=\"WiethaseVerlag\" \/>\n<meta property=\"article:publisher\" content=\"https:\/\/www.facebook.com\/profile.php?id=100063974142366\" \/>\n<meta property=\"article:modified_time\" content=\"2021-05-18T21:45:19+00:00\" \/>\n<meta property=\"og:image\" content=\"https:\/\/verlag.wiethase.de\/wp-content\/uploads\/2021\/05\/Allergien-postkarte-698x1024.jpg\" \/>\n<meta name=\"twitter:card\" content=\"summary_large_image\" \/>\n<meta name=\"twitter:label1\" content=\"Gesch\u00e4tzte Lesezeit\" \/>\n\t<meta name=\"twitter:data1\" content=\"1\u00a0Minute\" \/>\n<script type=\"application\/ld+json\" class=\"yoast-schema-graph\">{\"@context\":\"https:\\\/\\\/schema.org\",\"@graph\":[{\"@type\":\"WebPage\",\"@id\":\"https:\\\/\\\/verlag.wiethase.de\\\/?page_id=815\",\"url\":\"https:\\\/\\\/verlag.wiethase.de\\\/?page_id=815\",\"name\":\"Handbuch f\u00fcr Allergiker - WiethaseVerlag\",\"isPartOf\":{\"@id\":\"https:\\\/\\\/verlag.wiethase.de\\\/#website\"},\"primaryImageOfPage\":{\"@id\":\"https:\\\/\\\/verlag.wiethase.de\\\/?page_id=815#primaryimage\"},\"image\":{\"@id\":\"https:\\\/\\\/verlag.wiethase.de\\\/?page_id=815#primaryimage\"},\"thumbnailUrl\":\"https:\\\/\\\/verlag.wiethase.de\\\/wp-content\\\/uploads\\\/2021\\\/05\\\/Allergien-postkarte-698x1024.jpg\",\"datePublished\":\"2021-05-18T21:39:05+00:00\",\"dateModified\":\"2021-05-18T21:45:19+00:00\",\"breadcrumb\":{\"@id\":\"https:\\\/\\\/verlag.wiethase.de\\\/?page_id=815#breadcrumb\"},\"inLanguage\":\"de\",\"potentialAction\":[{\"@type\":\"ReadAction\",\"target\":[\"https:\\\/\\\/verlag.wiethase.de\\\/?page_id=815\"]}]},{\"@type\":\"ImageObject\",\"inLanguage\":\"de\",\"@id\":\"https:\\\/\\\/verlag.wiethase.de\\\/?page_id=815#primaryimage\",\"url\":\"https:\\\/\\\/verlag.wiethase.de\\\/wp-content\\\/uploads\\\/2021\\\/05\\\/Allergien-postkarte.jpg\",\"contentUrl\":\"https:\\\/\\\/verlag.wiethase.de\\\/wp-content\\\/uploads\\\/2021\\\/05\\\/Allergien-postkarte.jpg\",\"width\":1738,\"height\":2551},{\"@type\":\"BreadcrumbList\",\"@id\":\"https:\\\/\\\/verlag.wiethase.de\\\/?page_id=815#breadcrumb\",\"itemListElement\":[{\"@type\":\"ListItem\",\"position\":1,\"name\":\"Startseite\",\"item\":\"https:\\\/\\\/verlag.wiethase.de\\\/\"},{\"@type\":\"ListItem\",\"position\":2,\"name\":\"Handb\u00fccher\",\"item\":\"https:\\\/\\\/verlag.wiethase.de\\\/?page_id=699\"},{\"@type\":\"ListItem\",\"position\":3,\"name\":\"Handbuch f\u00fcr Allergiker\"}]},{\"@type\":\"WebSite\",\"@id\":\"https:\\\/\\\/verlag.wiethase.de\\\/#website\",\"url\":\"https:\\\/\\\/verlag.wiethase.de\\\/\",\"name\":\"WiethaseVerlag\",\"description\":\"B\u00fccher - DVD - H\u00f6rb\u00fccher\",\"publisher\":{\"@id\":\"https:\\\/\\\/verlag.wiethase.de\\\/#organization\"},\"potentialAction\":[{\"@type\":\"SearchAction\",\"target\":{\"@type\":\"EntryPoint\",\"urlTemplate\":\"https:\\\/\\\/verlag.wiethase.de\\\/?s={search_term_string}\"},\"query-input\":{\"@type\":\"PropertyValueSpecification\",\"valueRequired\":true,\"valueName\":\"search_term_string\"}}],\"inLanguage\":\"de\"},{\"@type\":\"Organization\",\"@id\":\"https:\\\/\\\/verlag.wiethase.de\\\/#organization\",\"name\":\"Wiethase Verlag\",\"url\":\"https:\\\/\\\/verlag.wiethase.de\\\/\",\"logo\":{\"@type\":\"ImageObject\",\"inLanguage\":\"de\",\"@id\":\"https:\\\/\\\/verlag.wiethase.de\\\/#\\\/schema\\\/logo\\\/image\\\/\",\"url\":\"https:\\\/\\\/verlag.wiethase.de\\\/wp-content\\\/uploads\\\/2022\\\/07\\\/logo-verlag.jpg\",\"contentUrl\":\"https:\\\/\\\/verlag.wiethase.de\\\/wp-content\\\/uploads\\\/2022\\\/07\\\/logo-verlag.jpg\",\"width\":790,\"height\":514,\"caption\":\"Wiethase Verlag\"},\"image\":{\"@id\":\"https:\\\/\\\/verlag.wiethase.de\\\/#\\\/schema\\\/logo\\\/image\\\/\"},\"sameAs\":[\"https:\\\/\\\/www.facebook.com\\\/profile.php?id=100063974142366\"]}]}<\/script>\n<!-- \/ Yoast SEO plugin. -->","yoast_head_json":{"title":"Handbuch f\u00fcr Allergiker - WiethaseVerlag","robots":{"index":"index","follow":"follow","max-snippet":"max-snippet:-1","max-image-preview":"max-image-preview:large","max-video-preview":"max-video-preview:-1"},"canonical":"https:\/\/verlag.wiethase.de\/?page_id=815","og_locale":"de_DE","og_type":"article","og_title":"Handbuch f\u00fcr Allergiker - WiethaseVerlag","og_description":"Die genauen Ursachen daf\u00fcr, warum manche Menschen eine Allergie entwickeln und andere nicht, sind bis heute noch nicht vollst\u00e4ndig erforscht. Sicher ist dagegen, dass es zahlreiche Substanzen gibt, die allergische Reaktionen ausl\u00f6sen k\u00f6nnen. Dazu z\u00e4hlen neben Bestandteilen aus der chemischen &hellip; Weiterlesen &rarr;","og_url":"https:\/\/verlag.wiethase.de\/?page_id=815","og_site_name":"WiethaseVerlag","article_publisher":"https:\/\/www.facebook.com\/profile.php?id=100063974142366","article_modified_time":"2021-05-18T21:45:19+00:00","og_image":[{"url":"https:\/\/verlag.wiethase.de\/wp-content\/uploads\/2021\/05\/Allergien-postkarte-698x1024.jpg","type":"","width":"","height":""}],"twitter_card":"summary_large_image","twitter_misc":{"Gesch\u00e4tzte Lesezeit":"1\u00a0Minute"},"schema":{"@context":"https:\/\/schema.org","@graph":[{"@type":"WebPage","@id":"https:\/\/verlag.wiethase.de\/?page_id=815","url":"https:\/\/verlag.wiethase.de\/?page_id=815","name":"Handbuch f\u00fcr Allergiker - WiethaseVerlag","isPartOf":{"@id":"https:\/\/verlag.wiethase.de\/#website"},"primaryImageOfPage":{"@id":"https:\/\/verlag.wiethase.de\/?page_id=815#primaryimage"},"image":{"@id":"https:\/\/verlag.wiethase.de\/?page_id=815#primaryimage"},"thumbnailUrl":"https:\/\/verlag.wiethase.de\/wp-content\/uploads\/2021\/05\/Allergien-postkarte-698x1024.jpg","datePublished":"2021-05-18T21:39:05+00:00","dateModified":"2021-05-18T21:45:19+00:00","breadcrumb":{"@id":"https:\/\/verlag.wiethase.de\/?page_id=815#breadcrumb"},"inLanguage":"de","potentialAction":[{"@type":"ReadAction","target":["https:\/\/verlag.wiethase.de\/?page_id=815"]}]},{"@type":"ImageObject","inLanguage":"de","@id":"https:\/\/verlag.wiethase.de\/?page_id=815#primaryimage","url":"https:\/\/verlag.wiethase.de\/wp-content\/uploads\/2021\/05\/Allergien-postkarte.jpg","contentUrl":"https:\/\/verlag.wiethase.de\/wp-content\/uploads\/2021\/05\/Allergien-postkarte.jpg","width":1738,"height":2551},{"@type":"BreadcrumbList","@id":"https:\/\/verlag.wiethase.de\/?page_id=815#breadcrumb","itemListElement":[{"@type":"ListItem","position":1,"name":"Startseite","item":"https:\/\/verlag.wiethase.de\/"},{"@type":"ListItem","position":2,"name":"Handb\u00fccher","item":"https:\/\/verlag.wiethase.de\/?page_id=699"},{"@type":"ListItem","position":3,"name":"Handbuch f\u00fcr Allergiker"}]},{"@type":"WebSite","@id":"https:\/\/verlag.wiethase.de\/#website","url":"https:\/\/verlag.wiethase.de\/","name":"WiethaseVerlag","description":"B\u00fccher - DVD - H\u00f6rb\u00fccher","publisher":{"@id":"https:\/\/verlag.wiethase.de\/#organization"},"potentialAction":[{"@type":"SearchAction","target":{"@type":"EntryPoint","urlTemplate":"https:\/\/verlag.wiethase.de\/?s={search_term_string}"},"query-input":{"@type":"PropertyValueSpecification","valueRequired":true,"valueName":"search_term_string"}}],"inLanguage":"de"},{"@type":"Organization","@id":"https:\/\/verlag.wiethase.de\/#organization","name":"Wiethase Verlag","url":"https:\/\/verlag.wiethase.de\/","logo":{"@type":"ImageObject","inLanguage":"de","@id":"https:\/\/verlag.wiethase.de\/#\/schema\/logo\/image\/","url":"https:\/\/verlag.wiethase.de\/wp-content\/uploads\/2022\/07\/logo-verlag.jpg","contentUrl":"https:\/\/verlag.wiethase.de\/wp-content\/uploads\/2022\/07\/logo-verlag.jpg","width":790,"height":514,"caption":"Wiethase Verlag"},"image":{"@id":"https:\/\/verlag.wiethase.de\/#\/schema\/logo\/image\/"},"sameAs":["https:\/\/www.facebook.com\/profile.php?id=100063974142366"]}]}},"_links":{"self":[{"href":"https:\/\/verlag.wiethase.de\/index.php?rest_route=\/wp\/v2\/pages\/815","targetHints":{"allow":["GET"]}}],"collection":[{"href":"https:\/\/verlag.wiethase.de\/index.php?rest_route=\/wp\/v2\/pages"}],"about":[{"href":"https:\/\/verlag.wiethase.de\/index.php?rest_route=\/wp\/v2\/types\/page"}],"author":[{"embeddable":true,"href":"https:\/\/verlag.wiethase.de\/index.php?rest_route=\/wp\/v2\/users\/1"}],"replies":[{"embeddable":true,"href":"https:\/\/verlag.wiethase.de\/index.php?rest_route=%2Fwp%2Fv2%2Fcomments&post=815"}],"version-history":[{"count":1,"href":"https:\/\/verlag.wiethase.de\/index.php?rest_route=\/wp\/v2\/pages\/815\/revisions"}],"predecessor-version":[{"id":821,"href":"https:\/\/verlag.wiethase.de\/index.php?rest_route=\/wp\/v2\/pages\/815\/revisions\/821"}],"up":[{"embeddable":true,"href":"https:\/\/verlag.wiethase.de\/index.php?rest_route=\/wp\/v2\/pages\/699"}],"wp:attachment":[{"href":"https:\/\/verlag.wiethase.de\/index.php?rest_route=%2Fwp%2Fv2%2Fmedia&parent=815"}],"curies":[{"name":"wp","href":"https:\/\/api.w.org\/{rel}","templated":true}]}}