{"id":766,"date":"2021-01-28T15:45:14","date_gmt":"2021-01-28T15:45:14","guid":{"rendered":"https:\/\/verlag.wiethase.de\/?page_id=766"},"modified":"2021-03-13T16:58:44","modified_gmt":"2021-03-13T16:58:44","slug":"handbuch-der-ayuredischen-rasayanas","status":"publish","type":"page","link":"https:\/\/verlag.wiethase.de\/?page_id=766","title":{"rendered":"Handbuch der ayurvedischen Rasayanas"},"content":{"rendered":"\n<figure class=\"wp-block-image size-large\"><a href=\"https:\/\/verlag.wiethase.de\/wp-content\/uploads\/2021\/01\/Rasayanas-cover.jpg\"><img loading=\"lazy\" decoding=\"async\" width=\"714\" height=\"1024\" src=\"https:\/\/verlag.wiethase.de\/wp-content\/uploads\/2021\/01\/Rasayanas-cover-714x1024.jpg\" alt=\"\" class=\"wp-image-767\" srcset=\"https:\/\/verlag.wiethase.de\/wp-content\/uploads\/2021\/01\/Rasayanas-cover-714x1024.jpg 714w, https:\/\/verlag.wiethase.de\/wp-content\/uploads\/2021\/01\/Rasayanas-cover-209x300.jpg 209w, https:\/\/verlag.wiethase.de\/wp-content\/uploads\/2021\/01\/Rasayanas-cover-768x1102.jpg 768w, https:\/\/verlag.wiethase.de\/wp-content\/uploads\/2021\/01\/Rasayanas-cover-1071x1536.jpg 1071w, https:\/\/verlag.wiethase.de\/wp-content\/uploads\/2021\/01\/Rasayanas-cover-1427x2048.jpg 1427w, https:\/\/verlag.wiethase.de\/wp-content\/uploads\/2021\/01\/Rasayanas-cover.jpg 1711w\" sizes=\"auto, (max-width: 714px) 100vw, 714px\" \/><\/a><figcaption><br>Der Begriff Rasayana stammt aus dem Ayurveda, der indische Heilkunst. Kein anderes medizinisches System beschreibt den Prozess des Werdens und Vergehens, die Entwicklung des Menschen von der Zeugung bis zum Tod so umfassend wie der Ayurveda. Denn der Sanskritbegriff \u201eAyus\u201c bedeutet nicht nur \u201eLeben\u201c, sondern auch \u201eLebensspanne\u201c oder \u201elanges Leben\u201c. Ayurveda (\u201eVeda\u201c = das Wissen) ist demnach das Wissen dar\u00fcber, wie jeder Mensch ein gesundes und langes Leben f\u00fchren kann.<br>Die Reinigung des K\u00f6rpers ist aus ayurvedischer Sicht der erste Schritt zur Verj\u00fcngung. Bereits die Rishis, Seher des alten Indiens, wussten um diese Zusammenh\u00e4nge und empfehlen die ayurvedische Reinigungstherapie (Panchakarma) als die gr\u00fcndlichste Art, in sehr kurzer Zeit tiefsitzende wasser- und fettl\u00f6sliche Ablagerungen in den K\u00f6rperzellen zu mobilisieren und aus den Geweben auszuleiten. Nach dieser Reinigung ist der K\u00f6per aufnahmebereit f\u00fcr die feinen Substanzen der Rasayana-Medizin.<\/figcaption><\/figure>\n\n\n\n<figure class=\"wp-block-image size-large\"><a href=\"https:\/\/verlag.wiethase.de\/wp-content\/uploads\/2021\/01\/Rasayanas-1.jpg\"><img loading=\"lazy\" decoding=\"async\" width=\"689\" height=\"1024\" src=\"https:\/\/verlag.wiethase.de\/wp-content\/uploads\/2021\/01\/Rasayanas-1-689x1024.jpg\" alt=\"\" class=\"wp-image-768\" srcset=\"https:\/\/verlag.wiethase.de\/wp-content\/uploads\/2021\/01\/Rasayanas-1-689x1024.jpg 689w, https:\/\/verlag.wiethase.de\/wp-content\/uploads\/2021\/01\/Rasayanas-1-202x300.jpg 202w, https:\/\/verlag.wiethase.de\/wp-content\/uploads\/2021\/01\/Rasayanas-1-768x1142.jpg 768w, https:\/\/verlag.wiethase.de\/wp-content\/uploads\/2021\/01\/Rasayanas-1-1033x1536.jpg 1033w, https:\/\/verlag.wiethase.de\/wp-content\/uploads\/2021\/01\/Rasayanas-1-1378x2048.jpg 1378w, https:\/\/verlag.wiethase.de\/wp-content\/uploads\/2021\/01\/Rasayanas-1.jpg 1572w\" sizes=\"auto, (max-width: 689px) 100vw, 689px\" \/><\/a><\/figure>\n\n\n\n<figure class=\"wp-block-image size-large\"><a href=\"https:\/\/verlag.wiethase.de\/wp-content\/uploads\/2021\/01\/Rasayanas-3.jpg\"><img loading=\"lazy\" decoding=\"async\" width=\"666\" height=\"1024\" src=\"https:\/\/verlag.wiethase.de\/wp-content\/uploads\/2021\/01\/Rasayanas-3-666x1024.jpg\" alt=\"\" class=\"wp-image-770\" srcset=\"https:\/\/verlag.wiethase.de\/wp-content\/uploads\/2021\/01\/Rasayanas-3-666x1024.jpg 666w, https:\/\/verlag.wiethase.de\/wp-content\/uploads\/2021\/01\/Rasayanas-3-195x300.jpg 195w, https:\/\/verlag.wiethase.de\/wp-content\/uploads\/2021\/01\/Rasayanas-3-768x1180.jpg 768w, https:\/\/verlag.wiethase.de\/wp-content\/uploads\/2021\/01\/Rasayanas-3-999x1536.jpg 999w, https:\/\/verlag.wiethase.de\/wp-content\/uploads\/2021\/01\/Rasayanas-3-1333x2048.jpg 1333w, https:\/\/verlag.wiethase.de\/wp-content\/uploads\/2021\/01\/Rasayanas-3.jpg 1572w\" sizes=\"auto, (max-width: 666px) 100vw, 666px\" \/><\/a><\/figure>\n\n\n\n<figure class=\"wp-block-image size-large\"><a href=\"https:\/\/verlag.wiethase.de\/wp-content\/uploads\/2021\/01\/Rasayanas-2.jpg\"><img loading=\"lazy\" decoding=\"async\" width=\"683\" height=\"1024\" src=\"https:\/\/verlag.wiethase.de\/wp-content\/uploads\/2021\/01\/Rasayanas-2-683x1024.jpg\" alt=\"\" class=\"wp-image-769\" srcset=\"https:\/\/verlag.wiethase.de\/wp-content\/uploads\/2021\/01\/Rasayanas-2-683x1024.jpg 683w, https:\/\/verlag.wiethase.de\/wp-content\/uploads\/2021\/01\/Rasayanas-2-200x300.jpg 200w, https:\/\/verlag.wiethase.de\/wp-content\/uploads\/2021\/01\/Rasayanas-2-768x1152.jpg 768w, https:\/\/verlag.wiethase.de\/wp-content\/uploads\/2021\/01\/Rasayanas-2-1024x1536.jpg 1024w, https:\/\/verlag.wiethase.de\/wp-content\/uploads\/2021\/01\/Rasayanas-2-1366x2048.jpg 1366w, https:\/\/verlag.wiethase.de\/wp-content\/uploads\/2021\/01\/Rasayanas-2.jpg 1572w\" sizes=\"auto, (max-width: 683px) 100vw, 683px\" \/><\/a><\/figure>\n\n\n\n<figure class=\"wp-block-image size-large\"><a href=\"https:\/\/verlag.wiethase.de\/wp-content\/uploads\/2021\/01\/Rasayanas-2-1.jpg\"><img loading=\"lazy\" decoding=\"async\" width=\"689\" height=\"1024\" src=\"https:\/\/verlag.wiethase.de\/wp-content\/uploads\/2021\/01\/Rasayanas-2-1-689x1024.jpg\" alt=\"\" class=\"wp-image-771\" srcset=\"https:\/\/verlag.wiethase.de\/wp-content\/uploads\/2021\/01\/Rasayanas-2-1-689x1024.jpg 689w, https:\/\/verlag.wiethase.de\/wp-content\/uploads\/2021\/01\/Rasayanas-2-1-202x300.jpg 202w, https:\/\/verlag.wiethase.de\/wp-content\/uploads\/2021\/01\/Rasayanas-2-1-768x1141.jpg 768w, https:\/\/verlag.wiethase.de\/wp-content\/uploads\/2021\/01\/Rasayanas-2-1-1034x1536.jpg 1034w, https:\/\/verlag.wiethase.de\/wp-content\/uploads\/2021\/01\/Rasayanas-2-1-1378x2048.jpg 1378w, https:\/\/verlag.wiethase.de\/wp-content\/uploads\/2021\/01\/Rasayanas-2-1.jpg 1572w\" sizes=\"auto, (max-width: 689px) 100vw, 689px\" \/><\/a><\/figure>\n\n\n\n<p>ISBN 978 3948396-14-5 f\u00fcr 11,90 \u20ac (\u00d6sterreich 12,30) bei direkter Bestellung beim Verlag portofrei bei Vorauskasse.<\/p>\n","protected":false},"excerpt":{"rendered":"<p>ISBN 978 3948396-14-5 f\u00fcr 11,90 \u20ac (\u00d6sterreich 12,30) bei direkter Bestellung beim Verlag portofrei bei Vorauskasse.<\/p>\n","protected":false},"author":1,"featured_media":0,"parent":699,"menu_order":0,"comment_status":"closed","ping_status":"closed","template":"","meta":{"_monsterinsights_skip_tracking":false,"_monsterinsights_sitenote_active":false,"_monsterinsights_sitenote_note":"","_monsterinsights_sitenote_category":0,"footnotes":""},"class_list":["post-766","page","type-page","status-publish","hentry"],"yoast_head":"<!-- This site is optimized with the Yoast SEO plugin v27.4 - https:\/\/yoast.com\/product\/yoast-seo-wordpress\/ -->\n<title>Handbuch der ayurvedischen Rasayanas - WiethaseVerlag<\/title>\n<meta name=\"robots\" content=\"index, follow, max-snippet:-1, max-image-preview:large, max-video-preview:-1\" \/>\n<link rel=\"canonical\" href=\"https:\/\/verlag.wiethase.de\/?page_id=766\" \/>\n<meta property=\"og:locale\" content=\"de_DE\" \/>\n<meta property=\"og:type\" content=\"article\" \/>\n<meta property=\"og:title\" content=\"Handbuch der ayurvedischen Rasayanas - WiethaseVerlag\" \/>\n<meta property=\"og:description\" content=\"ISBN 978 3948396-14-5 f\u00fcr 11,90 \u20ac (\u00d6sterreich 12,30) bei direkter Bestellung beim Verlag portofrei bei Vorauskasse.\" \/>\n<meta property=\"og:url\" content=\"https:\/\/verlag.wiethase.de\/?page_id=766\" \/>\n<meta property=\"og:site_name\" content=\"WiethaseVerlag\" \/>\n<meta property=\"article:publisher\" content=\"https:\/\/www.facebook.com\/profile.php?id=100063974142366\" \/>\n<meta property=\"article:modified_time\" content=\"2021-03-13T16:58:44+00:00\" \/>\n<meta property=\"og:image\" content=\"https:\/\/verlag.wiethase.de\/wp-content\/uploads\/2021\/01\/Rasayanas-cover-714x1024.jpg\" \/>\n<meta name=\"twitter:card\" content=\"summary_large_image\" \/>\n<meta name=\"twitter:label1\" content=\"Gesch\u00e4tzte Lesezeit\" \/>\n\t<meta name=\"twitter:data1\" content=\"2\u00a0Minuten\" \/>\n<script type=\"application\/ld+json\" class=\"yoast-schema-graph\">{\"@context\":\"https:\\\/\\\/schema.org\",\"@graph\":[{\"@type\":\"WebPage\",\"@id\":\"https:\\\/\\\/verlag.wiethase.de\\\/?page_id=766\",\"url\":\"https:\\\/\\\/verlag.wiethase.de\\\/?page_id=766\",\"name\":\"Handbuch der ayurvedischen Rasayanas - WiethaseVerlag\",\"isPartOf\":{\"@id\":\"https:\\\/\\\/verlag.wiethase.de\\\/#website\"},\"primaryImageOfPage\":{\"@id\":\"https:\\\/\\\/verlag.wiethase.de\\\/?page_id=766#primaryimage\"},\"image\":{\"@id\":\"https:\\\/\\\/verlag.wiethase.de\\\/?page_id=766#primaryimage\"},\"thumbnailUrl\":\"https:\\\/\\\/verlag.wiethase.de\\\/wp-content\\\/uploads\\\/2021\\\/01\\\/Rasayanas-cover-714x1024.jpg\",\"datePublished\":\"2021-01-28T15:45:14+00:00\",\"dateModified\":\"2021-03-13T16:58:44+00:00\",\"breadcrumb\":{\"@id\":\"https:\\\/\\\/verlag.wiethase.de\\\/?page_id=766#breadcrumb\"},\"inLanguage\":\"de\",\"potentialAction\":[{\"@type\":\"ReadAction\",\"target\":[\"https:\\\/\\\/verlag.wiethase.de\\\/?page_id=766\"]}]},{\"@type\":\"ImageObject\",\"inLanguage\":\"de\",\"@id\":\"https:\\\/\\\/verlag.wiethase.de\\\/?page_id=766#primaryimage\",\"url\":\"https:\\\/\\\/verlag.wiethase.de\\\/wp-content\\\/uploads\\\/2021\\\/01\\\/Rasayanas-cover.jpg\",\"contentUrl\":\"https:\\\/\\\/verlag.wiethase.de\\\/wp-content\\\/uploads\\\/2021\\\/01\\\/Rasayanas-cover.jpg\",\"width\":1711,\"height\":2455},{\"@type\":\"BreadcrumbList\",\"@id\":\"https:\\\/\\\/verlag.wiethase.de\\\/?page_id=766#breadcrumb\",\"itemListElement\":[{\"@type\":\"ListItem\",\"position\":1,\"name\":\"Startseite\",\"item\":\"https:\\\/\\\/verlag.wiethase.de\\\/\"},{\"@type\":\"ListItem\",\"position\":2,\"name\":\"Handb\u00fccher\",\"item\":\"https:\\\/\\\/verlag.wiethase.de\\\/?page_id=699\"},{\"@type\":\"ListItem\",\"position\":3,\"name\":\"Handbuch der ayurvedischen Rasayanas\"}]},{\"@type\":\"WebSite\",\"@id\":\"https:\\\/\\\/verlag.wiethase.de\\\/#website\",\"url\":\"https:\\\/\\\/verlag.wiethase.de\\\/\",\"name\":\"WiethaseVerlag\",\"description\":\"B\u00fccher - DVD - H\u00f6rb\u00fccher\",\"publisher\":{\"@id\":\"https:\\\/\\\/verlag.wiethase.de\\\/#organization\"},\"potentialAction\":[{\"@type\":\"SearchAction\",\"target\":{\"@type\":\"EntryPoint\",\"urlTemplate\":\"https:\\\/\\\/verlag.wiethase.de\\\/?s={search_term_string}\"},\"query-input\":{\"@type\":\"PropertyValueSpecification\",\"valueRequired\":true,\"valueName\":\"search_term_string\"}}],\"inLanguage\":\"de\"},{\"@type\":\"Organization\",\"@id\":\"https:\\\/\\\/verlag.wiethase.de\\\/#organization\",\"name\":\"Wiethase Verlag\",\"url\":\"https:\\\/\\\/verlag.wiethase.de\\\/\",\"logo\":{\"@type\":\"ImageObject\",\"inLanguage\":\"de\",\"@id\":\"https:\\\/\\\/verlag.wiethase.de\\\/#\\\/schema\\\/logo\\\/image\\\/\",\"url\":\"https:\\\/\\\/verlag.wiethase.de\\\/wp-content\\\/uploads\\\/2022\\\/07\\\/logo-verlag.jpg\",\"contentUrl\":\"https:\\\/\\\/verlag.wiethase.de\\\/wp-content\\\/uploads\\\/2022\\\/07\\\/logo-verlag.jpg\",\"width\":790,\"height\":514,\"caption\":\"Wiethase Verlag\"},\"image\":{\"@id\":\"https:\\\/\\\/verlag.wiethase.de\\\/#\\\/schema\\\/logo\\\/image\\\/\"},\"sameAs\":[\"https:\\\/\\\/www.facebook.com\\\/profile.php?id=100063974142366\"]}]}<\/script>\n<!-- \/ Yoast SEO plugin. -->","yoast_head_json":{"title":"Handbuch der ayurvedischen Rasayanas - WiethaseVerlag","robots":{"index":"index","follow":"follow","max-snippet":"max-snippet:-1","max-image-preview":"max-image-preview:large","max-video-preview":"max-video-preview:-1"},"canonical":"https:\/\/verlag.wiethase.de\/?page_id=766","og_locale":"de_DE","og_type":"article","og_title":"Handbuch der ayurvedischen Rasayanas - WiethaseVerlag","og_description":"ISBN 978 3948396-14-5 f\u00fcr 11,90 \u20ac (\u00d6sterreich 12,30) bei direkter Bestellung beim Verlag portofrei bei Vorauskasse.","og_url":"https:\/\/verlag.wiethase.de\/?page_id=766","og_site_name":"WiethaseVerlag","article_publisher":"https:\/\/www.facebook.com\/profile.php?id=100063974142366","article_modified_time":"2021-03-13T16:58:44+00:00","og_image":[{"url":"https:\/\/verlag.wiethase.de\/wp-content\/uploads\/2021\/01\/Rasayanas-cover-714x1024.jpg","type":"","width":"","height":""}],"twitter_card":"summary_large_image","twitter_misc":{"Gesch\u00e4tzte Lesezeit":"2\u00a0Minuten"},"schema":{"@context":"https:\/\/schema.org","@graph":[{"@type":"WebPage","@id":"https:\/\/verlag.wiethase.de\/?page_id=766","url":"https:\/\/verlag.wiethase.de\/?page_id=766","name":"Handbuch der ayurvedischen Rasayanas - WiethaseVerlag","isPartOf":{"@id":"https:\/\/verlag.wiethase.de\/#website"},"primaryImageOfPage":{"@id":"https:\/\/verlag.wiethase.de\/?page_id=766#primaryimage"},"image":{"@id":"https:\/\/verlag.wiethase.de\/?page_id=766#primaryimage"},"thumbnailUrl":"https:\/\/verlag.wiethase.de\/wp-content\/uploads\/2021\/01\/Rasayanas-cover-714x1024.jpg","datePublished":"2021-01-28T15:45:14+00:00","dateModified":"2021-03-13T16:58:44+00:00","breadcrumb":{"@id":"https:\/\/verlag.wiethase.de\/?page_id=766#breadcrumb"},"inLanguage":"de","potentialAction":[{"@type":"ReadAction","target":["https:\/\/verlag.wiethase.de\/?page_id=766"]}]},{"@type":"ImageObject","inLanguage":"de","@id":"https:\/\/verlag.wiethase.de\/?page_id=766#primaryimage","url":"https:\/\/verlag.wiethase.de\/wp-content\/uploads\/2021\/01\/Rasayanas-cover.jpg","contentUrl":"https:\/\/verlag.wiethase.de\/wp-content\/uploads\/2021\/01\/Rasayanas-cover.jpg","width":1711,"height":2455},{"@type":"BreadcrumbList","@id":"https:\/\/verlag.wiethase.de\/?page_id=766#breadcrumb","itemListElement":[{"@type":"ListItem","position":1,"name":"Startseite","item":"https:\/\/verlag.wiethase.de\/"},{"@type":"ListItem","position":2,"name":"Handb\u00fccher","item":"https:\/\/verlag.wiethase.de\/?page_id=699"},{"@type":"ListItem","position":3,"name":"Handbuch der ayurvedischen Rasayanas"}]},{"@type":"WebSite","@id":"https:\/\/verlag.wiethase.de\/#website","url":"https:\/\/verlag.wiethase.de\/","name":"WiethaseVerlag","description":"B\u00fccher - DVD - H\u00f6rb\u00fccher","publisher":{"@id":"https:\/\/verlag.wiethase.de\/#organization"},"potentialAction":[{"@type":"SearchAction","target":{"@type":"EntryPoint","urlTemplate":"https:\/\/verlag.wiethase.de\/?s={search_term_string}"},"query-input":{"@type":"PropertyValueSpecification","valueRequired":true,"valueName":"search_term_string"}}],"inLanguage":"de"},{"@type":"Organization","@id":"https:\/\/verlag.wiethase.de\/#organization","name":"Wiethase Verlag","url":"https:\/\/verlag.wiethase.de\/","logo":{"@type":"ImageObject","inLanguage":"de","@id":"https:\/\/verlag.wiethase.de\/#\/schema\/logo\/image\/","url":"https:\/\/verlag.wiethase.de\/wp-content\/uploads\/2022\/07\/logo-verlag.jpg","contentUrl":"https:\/\/verlag.wiethase.de\/wp-content\/uploads\/2022\/07\/logo-verlag.jpg","width":790,"height":514,"caption":"Wiethase Verlag"},"image":{"@id":"https:\/\/verlag.wiethase.de\/#\/schema\/logo\/image\/"},"sameAs":["https:\/\/www.facebook.com\/profile.php?id=100063974142366"]}]}},"_links":{"self":[{"href":"https:\/\/verlag.wiethase.de\/index.php?rest_route=\/wp\/v2\/pages\/766","targetHints":{"allow":["GET"]}}],"collection":[{"href":"https:\/\/verlag.wiethase.de\/index.php?rest_route=\/wp\/v2\/pages"}],"about":[{"href":"https:\/\/verlag.wiethase.de\/index.php?rest_route=\/wp\/v2\/types\/page"}],"author":[{"embeddable":true,"href":"https:\/\/verlag.wiethase.de\/index.php?rest_route=\/wp\/v2\/users\/1"}],"replies":[{"embeddable":true,"href":"https:\/\/verlag.wiethase.de\/index.php?rest_route=%2Fwp%2Fv2%2Fcomments&post=766"}],"version-history":[{"count":2,"href":"https:\/\/verlag.wiethase.de\/index.php?rest_route=\/wp\/v2\/pages\/766\/revisions"}],"predecessor-version":[{"id":802,"href":"https:\/\/verlag.wiethase.de\/index.php?rest_route=\/wp\/v2\/pages\/766\/revisions\/802"}],"up":[{"embeddable":true,"href":"https:\/\/verlag.wiethase.de\/index.php?rest_route=\/wp\/v2\/pages\/699"}],"wp:attachment":[{"href":"https:\/\/verlag.wiethase.de\/index.php?rest_route=%2Fwp%2Fv2%2Fmedia&parent=766"}],"curies":[{"name":"wp","href":"https:\/\/api.w.org\/{rel}","templated":true}]}}