{"id":415,"date":"2018-04-04T19:32:35","date_gmt":"2018-04-04T19:32:35","guid":{"rendered":"http:\/\/verlag.wiethase.de\/?page_id=415"},"modified":"2022-02-19T22:12:12","modified_gmt":"2022-02-19T22:12:12","slug":"religion-der-bildnisse","status":"publish","type":"page","link":"https:\/\/verlag.wiethase.de\/?page_id=415","title":{"rendered":"Religion der Bildnisse. Die Symbol- und Bildersprache des Hinduismus"},"content":{"rendered":"<p>Neu erschienen: Religion der Bildnisse, Die Symbol- und Bildersprache des Hinduismus.<\/p>\n<p>Will man den Hinduismus verstehen, so muss man das \u201aSystem Religion\u2019 verstehen, weil der Hinduismus eine der gro\u00dfen Weltreligionen ist. Zugleich gibt es die Meinung aus den Lagern der monotheistischen (mit einem Gott) Religionen, dass der Hinduismus keine Religion sei, weil polytheistisch (mit vielen G\u00f6ttern), sondern eine Weltanschauung, bzw. heidnischer Aberglaube.<br \/>\nDas Buch erkl\u00e4rt die Hinduistische G\u00f6tterwelt und ihre Ikonografie. Es hilft auch, diese komplexe Religion als Ganzes und im Detail zu verstehen. Ein wertvoller (Reise)-Begleiter, wenn man die Bildnisse und Symbole des Hinduismus verstehen m\u00f6chte.<\/p>\n<p>314 Seiten im Hardcover, Fadenbindung und 135 g Kunstdruckpapier. F\u00fcr \u20ac 85.-<\/p>\n<p>ISBN: 9783937632957<\/p>\n<p>Auch auf Amazon oder portofrei direkt beim Verlag gegen Vorauskasse (info@wiethase.de)<\/p>\n<p><a href=\"https:\/\/verlag.wiethase.de\/wp-content\/uploads\/2018\/04\/Religion-der-Bildnisse-cover-vorne.jpg\"><img loading=\"lazy\" decoding=\"async\" class=\"alignnone size-thumbnail wp-image-417\" src=\"https:\/\/verlag.wiethase.de\/wp-content\/uploads\/2018\/04\/Religion-der-Bildnisse-cover-vorne-150x150.jpg\" alt=\"\" width=\"150\" height=\"150\" \/><\/a><a href=\"https:\/\/verlag.wiethase.de\/wp-content\/uploads\/2018\/04\/Religion-der-Bildnisse-Inhalt-2-seiten-1.jpg\"><img loading=\"lazy\" decoding=\"async\" class=\"alignnone size-thumbnail wp-image-430\" src=\"https:\/\/verlag.wiethase.de\/wp-content\/uploads\/2018\/04\/Religion-der-Bildnisse-Inhalt-2-seiten-1-150x150.jpg\" alt=\"\" width=\"150\" height=\"150\" \/><\/a><a href=\"https:\/\/verlag.wiethase.de\/wp-content\/uploads\/2018\/04\/Religion-der-Bildnisse-Inhalt-2-seiten-2.jpg\"><img loading=\"lazy\" decoding=\"async\" class=\"alignnone size-thumbnail wp-image-431\" src=\"https:\/\/verlag.wiethase.de\/wp-content\/uploads\/2018\/04\/Religion-der-Bildnisse-Inhalt-2-seiten-2-150x150.jpg\" alt=\"\" width=\"150\" height=\"150\" \/><\/a><a href=\"https:\/\/verlag.wiethase.de\/wp-content\/uploads\/2018\/04\/Religion-der-Bildnisse-cover-hinten.jpg\"><img loading=\"lazy\" decoding=\"async\" class=\"alignnone size-thumbnail wp-image-416\" src=\"https:\/\/verlag.wiethase.de\/wp-content\/uploads\/2018\/04\/Religion-der-Bildnisse-cover-hinten-150x150.jpg\" alt=\"\" width=\"150\" height=\"150\" \/><\/a> <a href=\"https:\/\/verlag.wiethase.de\/wp-content\/uploads\/2018\/04\/Religion-der-Bildnisse-letzte-verschoben-2.jpg\"><img loading=\"lazy\" decoding=\"async\" class=\"alignnone size-thumbnail wp-image-418\" src=\"https:\/\/verlag.wiethase.de\/wp-content\/uploads\/2018\/04\/Religion-der-Bildnisse-letzte-verschoben-2-150x150.jpg\" alt=\"\" width=\"150\" height=\"150\" \/><\/a> <a href=\"https:\/\/verlag.wiethase.de\/wp-content\/uploads\/2018\/04\/Religion-der-Bildnisse-letzte-verschoben-3.jpg\"><img loading=\"lazy\" decoding=\"async\" class=\"alignnone size-thumbnail wp-image-419\" src=\"https:\/\/verlag.wiethase.de\/wp-content\/uploads\/2018\/04\/Religion-der-Bildnisse-letzte-verschoben-3-150x150.jpg\" alt=\"\" width=\"150\" height=\"150\" \/><\/a> <a href=\"https:\/\/verlag.wiethase.de\/wp-content\/uploads\/2018\/04\/Religion-der-Bildnisse-letzte-verschoben-4.jpg\"><img loading=\"lazy\" decoding=\"async\" class=\"alignnone size-thumbnail wp-image-420\" src=\"https:\/\/verlag.wiethase.de\/wp-content\/uploads\/2018\/04\/Religion-der-Bildnisse-letzte-verschoben-4-150x150.jpg\" alt=\"\" width=\"150\" height=\"150\" \/><\/a> <a href=\"https:\/\/verlag.wiethase.de\/wp-content\/uploads\/2018\/04\/Religion-der-Bildnisse-letzte-verschoben-5.jpg\"><img loading=\"lazy\" decoding=\"async\" class=\"alignnone size-thumbnail wp-image-421\" src=\"https:\/\/verlag.wiethase.de\/wp-content\/uploads\/2018\/04\/Religion-der-Bildnisse-letzte-verschoben-5-150x150.jpg\" alt=\"\" width=\"150\" height=\"150\" \/><\/a> <a href=\"https:\/\/verlag.wiethase.de\/wp-content\/uploads\/2018\/04\/Religion-der-Bildnisse-letzte-verschoben-6.jpg\"><img loading=\"lazy\" decoding=\"async\" class=\"alignnone size-thumbnail wp-image-422\" src=\"https:\/\/verlag.wiethase.de\/wp-content\/uploads\/2018\/04\/Religion-der-Bildnisse-letzte-verschoben-6-150x150.jpg\" alt=\"\" width=\"150\" height=\"150\" \/><\/a> <a href=\"https:\/\/verlag.wiethase.de\/wp-content\/uploads\/2018\/04\/Religion-der-Bildnisse-letzte-verschoben-7.jpg\"><img loading=\"lazy\" decoding=\"async\" class=\"alignnone size-thumbnail wp-image-423\" src=\"https:\/\/verlag.wiethase.de\/wp-content\/uploads\/2018\/04\/Religion-der-Bildnisse-letzte-verschoben-7-150x150.jpg\" alt=\"\" width=\"150\" height=\"150\" \/><\/a> <a href=\"https:\/\/verlag.wiethase.de\/wp-content\/uploads\/2018\/04\/Religion-der-Bildnisse-letzte-verschoben-8.jpg\"><img loading=\"lazy\" decoding=\"async\" class=\"alignnone size-thumbnail wp-image-424\" src=\"https:\/\/verlag.wiethase.de\/wp-content\/uploads\/2018\/04\/Religion-der-Bildnisse-letzte-verschoben-8-150x150.jpg\" alt=\"\" width=\"150\" height=\"150\" \/><\/a> <a href=\"https:\/\/verlag.wiethase.de\/wp-content\/uploads\/2018\/04\/Religion-der-Bildnisse-letzte-verschoben-9.jpg\"><img loading=\"lazy\" decoding=\"async\" class=\"alignnone size-thumbnail wp-image-425\" src=\"https:\/\/verlag.wiethase.de\/wp-content\/uploads\/2018\/04\/Religion-der-Bildnisse-letzte-verschoben-9-150x150.jpg\" alt=\"\" width=\"150\" height=\"150\" \/><\/a> <a href=\"https:\/\/verlag.wiethase.de\/wp-content\/uploads\/2018\/04\/Religion-der-Bildnisse-letzte-verschoben-10.jpg\"><img loading=\"lazy\" decoding=\"async\" class=\"alignnone size-thumbnail wp-image-426\" src=\"https:\/\/verlag.wiethase.de\/wp-content\/uploads\/2018\/04\/Religion-der-Bildnisse-letzte-verschoben-10-150x150.jpg\" alt=\"\" width=\"150\" height=\"150\" \/><\/a> <a href=\"https:\/\/verlag.wiethase.de\/wp-content\/uploads\/2018\/04\/Religion-der-Bildnisse-letzte-verschoben-11.jpg\"><img loading=\"lazy\" decoding=\"async\" class=\"alignnone size-thumbnail wp-image-427\" src=\"https:\/\/verlag.wiethase.de\/wp-content\/uploads\/2018\/04\/Religion-der-Bildnisse-letzte-verschoben-11-150x150.jpg\" alt=\"\" width=\"150\" height=\"150\" \/><\/a> <a href=\"https:\/\/verlag.wiethase.de\/wp-content\/uploads\/2018\/04\/Religion-der-Bildnisse-letzte-verschoben.jpg\"><img loading=\"lazy\" decoding=\"async\" class=\"alignnone size-thumbnail wp-image-428\" src=\"https:\/\/verlag.wiethase.de\/wp-content\/uploads\/2018\/04\/Religion-der-Bildnisse-letzte-verschoben-150x150.jpg\" alt=\"\" width=\"150\" height=\"150\" \/><\/a><\/p>\n","protected":false},"excerpt":{"rendered":"<p>Neu erschienen: Religion der Bildnisse, Die Symbol- und Bildersprache des Hinduismus. Will man den Hinduismus verstehen, so muss man das \u201aSystem Religion\u2019 verstehen, weil der Hinduismus eine der gro\u00dfen Weltreligionen ist. Zugleich gibt es die Meinung aus den Lagern der &hellip; <a href=\"https:\/\/verlag.wiethase.de\/?page_id=415\">Weiterlesen <span class=\"meta-nav\">&rarr;<\/span><\/a><\/p>\n","protected":false},"author":1,"featured_media":417,"parent":435,"menu_order":0,"comment_status":"closed","ping_status":"closed","template":"","meta":{"_monsterinsights_skip_tracking":false,"_monsterinsights_sitenote_active":false,"_monsterinsights_sitenote_note":"","_monsterinsights_sitenote_category":0,"footnotes":""},"class_list":["post-415","page","type-page","status-publish","has-post-thumbnail","hentry"],"yoast_head":"<!-- This site is optimized with the Yoast SEO plugin v27.4 - https:\/\/yoast.com\/product\/yoast-seo-wordpress\/ -->\n<title>Religion der Bildnisse. Die Symbol- und Bildersprache des Hinduismus - WiethaseVerlag<\/title>\n<meta name=\"robots\" content=\"index, follow, max-snippet:-1, max-image-preview:large, max-video-preview:-1\" \/>\n<link rel=\"canonical\" href=\"https:\/\/verlag.wiethase.de\/?page_id=415\" \/>\n<meta property=\"og:locale\" content=\"de_DE\" \/>\n<meta property=\"og:type\" content=\"article\" \/>\n<meta property=\"og:title\" content=\"Religion der Bildnisse. Die Symbol- und Bildersprache des Hinduismus - WiethaseVerlag\" \/>\n<meta property=\"og:description\" content=\"Neu erschienen: Religion der Bildnisse, Die Symbol- und Bildersprache des Hinduismus. Will man den Hinduismus verstehen, so muss man das \u201aSystem Religion\u2019 verstehen, weil der Hinduismus eine der gro\u00dfen Weltreligionen ist. Zugleich gibt es die Meinung aus den Lagern der &hellip; Weiterlesen &rarr;\" \/>\n<meta property=\"og:url\" content=\"https:\/\/verlag.wiethase.de\/?page_id=415\" \/>\n<meta property=\"og:site_name\" content=\"WiethaseVerlag\" \/>\n<meta property=\"article:publisher\" content=\"https:\/\/www.facebook.com\/profile.php?id=100063974142366\" \/>\n<meta property=\"article:modified_time\" content=\"2022-02-19T22:12:12+00:00\" \/>\n<meta property=\"og:image\" content=\"https:\/\/verlag.wiethase.de\/wp-content\/uploads\/2018\/04\/Religion-der-Bildnisse-cover-vorne.jpg\" \/>\n\t<meta property=\"og:image:width\" content=\"2604\" \/>\n\t<meta property=\"og:image:height\" content=\"3679\" \/>\n\t<meta property=\"og:image:type\" content=\"image\/jpeg\" \/>\n<meta name=\"twitter:card\" content=\"summary_large_image\" \/>\n<meta name=\"twitter:label1\" content=\"Gesch\u00e4tzte Lesezeit\" \/>\n\t<meta name=\"twitter:data1\" content=\"4\u00a0Minuten\" \/>\n<script type=\"application\/ld+json\" class=\"yoast-schema-graph\">{\"@context\":\"https:\\\/\\\/schema.org\",\"@graph\":[{\"@type\":\"WebPage\",\"@id\":\"https:\\\/\\\/verlag.wiethase.de\\\/?page_id=415\",\"url\":\"https:\\\/\\\/verlag.wiethase.de\\\/?page_id=415\",\"name\":\"Religion der Bildnisse. Die Symbol- und Bildersprache des Hinduismus - WiethaseVerlag\",\"isPartOf\":{\"@id\":\"https:\\\/\\\/verlag.wiethase.de\\\/#website\"},\"primaryImageOfPage\":{\"@id\":\"https:\\\/\\\/verlag.wiethase.de\\\/?page_id=415#primaryimage\"},\"image\":{\"@id\":\"https:\\\/\\\/verlag.wiethase.de\\\/?page_id=415#primaryimage\"},\"thumbnailUrl\":\"https:\\\/\\\/verlag.wiethase.de\\\/wp-content\\\/uploads\\\/2018\\\/04\\\/Religion-der-Bildnisse-cover-vorne.jpg\",\"datePublished\":\"2018-04-04T19:32:35+00:00\",\"dateModified\":\"2022-02-19T22:12:12+00:00\",\"breadcrumb\":{\"@id\":\"https:\\\/\\\/verlag.wiethase.de\\\/?page_id=415#breadcrumb\"},\"inLanguage\":\"de\",\"potentialAction\":[{\"@type\":\"ReadAction\",\"target\":[\"https:\\\/\\\/verlag.wiethase.de\\\/?page_id=415\"]}]},{\"@type\":\"ImageObject\",\"inLanguage\":\"de\",\"@id\":\"https:\\\/\\\/verlag.wiethase.de\\\/?page_id=415#primaryimage\",\"url\":\"https:\\\/\\\/verlag.wiethase.de\\\/wp-content\\\/uploads\\\/2018\\\/04\\\/Religion-der-Bildnisse-cover-vorne.jpg\",\"contentUrl\":\"https:\\\/\\\/verlag.wiethase.de\\\/wp-content\\\/uploads\\\/2018\\\/04\\\/Religion-der-Bildnisse-cover-vorne.jpg\",\"width\":2604,\"height\":3679},{\"@type\":\"BreadcrumbList\",\"@id\":\"https:\\\/\\\/verlag.wiethase.de\\\/?page_id=415#breadcrumb\",\"itemListElement\":[{\"@type\":\"ListItem\",\"position\":1,\"name\":\"Startseite\",\"item\":\"https:\\\/\\\/verlag.wiethase.de\\\/\"},{\"@type\":\"ListItem\",\"position\":2,\"name\":\"Indien\",\"item\":\"https:\\\/\\\/verlag.wiethase.de\\\/?page_id=435\"},{\"@type\":\"ListItem\",\"position\":3,\"name\":\"Religion der Bildnisse. Die Symbol- und Bildersprache des Hinduismus\"}]},{\"@type\":\"WebSite\",\"@id\":\"https:\\\/\\\/verlag.wiethase.de\\\/#website\",\"url\":\"https:\\\/\\\/verlag.wiethase.de\\\/\",\"name\":\"WiethaseVerlag\",\"description\":\"B\u00fccher - DVD - H\u00f6rb\u00fccher\",\"publisher\":{\"@id\":\"https:\\\/\\\/verlag.wiethase.de\\\/#organization\"},\"potentialAction\":[{\"@type\":\"SearchAction\",\"target\":{\"@type\":\"EntryPoint\",\"urlTemplate\":\"https:\\\/\\\/verlag.wiethase.de\\\/?s={search_term_string}\"},\"query-input\":{\"@type\":\"PropertyValueSpecification\",\"valueRequired\":true,\"valueName\":\"search_term_string\"}}],\"inLanguage\":\"de\"},{\"@type\":\"Organization\",\"@id\":\"https:\\\/\\\/verlag.wiethase.de\\\/#organization\",\"name\":\"Wiethase Verlag\",\"url\":\"https:\\\/\\\/verlag.wiethase.de\\\/\",\"logo\":{\"@type\":\"ImageObject\",\"inLanguage\":\"de\",\"@id\":\"https:\\\/\\\/verlag.wiethase.de\\\/#\\\/schema\\\/logo\\\/image\\\/\",\"url\":\"https:\\\/\\\/verlag.wiethase.de\\\/wp-content\\\/uploads\\\/2022\\\/07\\\/logo-verlag.jpg\",\"contentUrl\":\"https:\\\/\\\/verlag.wiethase.de\\\/wp-content\\\/uploads\\\/2022\\\/07\\\/logo-verlag.jpg\",\"width\":790,\"height\":514,\"caption\":\"Wiethase Verlag\"},\"image\":{\"@id\":\"https:\\\/\\\/verlag.wiethase.de\\\/#\\\/schema\\\/logo\\\/image\\\/\"},\"sameAs\":[\"https:\\\/\\\/www.facebook.com\\\/profile.php?id=100063974142366\"]}]}<\/script>\n<!-- \/ Yoast SEO plugin. -->","yoast_head_json":{"title":"Religion der Bildnisse. Die Symbol- und Bildersprache des Hinduismus - WiethaseVerlag","robots":{"index":"index","follow":"follow","max-snippet":"max-snippet:-1","max-image-preview":"max-image-preview:large","max-video-preview":"max-video-preview:-1"},"canonical":"https:\/\/verlag.wiethase.de\/?page_id=415","og_locale":"de_DE","og_type":"article","og_title":"Religion der Bildnisse. Die Symbol- und Bildersprache des Hinduismus - WiethaseVerlag","og_description":"Neu erschienen: Religion der Bildnisse, Die Symbol- und Bildersprache des Hinduismus. Will man den Hinduismus verstehen, so muss man das \u201aSystem Religion\u2019 verstehen, weil der Hinduismus eine der gro\u00dfen Weltreligionen ist. Zugleich gibt es die Meinung aus den Lagern der &hellip; Weiterlesen &rarr;","og_url":"https:\/\/verlag.wiethase.de\/?page_id=415","og_site_name":"WiethaseVerlag","article_publisher":"https:\/\/www.facebook.com\/profile.php?id=100063974142366","article_modified_time":"2022-02-19T22:12:12+00:00","og_image":[{"width":2604,"height":3679,"url":"https:\/\/verlag.wiethase.de\/wp-content\/uploads\/2018\/04\/Religion-der-Bildnisse-cover-vorne.jpg","type":"image\/jpeg"}],"twitter_card":"summary_large_image","twitter_misc":{"Gesch\u00e4tzte Lesezeit":"4\u00a0Minuten"},"schema":{"@context":"https:\/\/schema.org","@graph":[{"@type":"WebPage","@id":"https:\/\/verlag.wiethase.de\/?page_id=415","url":"https:\/\/verlag.wiethase.de\/?page_id=415","name":"Religion der Bildnisse. Die Symbol- und Bildersprache des Hinduismus - WiethaseVerlag","isPartOf":{"@id":"https:\/\/verlag.wiethase.de\/#website"},"primaryImageOfPage":{"@id":"https:\/\/verlag.wiethase.de\/?page_id=415#primaryimage"},"image":{"@id":"https:\/\/verlag.wiethase.de\/?page_id=415#primaryimage"},"thumbnailUrl":"https:\/\/verlag.wiethase.de\/wp-content\/uploads\/2018\/04\/Religion-der-Bildnisse-cover-vorne.jpg","datePublished":"2018-04-04T19:32:35+00:00","dateModified":"2022-02-19T22:12:12+00:00","breadcrumb":{"@id":"https:\/\/verlag.wiethase.de\/?page_id=415#breadcrumb"},"inLanguage":"de","potentialAction":[{"@type":"ReadAction","target":["https:\/\/verlag.wiethase.de\/?page_id=415"]}]},{"@type":"ImageObject","inLanguage":"de","@id":"https:\/\/verlag.wiethase.de\/?page_id=415#primaryimage","url":"https:\/\/verlag.wiethase.de\/wp-content\/uploads\/2018\/04\/Religion-der-Bildnisse-cover-vorne.jpg","contentUrl":"https:\/\/verlag.wiethase.de\/wp-content\/uploads\/2018\/04\/Religion-der-Bildnisse-cover-vorne.jpg","width":2604,"height":3679},{"@type":"BreadcrumbList","@id":"https:\/\/verlag.wiethase.de\/?page_id=415#breadcrumb","itemListElement":[{"@type":"ListItem","position":1,"name":"Startseite","item":"https:\/\/verlag.wiethase.de\/"},{"@type":"ListItem","position":2,"name":"Indien","item":"https:\/\/verlag.wiethase.de\/?page_id=435"},{"@type":"ListItem","position":3,"name":"Religion der Bildnisse. Die Symbol- und Bildersprache des Hinduismus"}]},{"@type":"WebSite","@id":"https:\/\/verlag.wiethase.de\/#website","url":"https:\/\/verlag.wiethase.de\/","name":"WiethaseVerlag","description":"B\u00fccher - DVD - H\u00f6rb\u00fccher","publisher":{"@id":"https:\/\/verlag.wiethase.de\/#organization"},"potentialAction":[{"@type":"SearchAction","target":{"@type":"EntryPoint","urlTemplate":"https:\/\/verlag.wiethase.de\/?s={search_term_string}"},"query-input":{"@type":"PropertyValueSpecification","valueRequired":true,"valueName":"search_term_string"}}],"inLanguage":"de"},{"@type":"Organization","@id":"https:\/\/verlag.wiethase.de\/#organization","name":"Wiethase Verlag","url":"https:\/\/verlag.wiethase.de\/","logo":{"@type":"ImageObject","inLanguage":"de","@id":"https:\/\/verlag.wiethase.de\/#\/schema\/logo\/image\/","url":"https:\/\/verlag.wiethase.de\/wp-content\/uploads\/2022\/07\/logo-verlag.jpg","contentUrl":"https:\/\/verlag.wiethase.de\/wp-content\/uploads\/2022\/07\/logo-verlag.jpg","width":790,"height":514,"caption":"Wiethase Verlag"},"image":{"@id":"https:\/\/verlag.wiethase.de\/#\/schema\/logo\/image\/"},"sameAs":["https:\/\/www.facebook.com\/profile.php?id=100063974142366"]}]}},"_links":{"self":[{"href":"https:\/\/verlag.wiethase.de\/index.php?rest_route=\/wp\/v2\/pages\/415","targetHints":{"allow":["GET"]}}],"collection":[{"href":"https:\/\/verlag.wiethase.de\/index.php?rest_route=\/wp\/v2\/pages"}],"about":[{"href":"https:\/\/verlag.wiethase.de\/index.php?rest_route=\/wp\/v2\/types\/page"}],"author":[{"embeddable":true,"href":"https:\/\/verlag.wiethase.de\/index.php?rest_route=\/wp\/v2\/users\/1"}],"replies":[{"embeddable":true,"href":"https:\/\/verlag.wiethase.de\/index.php?rest_route=%2Fwp%2Fv2%2Fcomments&post=415"}],"version-history":[{"count":4,"href":"https:\/\/verlag.wiethase.de\/index.php?rest_route=\/wp\/v2\/pages\/415\/revisions"}],"predecessor-version":[{"id":844,"href":"https:\/\/verlag.wiethase.de\/index.php?rest_route=\/wp\/v2\/pages\/415\/revisions\/844"}],"up":[{"embeddable":true,"href":"https:\/\/verlag.wiethase.de\/index.php?rest_route=\/wp\/v2\/pages\/435"}],"wp:featuredmedia":[{"embeddable":true,"href":"https:\/\/verlag.wiethase.de\/index.php?rest_route=\/wp\/v2\/media\/417"}],"wp:attachment":[{"href":"https:\/\/verlag.wiethase.de\/index.php?rest_route=%2Fwp%2Fv2%2Fmedia&parent=415"}],"curies":[{"name":"wp","href":"https:\/\/api.w.org\/{rel}","templated":true}]}}