{"id":365,"date":"2017-06-19T10:38:44","date_gmt":"2017-06-19T10:38:44","guid":{"rendered":"http:\/\/verlag.wiethase.de\/?page_id=365"},"modified":"2022-02-19T22:24:31","modified_gmt":"2022-02-19T22:24:31","slug":"der-ayurveda-im-westen","status":"publish","type":"page","link":"https:\/\/verlag.wiethase.de\/?page_id=365","title":{"rendered":"Der Ayurveda im Westen &#8211; Band 1"},"content":{"rendered":"<p class=\"p1\">Der Ayurveda im Westen, Historische Vereinnahmung und gegenseitige Befruchtung von Florian Hartlieb und Hendrik Wiethase<\/p>\n<p class=\"p1\"><a href=\"https:\/\/verlag.wiethase.de\/wp-content\/uploads\/2017\/06\/cover-ayur-vorne.jpg\"><img loading=\"lazy\" decoding=\"async\" class=\"alignnone size-thumbnail wp-image-366\" src=\"https:\/\/verlag.wiethase.de\/wp-content\/uploads\/2017\/06\/cover-ayur-vorne-150x150.jpg\" alt=\"\" width=\"150\" height=\"150\" \/><\/a>Im Lauf der vergangenen Jahrtausende fanden sich Pflanzen und Pflanzenteile ferner Kulturen und Medizinsysteme weit entfernt in anderen Kulturen und Medizinsystemen wieder. In der Ferne wurden sie zu hoch gesch\u00e4tzten Handelswaren und teilweise mit Gold oder Silber aufgewogen.<\/p>\n<p class=\"p1\">Es ist richtig, dass die Natur jeder Klimazone gen\u00fcgend Mittel zur Verf\u00fcgung hat, dem Menschen dort bei Gesundheit zu halten und Erkrankungen zu heilen. Es ist aber auch richtig, dass sich die Menschheit auf ihren Wanderungen, kriegerischen Eroberungen und auf friedlichen Handelswegen stets untereinander auch im Heilwissen befruchtet hat. <span class=\"s1\">Dies am Beispiel Ayurveda aufzuzeigen ist Absicht dieses Buches.<\/span><\/p>\n<p class=\"p1\"><a href=\"https:\/\/verlag.wiethase.de\/wp-content\/uploads\/2017\/06\/l2-marma.jpg\"><img loading=\"lazy\" decoding=\"async\" class=\"alignnone size-thumbnail wp-image-370\" src=\"https:\/\/verlag.wiethase.de\/wp-content\/uploads\/2017\/06\/l2-marma-150x150.jpg\" alt=\"\" width=\"150\" height=\"150\" \/><\/a>Auf den ersten 50 Seiten steht der Vermittlung der Grunds\u00e4tze des Ayurveda, ohne die ein Verstehen dieses Heilsystems unm\u00f6glich ist, im Vordergrund. Dann werden die verschiedenen Heilsysteme in Kleinasien und dem heutigen Europa erl\u00e4utert um schlie\u00dflich im Vergleich \u00dcbereinstimmendes zu erkennen. Danach folgt durch die spezielle Auswahl jener 91 Pflanzen, die sowohl durch die geschichtlichen Bewegungen und Einfl\u00fcsse, als auch durch die modernen, also schnellen, sowie Temperatur- und Feuchtigkeit regulierbaren Transportm\u00f6glichkeiten, heute in Europa und hier speziell in Deutschland, \u00d6sterreich und der Schweiz zur Verf\u00fcgung stehen.<\/p>\n<p class=\"p1\"><a href=\"https:\/\/verlag.wiethase.de\/wp-content\/uploads\/2017\/06\/i1.jpg\"><img loading=\"lazy\" decoding=\"async\" class=\"alignnone size-thumbnail wp-image-368\" src=\"https:\/\/verlag.wiethase.de\/wp-content\/uploads\/2017\/06\/i1-150x150.jpg\" alt=\"\" width=\"150\" height=\"150\" \/><\/a><img loading=\"lazy\" decoding=\"async\" class=\"alignnone size-thumbnail wp-image-378\" src=\"https:\/\/verlag.wiethase.de\/wp-content\/uploads\/2017\/06\/i2-150x150.jpg\" alt=\"\" width=\"150\" height=\"150\" \/>Selbstverst\u00e4ndlich sind in dieses Buch auch jene Mittel des Ayurveda integriert, die ebenso in Europa vorhanden sind und von hier aus in das alte und neuere Indien kamen und dort in den Ayurveda integriert wurden.<\/p>\n<p class=\"p1\">Diese Quellen dieser gegenseitigen Befruchtungen sind wichtige Bestandteile dieses Buches.<\/p>\n<p class=\"p1\">Mit Verzeichnis der Namen der Pflanzen und Mittel in Sanskrit, Verzeichnis der Pflanzen nach Deutschen und Lateinischen Namen, Register der verwendeten medizinischen Fachbegriffe in Sanskrit und ausf\u00fchrlichem Quellenverzeichnis<\/p>\n<p class=\"p1\">ISBN 978-3937632-87-2 Preis \u20ac 95.- bei Direktbestellung und Vorkasse wird portofrei versendet. Bestellungen \u00fcber info@wiethase.de oder auf amazon.de<\/p>\n<p class=\"p4\">Hardcover, in Folie, 422 meist farbige Bilder auf 594 Seiten, Format: A4 (29,5 x 21cm), Gewicht: \u00fcber 2 kg<\/p>\n<p><a href=\"https:\/\/verlag.wiethase.de\/wp-content\/uploads\/2017\/06\/cover-back-ayurbuch.jpg\"><img loading=\"lazy\" decoding=\"async\" class=\"alignnone size-thumbnail wp-image-367\" src=\"https:\/\/verlag.wiethase.de\/wp-content\/uploads\/2017\/06\/cover-back-ayurbuch-150x150.jpg\" alt=\"\" width=\"150\" height=\"150\" \/><\/a><a href=\"https:\/\/verlag.wiethase.de\/wp-content\/uploads\/2017\/06\/bambus3.jpg\"><img loading=\"lazy\" decoding=\"async\" class=\"alignnone size-thumbnail wp-image-376\" src=\"https:\/\/verlag.wiethase.de\/wp-content\/uploads\/2017\/06\/bambus3-150x150.jpg\" alt=\"\" width=\"150\" height=\"150\" \/><\/a> <a href=\"https:\/\/verlag.wiethase.de\/wp-content\/uploads\/2017\/06\/bambus2.jpg\"><img loading=\"lazy\" decoding=\"async\" class=\"alignnone size-thumbnail wp-image-375\" src=\"https:\/\/verlag.wiethase.de\/wp-content\/uploads\/2017\/06\/bambus2-150x150.jpg\" alt=\"\" width=\"150\" height=\"150\" \/><\/a> <a href=\"https:\/\/verlag.wiethase.de\/wp-content\/uploads\/2017\/06\/bambus1.jpg\"><img loading=\"lazy\" decoding=\"async\" class=\"alignnone size-thumbnail wp-image-374\" src=\"https:\/\/verlag.wiethase.de\/wp-content\/uploads\/2017\/06\/bambus1-150x150.jpg\" alt=\"\" width=\"150\" height=\"150\" \/><\/a> <a href=\"https:\/\/verlag.wiethase.de\/wp-content\/uploads\/2017\/06\/Autoren.jpg\"><img loading=\"lazy\" decoding=\"async\" class=\"alignnone size-thumbnail wp-image-377\" src=\"https:\/\/verlag.wiethase.de\/wp-content\/uploads\/2017\/06\/Autoren-150x150.jpg\" alt=\"\" width=\"150\" height=\"150\" \/><\/a> <a href=\"https:\/\/verlag.wiethase.de\/wp-content\/uploads\/2017\/06\/nigella3.jpg\"><img loading=\"lazy\" decoding=\"async\" class=\"alignnone size-thumbnail wp-image-373\" src=\"https:\/\/verlag.wiethase.de\/wp-content\/uploads\/2017\/06\/nigella3-150x150.jpg\" alt=\"\" width=\"150\" height=\"150\" \/><\/a> <a href=\"https:\/\/verlag.wiethase.de\/wp-content\/uploads\/2017\/06\/nigella2.jpg\"><img loading=\"lazy\" decoding=\"async\" class=\"alignnone size-thumbnail wp-image-372\" src=\"https:\/\/verlag.wiethase.de\/wp-content\/uploads\/2017\/06\/nigella2-150x150.jpg\" alt=\"\" width=\"150\" height=\"150\" \/><\/a> <a href=\"https:\/\/verlag.wiethase.de\/wp-content\/uploads\/2017\/06\/nigella1.jpg\"><img loading=\"lazy\" decoding=\"async\" class=\"alignnone size-thumbnail wp-image-371\" src=\"https:\/\/verlag.wiethase.de\/wp-content\/uploads\/2017\/06\/nigella1-150x150.jpg\" alt=\"\" width=\"150\" height=\"150\" \/><\/a><\/p>\n","protected":false},"excerpt":{"rendered":"<p>Der Ayurveda im Westen, Historische Vereinnahmung und gegenseitige Befruchtung von Florian Hartlieb und Hendrik Wiethase Im Lauf der vergangenen Jahrtausende fanden sich Pflanzen und Pflanzenteile ferner Kulturen und Medizinsysteme weit entfernt in anderen Kulturen und Medizinsystemen wieder. In der Ferne &hellip; <a href=\"https:\/\/verlag.wiethase.de\/?page_id=365\">Weiterlesen <span class=\"meta-nav\">&rarr;<\/span><\/a><\/p>\n","protected":false},"author":1,"featured_media":0,"parent":390,"menu_order":0,"comment_status":"closed","ping_status":"closed","template":"","meta":{"_monsterinsights_skip_tracking":false,"_monsterinsights_sitenote_active":false,"_monsterinsights_sitenote_note":"","_monsterinsights_sitenote_category":0,"footnotes":""},"class_list":["post-365","page","type-page","status-publish","hentry"],"yoast_head":"<!-- This site is optimized with the Yoast SEO plugin v27.4 - https:\/\/yoast.com\/product\/yoast-seo-wordpress\/ -->\n<title>Der Ayurveda im Westen - Band 1 - WiethaseVerlag<\/title>\n<meta name=\"robots\" content=\"index, follow, max-snippet:-1, max-image-preview:large, max-video-preview:-1\" \/>\n<link rel=\"canonical\" href=\"https:\/\/verlag.wiethase.de\/?page_id=365\" \/>\n<meta property=\"og:locale\" content=\"de_DE\" \/>\n<meta property=\"og:type\" content=\"article\" \/>\n<meta property=\"og:title\" content=\"Der Ayurveda im Westen - Band 1 - WiethaseVerlag\" \/>\n<meta property=\"og:description\" content=\"Der Ayurveda im Westen, Historische Vereinnahmung und gegenseitige Befruchtung von Florian Hartlieb und Hendrik Wiethase Im Lauf der vergangenen Jahrtausende fanden sich Pflanzen und Pflanzenteile ferner Kulturen und Medizinsysteme weit entfernt in anderen Kulturen und Medizinsystemen wieder. In der Ferne &hellip; Weiterlesen &rarr;\" \/>\n<meta property=\"og:url\" content=\"https:\/\/verlag.wiethase.de\/?page_id=365\" \/>\n<meta property=\"og:site_name\" content=\"WiethaseVerlag\" \/>\n<meta property=\"article:publisher\" content=\"https:\/\/www.facebook.com\/profile.php?id=100063974142366\" \/>\n<meta property=\"article:modified_time\" content=\"2022-02-19T22:24:31+00:00\" \/>\n<meta property=\"og:image\" content=\"https:\/\/verlag.wiethase.de\/wp-content\/uploads\/2017\/06\/cover-ayur-vorne-150x150.jpg\" \/>\n<meta name=\"twitter:card\" content=\"summary_large_image\" \/>\n<meta name=\"twitter:label1\" content=\"Gesch\u00e4tzte Lesezeit\" \/>\n\t<meta name=\"twitter:data1\" content=\"5\u00a0Minuten\" \/>\n<script type=\"application\/ld+json\" class=\"yoast-schema-graph\">{\"@context\":\"https:\\\/\\\/schema.org\",\"@graph\":[{\"@type\":\"WebPage\",\"@id\":\"https:\\\/\\\/verlag.wiethase.de\\\/?page_id=365\",\"url\":\"https:\\\/\\\/verlag.wiethase.de\\\/?page_id=365\",\"name\":\"Der Ayurveda im Westen - Band 1 - WiethaseVerlag\",\"isPartOf\":{\"@id\":\"https:\\\/\\\/verlag.wiethase.de\\\/#website\"},\"primaryImageOfPage\":{\"@id\":\"https:\\\/\\\/verlag.wiethase.de\\\/?page_id=365#primaryimage\"},\"image\":{\"@id\":\"https:\\\/\\\/verlag.wiethase.de\\\/?page_id=365#primaryimage\"},\"thumbnailUrl\":\"https:\\\/\\\/verlag.wiethase.de\\\/wp-content\\\/uploads\\\/2017\\\/06\\\/cover-ayur-vorne-150x150.jpg\",\"datePublished\":\"2017-06-19T10:38:44+00:00\",\"dateModified\":\"2022-02-19T22:24:31+00:00\",\"breadcrumb\":{\"@id\":\"https:\\\/\\\/verlag.wiethase.de\\\/?page_id=365#breadcrumb\"},\"inLanguage\":\"de\",\"potentialAction\":[{\"@type\":\"ReadAction\",\"target\":[\"https:\\\/\\\/verlag.wiethase.de\\\/?page_id=365\"]}]},{\"@type\":\"ImageObject\",\"inLanguage\":\"de\",\"@id\":\"https:\\\/\\\/verlag.wiethase.de\\\/?page_id=365#primaryimage\",\"url\":\"https:\\\/\\\/verlag.wiethase.de\\\/wp-content\\\/uploads\\\/2017\\\/06\\\/cover-ayur-vorne.jpg\",\"contentUrl\":\"https:\\\/\\\/verlag.wiethase.de\\\/wp-content\\\/uploads\\\/2017\\\/06\\\/cover-ayur-vorne.jpg\",\"width\":2669,\"height\":3921},{\"@type\":\"BreadcrumbList\",\"@id\":\"https:\\\/\\\/verlag.wiethase.de\\\/?page_id=365#breadcrumb\",\"itemListElement\":[{\"@type\":\"ListItem\",\"position\":1,\"name\":\"Startseite\",\"item\":\"https:\\\/\\\/verlag.wiethase.de\\\/\"},{\"@type\":\"ListItem\",\"position\":2,\"name\":\"Ayurveda Deutsch\",\"item\":\"https:\\\/\\\/verlag.wiethase.de\\\/?page_id=390\"},{\"@type\":\"ListItem\",\"position\":3,\"name\":\"Der Ayurveda im Westen &#8211; Band 1\"}]},{\"@type\":\"WebSite\",\"@id\":\"https:\\\/\\\/verlag.wiethase.de\\\/#website\",\"url\":\"https:\\\/\\\/verlag.wiethase.de\\\/\",\"name\":\"WiethaseVerlag\",\"description\":\"B\u00fccher - DVD - H\u00f6rb\u00fccher\",\"publisher\":{\"@id\":\"https:\\\/\\\/verlag.wiethase.de\\\/#organization\"},\"potentialAction\":[{\"@type\":\"SearchAction\",\"target\":{\"@type\":\"EntryPoint\",\"urlTemplate\":\"https:\\\/\\\/verlag.wiethase.de\\\/?s={search_term_string}\"},\"query-input\":{\"@type\":\"PropertyValueSpecification\",\"valueRequired\":true,\"valueName\":\"search_term_string\"}}],\"inLanguage\":\"de\"},{\"@type\":\"Organization\",\"@id\":\"https:\\\/\\\/verlag.wiethase.de\\\/#organization\",\"name\":\"Wiethase Verlag\",\"url\":\"https:\\\/\\\/verlag.wiethase.de\\\/\",\"logo\":{\"@type\":\"ImageObject\",\"inLanguage\":\"de\",\"@id\":\"https:\\\/\\\/verlag.wiethase.de\\\/#\\\/schema\\\/logo\\\/image\\\/\",\"url\":\"https:\\\/\\\/verlag.wiethase.de\\\/wp-content\\\/uploads\\\/2022\\\/07\\\/logo-verlag.jpg\",\"contentUrl\":\"https:\\\/\\\/verlag.wiethase.de\\\/wp-content\\\/uploads\\\/2022\\\/07\\\/logo-verlag.jpg\",\"width\":790,\"height\":514,\"caption\":\"Wiethase Verlag\"},\"image\":{\"@id\":\"https:\\\/\\\/verlag.wiethase.de\\\/#\\\/schema\\\/logo\\\/image\\\/\"},\"sameAs\":[\"https:\\\/\\\/www.facebook.com\\\/profile.php?id=100063974142366\"]}]}<\/script>\n<!-- \/ Yoast SEO plugin. -->","yoast_head_json":{"title":"Der Ayurveda im Westen - Band 1 - WiethaseVerlag","robots":{"index":"index","follow":"follow","max-snippet":"max-snippet:-1","max-image-preview":"max-image-preview:large","max-video-preview":"max-video-preview:-1"},"canonical":"https:\/\/verlag.wiethase.de\/?page_id=365","og_locale":"de_DE","og_type":"article","og_title":"Der Ayurveda im Westen - Band 1 - WiethaseVerlag","og_description":"Der Ayurveda im Westen, Historische Vereinnahmung und gegenseitige Befruchtung von Florian Hartlieb und Hendrik Wiethase Im Lauf der vergangenen Jahrtausende fanden sich Pflanzen und Pflanzenteile ferner Kulturen und Medizinsysteme weit entfernt in anderen Kulturen und Medizinsystemen wieder. In der Ferne &hellip; Weiterlesen &rarr;","og_url":"https:\/\/verlag.wiethase.de\/?page_id=365","og_site_name":"WiethaseVerlag","article_publisher":"https:\/\/www.facebook.com\/profile.php?id=100063974142366","article_modified_time":"2022-02-19T22:24:31+00:00","og_image":[{"url":"https:\/\/verlag.wiethase.de\/wp-content\/uploads\/2017\/06\/cover-ayur-vorne-150x150.jpg","type":"","width":"","height":""}],"twitter_card":"summary_large_image","twitter_misc":{"Gesch\u00e4tzte Lesezeit":"5\u00a0Minuten"},"schema":{"@context":"https:\/\/schema.org","@graph":[{"@type":"WebPage","@id":"https:\/\/verlag.wiethase.de\/?page_id=365","url":"https:\/\/verlag.wiethase.de\/?page_id=365","name":"Der Ayurveda im Westen - Band 1 - WiethaseVerlag","isPartOf":{"@id":"https:\/\/verlag.wiethase.de\/#website"},"primaryImageOfPage":{"@id":"https:\/\/verlag.wiethase.de\/?page_id=365#primaryimage"},"image":{"@id":"https:\/\/verlag.wiethase.de\/?page_id=365#primaryimage"},"thumbnailUrl":"https:\/\/verlag.wiethase.de\/wp-content\/uploads\/2017\/06\/cover-ayur-vorne-150x150.jpg","datePublished":"2017-06-19T10:38:44+00:00","dateModified":"2022-02-19T22:24:31+00:00","breadcrumb":{"@id":"https:\/\/verlag.wiethase.de\/?page_id=365#breadcrumb"},"inLanguage":"de","potentialAction":[{"@type":"ReadAction","target":["https:\/\/verlag.wiethase.de\/?page_id=365"]}]},{"@type":"ImageObject","inLanguage":"de","@id":"https:\/\/verlag.wiethase.de\/?page_id=365#primaryimage","url":"https:\/\/verlag.wiethase.de\/wp-content\/uploads\/2017\/06\/cover-ayur-vorne.jpg","contentUrl":"https:\/\/verlag.wiethase.de\/wp-content\/uploads\/2017\/06\/cover-ayur-vorne.jpg","width":2669,"height":3921},{"@type":"BreadcrumbList","@id":"https:\/\/verlag.wiethase.de\/?page_id=365#breadcrumb","itemListElement":[{"@type":"ListItem","position":1,"name":"Startseite","item":"https:\/\/verlag.wiethase.de\/"},{"@type":"ListItem","position":2,"name":"Ayurveda Deutsch","item":"https:\/\/verlag.wiethase.de\/?page_id=390"},{"@type":"ListItem","position":3,"name":"Der Ayurveda im Westen &#8211; Band 1"}]},{"@type":"WebSite","@id":"https:\/\/verlag.wiethase.de\/#website","url":"https:\/\/verlag.wiethase.de\/","name":"WiethaseVerlag","description":"B\u00fccher - DVD - H\u00f6rb\u00fccher","publisher":{"@id":"https:\/\/verlag.wiethase.de\/#organization"},"potentialAction":[{"@type":"SearchAction","target":{"@type":"EntryPoint","urlTemplate":"https:\/\/verlag.wiethase.de\/?s={search_term_string}"},"query-input":{"@type":"PropertyValueSpecification","valueRequired":true,"valueName":"search_term_string"}}],"inLanguage":"de"},{"@type":"Organization","@id":"https:\/\/verlag.wiethase.de\/#organization","name":"Wiethase Verlag","url":"https:\/\/verlag.wiethase.de\/","logo":{"@type":"ImageObject","inLanguage":"de","@id":"https:\/\/verlag.wiethase.de\/#\/schema\/logo\/image\/","url":"https:\/\/verlag.wiethase.de\/wp-content\/uploads\/2022\/07\/logo-verlag.jpg","contentUrl":"https:\/\/verlag.wiethase.de\/wp-content\/uploads\/2022\/07\/logo-verlag.jpg","width":790,"height":514,"caption":"Wiethase Verlag"},"image":{"@id":"https:\/\/verlag.wiethase.de\/#\/schema\/logo\/image\/"},"sameAs":["https:\/\/www.facebook.com\/profile.php?id=100063974142366"]}]}},"_links":{"self":[{"href":"https:\/\/verlag.wiethase.de\/index.php?rest_route=\/wp\/v2\/pages\/365","targetHints":{"allow":["GET"]}}],"collection":[{"href":"https:\/\/verlag.wiethase.de\/index.php?rest_route=\/wp\/v2\/pages"}],"about":[{"href":"https:\/\/verlag.wiethase.de\/index.php?rest_route=\/wp\/v2\/types\/page"}],"author":[{"embeddable":true,"href":"https:\/\/verlag.wiethase.de\/index.php?rest_route=\/wp\/v2\/users\/1"}],"replies":[{"embeddable":true,"href":"https:\/\/verlag.wiethase.de\/index.php?rest_route=%2Fwp%2Fv2%2Fcomments&post=365"}],"version-history":[{"count":5,"href":"https:\/\/verlag.wiethase.de\/index.php?rest_route=\/wp\/v2\/pages\/365\/revisions"}],"predecessor-version":[{"id":852,"href":"https:\/\/verlag.wiethase.de\/index.php?rest_route=\/wp\/v2\/pages\/365\/revisions\/852"}],"up":[{"embeddable":true,"href":"https:\/\/verlag.wiethase.de\/index.php?rest_route=\/wp\/v2\/pages\/390"}],"wp:attachment":[{"href":"https:\/\/verlag.wiethase.de\/index.php?rest_route=%2Fwp%2Fv2%2Fmedia&parent=365"}],"curies":[{"name":"wp","href":"https:\/\/api.w.org\/{rel}","templated":true}]}}