{"id":36,"date":"2014-06-30T10:14:17","date_gmt":"2014-06-30T10:14:17","guid":{"rendered":"http:\/\/verlag.wiethase.de\/?page_id=36"},"modified":"2025-10-21T12:02:46","modified_gmt":"2025-10-21T12:02:46","slug":"toxophilus","status":"publish","type":"page","link":"https:\/\/verlag.wiethase.de\/?page_id=36","title":{"rendered":"Toxophilus zweisprachig"},"content":{"rendered":"<p><a href=\"https:\/\/verlag.wiethase.de\/wp-content\/uploads\/2014\/06\/toxocover.jpg\"><img loading=\"lazy\" decoding=\"async\" class=\"alignnone size-thumbnail wp-image-37\" src=\"https:\/\/verlag.wiethase.de\/wp-content\/uploads\/2014\/06\/toxocover-150x150.jpg\" alt=\"toxocover\" width=\"150\" height=\"150\" \/><\/a><\/p>\n<p class=\"p1\">ISBN 3-937632-12-3 Euro 45,00<\/p>\n<p>Nur noch wenige Exemplare der Originalausgabe dieses Buches sind vorhanden, deshalb die Preis\u00e4nderung. Ein Nachdruck ist aus Kostengr\u00fcnden nicht geplant.<\/p>\n<p class=\"p1\">320 Seiten, Vollleinen mit Goldpr\u00e4gedruck,\u00a0Leseb\u00e4ndchen und Schutzumschlag,<\/p>\n<p class=\"p1\">Der Toxophilus ist die \u00e4lteste und\u00a0meistzitierte ausfu\u0308hrliche Anleitung\u00a0zum Bogenschie\u00dfen und erkl\u00e4rt au\u00dferdem\u00a0ausfu\u0308hrlich die Ausru\u0308stung\u00a0des Bogenschu\u0308tzen der Antike, des\u00a0Mittelalters und der Renaissance.\u00a0Dieser Dialog zwischen Philologus,\u00a0dem Freund des Wortes, und Toxophilus,\u00a0dem Freund des Schie\u00dfens,\u00a0l\u00e4sst nicht nur tiefe Einblicke in die\u00a0Antike und das ausgehende Mittelalter\u00a0zu, sondern erlaubt durch seine Zeitlosigkeit einen fachlich\u00a0fundierten und h\u00f6chst amu\u0308santen Spaziergang durch die Kunst\u00a0des Bogenschie\u00dfens.<\/p>\n<p class=\"p1\">Auch als Kindle-Buch erh\u00e4ltlich.<\/p>\n<p class=\"p1\"><img loading=\"lazy\" decoding=\"async\" class=\"alignnone size-thumbnail wp-image-39\" src=\"https:\/\/verlag.wiethase.de\/wp-content\/uploads\/2014\/06\/toxophilus-h\u00f6r-ISBN-3-937632-13-1-150x150.jpg\" alt=\"toxophilus h\u00f6r ISBN 3-937632-13-1\" width=\"150\" height=\"150\" srcset=\"https:\/\/verlag.wiethase.de\/wp-content\/uploads\/2014\/06\/toxophilus-h\u00f6r-ISBN-3-937632-13-1-150x150.jpg 150w, https:\/\/verlag.wiethase.de\/wp-content\/uploads\/2014\/06\/toxophilus-h\u00f6r-ISBN-3-937632-13-1-300x300.jpg 300w, https:\/\/verlag.wiethase.de\/wp-content\/uploads\/2014\/06\/toxophilus-h\u00f6r-ISBN-3-937632-13-1.jpg 1000w\" sizes=\"auto, (max-width: 150px) 100vw, 150px\" \/><\/p>\n<p class=\"p1\">ISBN 3-937632-13-1 Euro 34,90<\/p>\n<p class=\"p2\">306 Minuten (nahezu 5 Stunden) auf vier Audio CD\u00b4s in der\u00a0DVD-Box mit Begleitheft.<\/p>\n<p class=\"p1\">Das H\u00f6rbuch wird gelesen von den\u00a0erfahrenen Synchron- und Kommentarsprechern\u00a0Erhart Hartmann als Toxophilus\u00a0und Hendrik Wiethase als\u00a0Philologus.<\/p>\n<p class=\"p1\"><strong>Auch u\u0308ber audible.de erh\u00e4ltlich und probeh\u00f6ren<\/strong><\/p>\n<p class=\"p1\">Besonders reizvoll an dieser sehr ausf\u00fchrlichen Anleitung zum Bogenschie\u00dfen ist die Weise, in der Ascham sein gro\u00dfes Wissen an den Leser und hier an den Zuh\u00f6rer bringt: er folgt dem Vorbild Aristoteles und erfindet zwei Protagonisten, die sich in einem freundschaftlichen Gespr\u00e4ch unter Gelehrten der Sache annehmen. Den einen nennt er Philologus, also den Freund des Wortes, den anderen nennt er Toxophilus, den Freund des Bogens. Gewidmet hat Ascham das Buch K\u00f6nig Heinrich dem Vierten und er \u00fcbergab es diesem nach seiner R\u00fcckkehr von seiner siegreichen Schlacht bei Boulogne. Bei aller Geschichtsverliebtheit kommen auch jene nicht zu kurz, die erwarten, im Toxophilus eine Anleitung zur Schie\u00dftechnik und zum Pfeil- und Bogenbau zu finden. Ascham baut sein gesamtes zweites Buch, oder besser gesagt, den zweiten Teil seines Buches, systematisch eigens f\u00fcr diese Leser auf.<\/p>\n","protected":false},"excerpt":{"rendered":"<p>ISBN 3-937632-12-3 Euro 45,00 Nur noch wenige Exemplare der Originalausgabe dieses Buches sind vorhanden, deshalb die Preis\u00e4nderung. Ein Nachdruck ist aus Kostengr\u00fcnden nicht geplant. 320 Seiten, Vollleinen mit Goldpr\u00e4gedruck,\u00a0Leseb\u00e4ndchen und Schutzumschlag, Der Toxophilus ist die \u00e4lteste und\u00a0meistzitierte ausfu\u0308hrliche Anleitung\u00a0zum Bogenschie\u00dfen &hellip; <a href=\"https:\/\/verlag.wiethase.de\/?page_id=36\">Weiterlesen <span class=\"meta-nav\">&rarr;<\/span><\/a><\/p>\n","protected":false},"author":1,"featured_media":0,"parent":383,"menu_order":0,"comment_status":"open","ping_status":"closed","template":"showcase.php","meta":{"_monsterinsights_skip_tracking":false,"_monsterinsights_sitenote_active":false,"_monsterinsights_sitenote_note":"","_monsterinsights_sitenote_category":0,"footnotes":""},"class_list":["post-36","page","type-page","status-publish","hentry"],"yoast_head":"<!-- This site is optimized with the Yoast SEO plugin v27.4 - https:\/\/yoast.com\/product\/yoast-seo-wordpress\/ -->\n<title>Toxophilus zweisprachig - WiethaseVerlag<\/title>\n<meta name=\"robots\" content=\"index, follow, max-snippet:-1, max-image-preview:large, max-video-preview:-1\" \/>\n<link rel=\"canonical\" href=\"https:\/\/verlag.wiethase.de\/?page_id=36\" \/>\n<meta property=\"og:locale\" content=\"de_DE\" \/>\n<meta property=\"og:type\" content=\"article\" \/>\n<meta property=\"og:title\" content=\"Toxophilus zweisprachig - WiethaseVerlag\" \/>\n<meta property=\"og:description\" content=\"ISBN 3-937632-12-3 Euro 45,00 Nur noch wenige Exemplare der Originalausgabe dieses Buches sind vorhanden, deshalb die Preis\u00e4nderung. Ein Nachdruck ist aus Kostengr\u00fcnden nicht geplant. 320 Seiten, Vollleinen mit Goldpr\u00e4gedruck,\u00a0Leseb\u00e4ndchen und Schutzumschlag, Der Toxophilus ist die \u00e4lteste und\u00a0meistzitierte ausfu\u0308hrliche Anleitung\u00a0zum Bogenschie\u00dfen &hellip; Weiterlesen &rarr;\" \/>\n<meta property=\"og:url\" content=\"https:\/\/verlag.wiethase.de\/?page_id=36\" \/>\n<meta property=\"og:site_name\" content=\"WiethaseVerlag\" \/>\n<meta property=\"article:publisher\" content=\"https:\/\/www.facebook.com\/profile.php?id=100063974142366\" \/>\n<meta property=\"article:modified_time\" content=\"2025-10-21T12:02:46+00:00\" \/>\n<meta property=\"og:image\" content=\"https:\/\/verlag.wiethase.de\/wp-content\/uploads\/2014\/06\/toxocover.jpg\" \/>\n\t<meta property=\"og:image:width\" content=\"341\" \/>\n\t<meta property=\"og:image:height\" content=\"500\" \/>\n\t<meta property=\"og:image:type\" content=\"image\/jpeg\" \/>\n<meta name=\"twitter:card\" content=\"summary_large_image\" \/>\n<meta name=\"twitter:label1\" content=\"Gesch\u00e4tzte Lesezeit\" \/>\n\t<meta name=\"twitter:data1\" content=\"2\u00a0Minuten\" \/>\n<script type=\"application\/ld+json\" class=\"yoast-schema-graph\">{\"@context\":\"https:\\\/\\\/schema.org\",\"@graph\":[{\"@type\":\"WebPage\",\"@id\":\"https:\\\/\\\/verlag.wiethase.de\\\/?page_id=36\",\"url\":\"https:\\\/\\\/verlag.wiethase.de\\\/?page_id=36\",\"name\":\"Toxophilus zweisprachig - WiethaseVerlag\",\"isPartOf\":{\"@id\":\"https:\\\/\\\/verlag.wiethase.de\\\/#website\"},\"primaryImageOfPage\":{\"@id\":\"https:\\\/\\\/verlag.wiethase.de\\\/?page_id=36#primaryimage\"},\"image\":{\"@id\":\"https:\\\/\\\/verlag.wiethase.de\\\/?page_id=36#primaryimage\"},\"thumbnailUrl\":\"https:\\\/\\\/verlag.wiethase.de\\\/wp-content\\\/uploads\\\/2014\\\/06\\\/toxocover-150x150.jpg\",\"datePublished\":\"2014-06-30T10:14:17+00:00\",\"dateModified\":\"2025-10-21T12:02:46+00:00\",\"breadcrumb\":{\"@id\":\"https:\\\/\\\/verlag.wiethase.de\\\/?page_id=36#breadcrumb\"},\"inLanguage\":\"de\",\"potentialAction\":[{\"@type\":\"ReadAction\",\"target\":[\"https:\\\/\\\/verlag.wiethase.de\\\/?page_id=36\"]}]},{\"@type\":\"ImageObject\",\"inLanguage\":\"de\",\"@id\":\"https:\\\/\\\/verlag.wiethase.de\\\/?page_id=36#primaryimage\",\"url\":\"https:\\\/\\\/verlag.wiethase.de\\\/wp-content\\\/uploads\\\/2014\\\/06\\\/toxocover.jpg\",\"contentUrl\":\"https:\\\/\\\/verlag.wiethase.de\\\/wp-content\\\/uploads\\\/2014\\\/06\\\/toxocover.jpg\",\"width\":341,\"height\":500},{\"@type\":\"BreadcrumbList\",\"@id\":\"https:\\\/\\\/verlag.wiethase.de\\\/?page_id=36#breadcrumb\",\"itemListElement\":[{\"@type\":\"ListItem\",\"position\":1,\"name\":\"Startseite\",\"item\":\"https:\\\/\\\/verlag.wiethase.de\\\/\"},{\"@type\":\"ListItem\",\"position\":2,\"name\":\"Bogen-B\u00fccher + DVD\",\"item\":\"https:\\\/\\\/verlag.wiethase.de\\\/?page_id=383\"},{\"@type\":\"ListItem\",\"position\":3,\"name\":\"Toxophilus zweisprachig\"}]},{\"@type\":\"WebSite\",\"@id\":\"https:\\\/\\\/verlag.wiethase.de\\\/#website\",\"url\":\"https:\\\/\\\/verlag.wiethase.de\\\/\",\"name\":\"WiethaseVerlag\",\"description\":\"B\u00fccher - DVD - H\u00f6rb\u00fccher\",\"publisher\":{\"@id\":\"https:\\\/\\\/verlag.wiethase.de\\\/#organization\"},\"potentialAction\":[{\"@type\":\"SearchAction\",\"target\":{\"@type\":\"EntryPoint\",\"urlTemplate\":\"https:\\\/\\\/verlag.wiethase.de\\\/?s={search_term_string}\"},\"query-input\":{\"@type\":\"PropertyValueSpecification\",\"valueRequired\":true,\"valueName\":\"search_term_string\"}}],\"inLanguage\":\"de\"},{\"@type\":\"Organization\",\"@id\":\"https:\\\/\\\/verlag.wiethase.de\\\/#organization\",\"name\":\"Wiethase Verlag\",\"url\":\"https:\\\/\\\/verlag.wiethase.de\\\/\",\"logo\":{\"@type\":\"ImageObject\",\"inLanguage\":\"de\",\"@id\":\"https:\\\/\\\/verlag.wiethase.de\\\/#\\\/schema\\\/logo\\\/image\\\/\",\"url\":\"https:\\\/\\\/verlag.wiethase.de\\\/wp-content\\\/uploads\\\/2022\\\/07\\\/logo-verlag.jpg\",\"contentUrl\":\"https:\\\/\\\/verlag.wiethase.de\\\/wp-content\\\/uploads\\\/2022\\\/07\\\/logo-verlag.jpg\",\"width\":790,\"height\":514,\"caption\":\"Wiethase Verlag\"},\"image\":{\"@id\":\"https:\\\/\\\/verlag.wiethase.de\\\/#\\\/schema\\\/logo\\\/image\\\/\"},\"sameAs\":[\"https:\\\/\\\/www.facebook.com\\\/profile.php?id=100063974142366\"]}]}<\/script>\n<!-- \/ Yoast SEO plugin. -->","yoast_head_json":{"title":"Toxophilus zweisprachig - WiethaseVerlag","robots":{"index":"index","follow":"follow","max-snippet":"max-snippet:-1","max-image-preview":"max-image-preview:large","max-video-preview":"max-video-preview:-1"},"canonical":"https:\/\/verlag.wiethase.de\/?page_id=36","og_locale":"de_DE","og_type":"article","og_title":"Toxophilus zweisprachig - WiethaseVerlag","og_description":"ISBN 3-937632-12-3 Euro 45,00 Nur noch wenige Exemplare der Originalausgabe dieses Buches sind vorhanden, deshalb die Preis\u00e4nderung. Ein Nachdruck ist aus Kostengr\u00fcnden nicht geplant. 320 Seiten, Vollleinen mit Goldpr\u00e4gedruck,\u00a0Leseb\u00e4ndchen und Schutzumschlag, Der Toxophilus ist die \u00e4lteste und\u00a0meistzitierte ausfu\u0308hrliche Anleitung\u00a0zum Bogenschie\u00dfen &hellip; Weiterlesen &rarr;","og_url":"https:\/\/verlag.wiethase.de\/?page_id=36","og_site_name":"WiethaseVerlag","article_publisher":"https:\/\/www.facebook.com\/profile.php?id=100063974142366","article_modified_time":"2025-10-21T12:02:46+00:00","og_image":[{"width":341,"height":500,"url":"https:\/\/verlag.wiethase.de\/wp-content\/uploads\/2014\/06\/toxocover.jpg","type":"image\/jpeg"}],"twitter_card":"summary_large_image","twitter_misc":{"Gesch\u00e4tzte Lesezeit":"2\u00a0Minuten"},"schema":{"@context":"https:\/\/schema.org","@graph":[{"@type":"WebPage","@id":"https:\/\/verlag.wiethase.de\/?page_id=36","url":"https:\/\/verlag.wiethase.de\/?page_id=36","name":"Toxophilus zweisprachig - WiethaseVerlag","isPartOf":{"@id":"https:\/\/verlag.wiethase.de\/#website"},"primaryImageOfPage":{"@id":"https:\/\/verlag.wiethase.de\/?page_id=36#primaryimage"},"image":{"@id":"https:\/\/verlag.wiethase.de\/?page_id=36#primaryimage"},"thumbnailUrl":"https:\/\/verlag.wiethase.de\/wp-content\/uploads\/2014\/06\/toxocover-150x150.jpg","datePublished":"2014-06-30T10:14:17+00:00","dateModified":"2025-10-21T12:02:46+00:00","breadcrumb":{"@id":"https:\/\/verlag.wiethase.de\/?page_id=36#breadcrumb"},"inLanguage":"de","potentialAction":[{"@type":"ReadAction","target":["https:\/\/verlag.wiethase.de\/?page_id=36"]}]},{"@type":"ImageObject","inLanguage":"de","@id":"https:\/\/verlag.wiethase.de\/?page_id=36#primaryimage","url":"https:\/\/verlag.wiethase.de\/wp-content\/uploads\/2014\/06\/toxocover.jpg","contentUrl":"https:\/\/verlag.wiethase.de\/wp-content\/uploads\/2014\/06\/toxocover.jpg","width":341,"height":500},{"@type":"BreadcrumbList","@id":"https:\/\/verlag.wiethase.de\/?page_id=36#breadcrumb","itemListElement":[{"@type":"ListItem","position":1,"name":"Startseite","item":"https:\/\/verlag.wiethase.de\/"},{"@type":"ListItem","position":2,"name":"Bogen-B\u00fccher + DVD","item":"https:\/\/verlag.wiethase.de\/?page_id=383"},{"@type":"ListItem","position":3,"name":"Toxophilus zweisprachig"}]},{"@type":"WebSite","@id":"https:\/\/verlag.wiethase.de\/#website","url":"https:\/\/verlag.wiethase.de\/","name":"WiethaseVerlag","description":"B\u00fccher - DVD - H\u00f6rb\u00fccher","publisher":{"@id":"https:\/\/verlag.wiethase.de\/#organization"},"potentialAction":[{"@type":"SearchAction","target":{"@type":"EntryPoint","urlTemplate":"https:\/\/verlag.wiethase.de\/?s={search_term_string}"},"query-input":{"@type":"PropertyValueSpecification","valueRequired":true,"valueName":"search_term_string"}}],"inLanguage":"de"},{"@type":"Organization","@id":"https:\/\/verlag.wiethase.de\/#organization","name":"Wiethase Verlag","url":"https:\/\/verlag.wiethase.de\/","logo":{"@type":"ImageObject","inLanguage":"de","@id":"https:\/\/verlag.wiethase.de\/#\/schema\/logo\/image\/","url":"https:\/\/verlag.wiethase.de\/wp-content\/uploads\/2022\/07\/logo-verlag.jpg","contentUrl":"https:\/\/verlag.wiethase.de\/wp-content\/uploads\/2022\/07\/logo-verlag.jpg","width":790,"height":514,"caption":"Wiethase Verlag"},"image":{"@id":"https:\/\/verlag.wiethase.de\/#\/schema\/logo\/image\/"},"sameAs":["https:\/\/www.facebook.com\/profile.php?id=100063974142366"]}]}},"_links":{"self":[{"href":"https:\/\/verlag.wiethase.de\/index.php?rest_route=\/wp\/v2\/pages\/36","targetHints":{"allow":["GET"]}}],"collection":[{"href":"https:\/\/verlag.wiethase.de\/index.php?rest_route=\/wp\/v2\/pages"}],"about":[{"href":"https:\/\/verlag.wiethase.de\/index.php?rest_route=\/wp\/v2\/types\/page"}],"author":[{"embeddable":true,"href":"https:\/\/verlag.wiethase.de\/index.php?rest_route=\/wp\/v2\/users\/1"}],"replies":[{"embeddable":true,"href":"https:\/\/verlag.wiethase.de\/index.php?rest_route=%2Fwp%2Fv2%2Fcomments&post=36"}],"version-history":[{"count":6,"href":"https:\/\/verlag.wiethase.de\/index.php?rest_route=\/wp\/v2\/pages\/36\/revisions"}],"predecessor-version":[{"id":1136,"href":"https:\/\/verlag.wiethase.de\/index.php?rest_route=\/wp\/v2\/pages\/36\/revisions\/1136"}],"up":[{"embeddable":true,"href":"https:\/\/verlag.wiethase.de\/index.php?rest_route=\/wp\/v2\/pages\/383"}],"wp:attachment":[{"href":"https:\/\/verlag.wiethase.de\/index.php?rest_route=%2Fwp%2Fv2%2Fmedia&parent=36"}],"curies":[{"name":"wp","href":"https:\/\/api.w.org\/{rel}","templated":true}]}}