{"id":189,"date":"2016-03-24T18:17:29","date_gmt":"2016-03-24T18:17:29","guid":{"rendered":"http:\/\/verlag.wiethase.de\/?page_id=189"},"modified":"2024-12-22T19:05:12","modified_gmt":"2024-12-22T19:05:12","slug":"ata-epe-bows-arrows-and-archery-of-africa","status":"publish","type":"page","link":"https:\/\/verlag.wiethase.de\/?page_id=189","title":{"rendered":"No Longer available: Ata Epe &#8211; Bows, Arrows and Archery of Africa"},"content":{"rendered":"\n<p><\/p>\n\n\n\n<p><\/p>\n\n\n<p>Enthusiasm for archery in general and the fact that no contemporary book satisfactorily documents the history, profileration and richness of the characteristics of African bows, were the motivation for writing this book.<\/p>\n<p>Nine\u00a0years after the German issue was released, the English translation of this book is finally completed.<\/p>\n<p>Wettin, 2016<\/p>\n<p><a href=\"https:\/\/www.amazon.de\/Ata-Epe-Arrows-Archery-Africa\/dp\/3937632786\/ref=sr_1_1?ie=UTF8&amp;qid=1468739716&amp;sr=8-1&amp;keywords=9783937632780\"><img loading=\"lazy\" decoding=\"async\" class=\"alignnone wp-image-191 size-full\" src=\"https:\/\/verlag.wiethase.de\/wp-content\/uploads\/2016\/03\/AtaEpeEnglischfront.jpg\" alt=\"AtaEpeEnglischfront\" width=\"2429\" height=\"3544\" srcset=\"https:\/\/verlag.wiethase.de\/wp-content\/uploads\/2016\/03\/AtaEpeEnglischfront.jpg 2429w, https:\/\/verlag.wiethase.de\/wp-content\/uploads\/2016\/03\/AtaEpeEnglischfront-206x300.jpg 206w, https:\/\/verlag.wiethase.de\/wp-content\/uploads\/2016\/03\/AtaEpeEnglischfront-768x1121.jpg 768w, https:\/\/verlag.wiethase.de\/wp-content\/uploads\/2016\/03\/AtaEpeEnglischfront-702x1024.jpg 702w\" sizes=\"auto, (max-width: 2429px) 100vw, 2429px\" \/><\/a><\/p>\n<p>ISBN 978393763278-0<\/p>\n<p>192 pages, solid paperback with 135 gr. Paper in A4 (29\/20cm) for \u00a047.&#8211; plus postage<\/p>\n<p><span style=\"background-color: #ffff99;\"><strong>The book is no longer available. I recommend to get the new and much more extensive book &#8222;Bows, Arrows and Spears of Africa&#8220;<\/strong><\/span><\/p>","protected":false},"excerpt":{"rendered":"<p>Enthusiasm for archery in general and the fact that no contemporary book satisfactorily documents the history, profileration and richness of the characteristics of African bows, were the motivation for writing this book. Nine\u00a0years after the German issue was released, the &hellip; <a href=\"https:\/\/verlag.wiethase.de\/?page_id=189\">Weiterlesen <span class=\"meta-nav\">&rarr;<\/span><\/a><\/p>\n","protected":false},"author":1,"featured_media":199,"parent":388,"menu_order":0,"comment_status":"closed","ping_status":"closed","template":"","meta":{"_monsterinsights_skip_tracking":false,"_monsterinsights_sitenote_active":false,"_monsterinsights_sitenote_note":"","_monsterinsights_sitenote_category":0,"footnotes":""},"class_list":["post-189","page","type-page","status-publish","has-post-thumbnail","hentry"],"yoast_head":"<!-- This site is optimized with the Yoast SEO plugin v27.4 - https:\/\/yoast.com\/product\/yoast-seo-wordpress\/ -->\n<title>No Longer available: Ata Epe - Bows, Arrows and Archery of Africa - WiethaseVerlag<\/title>\n<meta name=\"robots\" content=\"index, follow, max-snippet:-1, max-image-preview:large, max-video-preview:-1\" \/>\n<link rel=\"canonical\" href=\"https:\/\/verlag.wiethase.de\/?page_id=189\" \/>\n<meta property=\"og:locale\" content=\"de_DE\" \/>\n<meta property=\"og:type\" content=\"article\" \/>\n<meta property=\"og:title\" content=\"No Longer available: Ata Epe - Bows, Arrows and Archery of Africa - WiethaseVerlag\" \/>\n<meta property=\"og:description\" content=\"Enthusiasm for archery in general and the fact that no contemporary book satisfactorily documents the history, profileration and richness of the characteristics of African bows, were the motivation for writing this book. Nine\u00a0years after the German issue was released, the &hellip; Weiterlesen &rarr;\" \/>\n<meta property=\"og:url\" content=\"https:\/\/verlag.wiethase.de\/?page_id=189\" \/>\n<meta property=\"og:site_name\" content=\"WiethaseVerlag\" \/>\n<meta property=\"article:publisher\" content=\"https:\/\/www.facebook.com\/profile.php?id=100063974142366\" \/>\n<meta property=\"article:modified_time\" content=\"2024-12-22T19:05:12+00:00\" \/>\n<meta property=\"og:image\" content=\"https:\/\/verlag.wiethase.de\/wp-content\/uploads\/2016\/03\/Ibi-in-nordnigeria.jpg\" \/>\n\t<meta property=\"og:image:width\" content=\"2008\" \/>\n\t<meta property=\"og:image:height\" content=\"1506\" \/>\n\t<meta property=\"og:image:type\" content=\"image\/jpeg\" \/>\n<meta name=\"twitter:card\" content=\"summary_large_image\" \/>\n<meta name=\"twitter:label1\" content=\"Gesch\u00e4tzte Lesezeit\" \/>\n\t<meta name=\"twitter:data1\" content=\"1\u00a0Minute\" \/>\n<script type=\"application\/ld+json\" class=\"yoast-schema-graph\">{\"@context\":\"https:\\\/\\\/schema.org\",\"@graph\":[{\"@type\":\"WebPage\",\"@id\":\"https:\\\/\\\/verlag.wiethase.de\\\/?page_id=189\",\"url\":\"https:\\\/\\\/verlag.wiethase.de\\\/?page_id=189\",\"name\":\"No Longer available: Ata Epe - Bows, Arrows and Archery of Africa - WiethaseVerlag\",\"isPartOf\":{\"@id\":\"https:\\\/\\\/verlag.wiethase.de\\\/#website\"},\"primaryImageOfPage\":{\"@id\":\"https:\\\/\\\/verlag.wiethase.de\\\/?page_id=189#primaryimage\"},\"image\":{\"@id\":\"https:\\\/\\\/verlag.wiethase.de\\\/?page_id=189#primaryimage\"},\"thumbnailUrl\":\"https:\\\/\\\/verlag.wiethase.de\\\/wp-content\\\/uploads\\\/2016\\\/03\\\/Ibi-in-nordnigeria.jpg\",\"datePublished\":\"2016-03-24T18:17:29+00:00\",\"dateModified\":\"2024-12-22T19:05:12+00:00\",\"breadcrumb\":{\"@id\":\"https:\\\/\\\/verlag.wiethase.de\\\/?page_id=189#breadcrumb\"},\"inLanguage\":\"de\",\"potentialAction\":[{\"@type\":\"ReadAction\",\"target\":[\"https:\\\/\\\/verlag.wiethase.de\\\/?page_id=189\"]}]},{\"@type\":\"ImageObject\",\"inLanguage\":\"de\",\"@id\":\"https:\\\/\\\/verlag.wiethase.de\\\/?page_id=189#primaryimage\",\"url\":\"https:\\\/\\\/verlag.wiethase.de\\\/wp-content\\\/uploads\\\/2016\\\/03\\\/Ibi-in-nordnigeria.jpg\",\"contentUrl\":\"https:\\\/\\\/verlag.wiethase.de\\\/wp-content\\\/uploads\\\/2016\\\/03\\\/Ibi-in-nordnigeria.jpg\",\"width\":2008,\"height\":1506},{\"@type\":\"BreadcrumbList\",\"@id\":\"https:\\\/\\\/verlag.wiethase.de\\\/?page_id=189#breadcrumb\",\"itemListElement\":[{\"@type\":\"ListItem\",\"position\":1,\"name\":\"Startseite\",\"item\":\"https:\\\/\\\/verlag.wiethase.de\\\/\"},{\"@type\":\"ListItem\",\"position\":2,\"name\":\"Archery books\",\"item\":\"https:\\\/\\\/verlag.wiethase.de\\\/?page_id=388\"},{\"@type\":\"ListItem\",\"position\":3,\"name\":\"No Longer available: Ata Epe &#8211; Bows, Arrows and Archery of Africa\"}]},{\"@type\":\"WebSite\",\"@id\":\"https:\\\/\\\/verlag.wiethase.de\\\/#website\",\"url\":\"https:\\\/\\\/verlag.wiethase.de\\\/\",\"name\":\"WiethaseVerlag\",\"description\":\"B\u00fccher - DVD - H\u00f6rb\u00fccher\",\"publisher\":{\"@id\":\"https:\\\/\\\/verlag.wiethase.de\\\/#organization\"},\"potentialAction\":[{\"@type\":\"SearchAction\",\"target\":{\"@type\":\"EntryPoint\",\"urlTemplate\":\"https:\\\/\\\/verlag.wiethase.de\\\/?s={search_term_string}\"},\"query-input\":{\"@type\":\"PropertyValueSpecification\",\"valueRequired\":true,\"valueName\":\"search_term_string\"}}],\"inLanguage\":\"de\"},{\"@type\":\"Organization\",\"@id\":\"https:\\\/\\\/verlag.wiethase.de\\\/#organization\",\"name\":\"Wiethase Verlag\",\"url\":\"https:\\\/\\\/verlag.wiethase.de\\\/\",\"logo\":{\"@type\":\"ImageObject\",\"inLanguage\":\"de\",\"@id\":\"https:\\\/\\\/verlag.wiethase.de\\\/#\\\/schema\\\/logo\\\/image\\\/\",\"url\":\"https:\\\/\\\/verlag.wiethase.de\\\/wp-content\\\/uploads\\\/2022\\\/07\\\/logo-verlag.jpg\",\"contentUrl\":\"https:\\\/\\\/verlag.wiethase.de\\\/wp-content\\\/uploads\\\/2022\\\/07\\\/logo-verlag.jpg\",\"width\":790,\"height\":514,\"caption\":\"Wiethase Verlag\"},\"image\":{\"@id\":\"https:\\\/\\\/verlag.wiethase.de\\\/#\\\/schema\\\/logo\\\/image\\\/\"},\"sameAs\":[\"https:\\\/\\\/www.facebook.com\\\/profile.php?id=100063974142366\"]}]}<\/script>\n<!-- \/ Yoast SEO plugin. -->","yoast_head_json":{"title":"No Longer available: Ata Epe - Bows, Arrows and Archery of Africa - WiethaseVerlag","robots":{"index":"index","follow":"follow","max-snippet":"max-snippet:-1","max-image-preview":"max-image-preview:large","max-video-preview":"max-video-preview:-1"},"canonical":"https:\/\/verlag.wiethase.de\/?page_id=189","og_locale":"de_DE","og_type":"article","og_title":"No Longer available: Ata Epe - Bows, Arrows and Archery of Africa - WiethaseVerlag","og_description":"Enthusiasm for archery in general and the fact that no contemporary book satisfactorily documents the history, profileration and richness of the characteristics of African bows, were the motivation for writing this book. Nine\u00a0years after the German issue was released, the &hellip; Weiterlesen &rarr;","og_url":"https:\/\/verlag.wiethase.de\/?page_id=189","og_site_name":"WiethaseVerlag","article_publisher":"https:\/\/www.facebook.com\/profile.php?id=100063974142366","article_modified_time":"2024-12-22T19:05:12+00:00","og_image":[{"width":2008,"height":1506,"url":"https:\/\/verlag.wiethase.de\/wp-content\/uploads\/2016\/03\/Ibi-in-nordnigeria.jpg","type":"image\/jpeg"}],"twitter_card":"summary_large_image","twitter_misc":{"Gesch\u00e4tzte Lesezeit":"1\u00a0Minute"},"schema":{"@context":"https:\/\/schema.org","@graph":[{"@type":"WebPage","@id":"https:\/\/verlag.wiethase.de\/?page_id=189","url":"https:\/\/verlag.wiethase.de\/?page_id=189","name":"No Longer available: Ata Epe - Bows, Arrows and Archery of Africa - WiethaseVerlag","isPartOf":{"@id":"https:\/\/verlag.wiethase.de\/#website"},"primaryImageOfPage":{"@id":"https:\/\/verlag.wiethase.de\/?page_id=189#primaryimage"},"image":{"@id":"https:\/\/verlag.wiethase.de\/?page_id=189#primaryimage"},"thumbnailUrl":"https:\/\/verlag.wiethase.de\/wp-content\/uploads\/2016\/03\/Ibi-in-nordnigeria.jpg","datePublished":"2016-03-24T18:17:29+00:00","dateModified":"2024-12-22T19:05:12+00:00","breadcrumb":{"@id":"https:\/\/verlag.wiethase.de\/?page_id=189#breadcrumb"},"inLanguage":"de","potentialAction":[{"@type":"ReadAction","target":["https:\/\/verlag.wiethase.de\/?page_id=189"]}]},{"@type":"ImageObject","inLanguage":"de","@id":"https:\/\/verlag.wiethase.de\/?page_id=189#primaryimage","url":"https:\/\/verlag.wiethase.de\/wp-content\/uploads\/2016\/03\/Ibi-in-nordnigeria.jpg","contentUrl":"https:\/\/verlag.wiethase.de\/wp-content\/uploads\/2016\/03\/Ibi-in-nordnigeria.jpg","width":2008,"height":1506},{"@type":"BreadcrumbList","@id":"https:\/\/verlag.wiethase.de\/?page_id=189#breadcrumb","itemListElement":[{"@type":"ListItem","position":1,"name":"Startseite","item":"https:\/\/verlag.wiethase.de\/"},{"@type":"ListItem","position":2,"name":"Archery books","item":"https:\/\/verlag.wiethase.de\/?page_id=388"},{"@type":"ListItem","position":3,"name":"No Longer available: Ata Epe &#8211; Bows, Arrows and Archery of Africa"}]},{"@type":"WebSite","@id":"https:\/\/verlag.wiethase.de\/#website","url":"https:\/\/verlag.wiethase.de\/","name":"WiethaseVerlag","description":"B\u00fccher - DVD - H\u00f6rb\u00fccher","publisher":{"@id":"https:\/\/verlag.wiethase.de\/#organization"},"potentialAction":[{"@type":"SearchAction","target":{"@type":"EntryPoint","urlTemplate":"https:\/\/verlag.wiethase.de\/?s={search_term_string}"},"query-input":{"@type":"PropertyValueSpecification","valueRequired":true,"valueName":"search_term_string"}}],"inLanguage":"de"},{"@type":"Organization","@id":"https:\/\/verlag.wiethase.de\/#organization","name":"Wiethase Verlag","url":"https:\/\/verlag.wiethase.de\/","logo":{"@type":"ImageObject","inLanguage":"de","@id":"https:\/\/verlag.wiethase.de\/#\/schema\/logo\/image\/","url":"https:\/\/verlag.wiethase.de\/wp-content\/uploads\/2022\/07\/logo-verlag.jpg","contentUrl":"https:\/\/verlag.wiethase.de\/wp-content\/uploads\/2022\/07\/logo-verlag.jpg","width":790,"height":514,"caption":"Wiethase Verlag"},"image":{"@id":"https:\/\/verlag.wiethase.de\/#\/schema\/logo\/image\/"},"sameAs":["https:\/\/www.facebook.com\/profile.php?id=100063974142366"]}]}},"_links":{"self":[{"href":"https:\/\/verlag.wiethase.de\/index.php?rest_route=\/wp\/v2\/pages\/189","targetHints":{"allow":["GET"]}}],"collection":[{"href":"https:\/\/verlag.wiethase.de\/index.php?rest_route=\/wp\/v2\/pages"}],"about":[{"href":"https:\/\/verlag.wiethase.de\/index.php?rest_route=\/wp\/v2\/types\/page"}],"author":[{"embeddable":true,"href":"https:\/\/verlag.wiethase.de\/index.php?rest_route=\/wp\/v2\/users\/1"}],"replies":[{"embeddable":true,"href":"https:\/\/verlag.wiethase.de\/index.php?rest_route=%2Fwp%2Fv2%2Fcomments&post=189"}],"version-history":[{"count":7,"href":"https:\/\/verlag.wiethase.de\/index.php?rest_route=\/wp\/v2\/pages\/189\/revisions"}],"predecessor-version":[{"id":1077,"href":"https:\/\/verlag.wiethase.de\/index.php?rest_route=\/wp\/v2\/pages\/189\/revisions\/1077"}],"up":[{"embeddable":true,"href":"https:\/\/verlag.wiethase.de\/index.php?rest_route=\/wp\/v2\/pages\/388"}],"wp:featuredmedia":[{"embeddable":true,"href":"https:\/\/verlag.wiethase.de\/index.php?rest_route=\/wp\/v2\/media\/199"}],"wp:attachment":[{"href":"https:\/\/verlag.wiethase.de\/index.php?rest_route=%2Fwp%2Fv2%2Fmedia&parent=189"}],"curies":[{"name":"wp","href":"https:\/\/api.w.org\/{rel}","templated":true}]}}