{"id":18,"date":"2014-06-30T09:58:01","date_gmt":"2014-06-30T09:58:01","guid":{"rendered":"http:\/\/verlag.wiethase.de\/?page_id=18"},"modified":"2018-07-31T18:11:00","modified_gmt":"2018-07-31T18:11:00","slug":"essays-ueber-das-glueck","status":"publish","type":"page","link":"https:\/\/verlag.wiethase.de\/?page_id=18","title":{"rendered":"Essays \u00fcber das Gl\u00fcck"},"content":{"rendered":"<p><a href=\"https:\/\/verlag.wiethase.de\/wp-content\/uploads\/2014\/06\/Gl\u00fcckbuch-1.jpg\"><img loading=\"lazy\" decoding=\"async\" class=\"alignnone size-thumbnail wp-image-19\" src=\"https:\/\/verlag.wiethase.de\/wp-content\/uploads\/2014\/06\/Gl\u00fcckbuch-1-150x150.jpg\" alt=\"Gl\u00fcckbuch 1\" width=\"150\" height=\"150\" \/><\/a> <a href=\"https:\/\/verlag.wiethase.de\/wp-content\/uploads\/2014\/06\/Gl\u00fcckbuch-hinten.jpg\"><img loading=\"lazy\" decoding=\"async\" class=\"alignnone size-thumbnail wp-image-20\" src=\"https:\/\/verlag.wiethase.de\/wp-content\/uploads\/2014\/06\/Gl\u00fcckbuch-hinten-150x150.jpg\" alt=\"Gl\u00fcckbuch hinten\" width=\"150\" height=\"150\" \/><\/a><\/p>\n<p>Unterst\u00fctzt von 20 Fotografien erl\u00e4utert der Autor sein pers\u00f6nliches Gl\u00fccklichsein und seine Gedanken hierzu, die auch uns alle betreffen. 108 Seiten auf Kunstdruckpapier, Hardcover A5 Querformat f\u00fcr 19,90 \u20ac<\/p>\n<p>ISBN 9783937632-67-2<\/p>\n<p class=\"p1\" style=\"text-align: center;\">Inhalt:<\/p>\n<p class=\"p1\" style=\"text-align: center;\">Vorwort &#8211; 1<\/p>\n<p class=\"p1\" style=\"text-align: center;\">Prolog &#8211; 4<\/p>\n<p class=\"p1\" style=\"text-align: center;\">Das Gute in Allem &#8211; 7<\/p>\n<p class=\"p1\" style=\"text-align: center;\">Von der Sinnlosigkeit &#8211; 10<\/p>\n<p class=\"p1\" style=\"text-align: center;\">Om -12<\/p>\n<p class=\"p1\" style=\"text-align: center;\">Leer sein -14<\/p>\n<p class=\"p1\" style=\"text-align: center;\">Frei bewegen &#8211; 18<\/p>\n<p class=\"p1\" style=\"text-align: center;\">Selbst machen &#8211; 22<\/p>\n<p class=\"p1\" style=\"text-align: center;\">Gl\u00fccksgef\u00fchl &#8211; 23<\/p>\n<p class=\"p1\" style=\"text-align: center;\">Volles Herz &#8211; 24<\/p>\n<p class=\"p1\" style=\"text-align: center;\">Gondoliere &#8211; 26<\/p>\n<p class=\"p1\" style=\"text-align: center;\">Innehalten &#8211; 34<\/p>\n<p class=\"p1\" style=\"text-align: center;\">Geschenk &#8211; 38<\/p>\n<p class=\"p1\" style=\"text-align: center;\">Gen\u00fcgsamkeit &#8211; 40<\/p>\n<p class=\"p1\" style=\"text-align: center;\">Erwartung &#8211; 44<\/p>\n<p class=\"p1\" style=\"text-align: center;\">G\u00e4ste &#8211; 48<\/p>\n<p class=\"p1\" style=\"text-align: center;\">Viel und wenig &#8211; 52<\/p>\n<p class=\"p1\" style=\"text-align: center;\">Taube &#8211; 54<\/p>\n<p class=\"p1\" style=\"text-align: center;\">Geschehen lassen &#8211; 56<\/p>\n<p class=\"p1\" style=\"text-align: center;\">Vom Leben &#8211; 58<\/p>\n<p class=\"p1\" style=\"text-align: center;\">Christiania &#8211; 64<\/p>\n<p class=\"p1\" style=\"text-align: center;\">Haben und geben &#8211; 70<\/p>\n<p class=\"p1\" style=\"text-align: center;\">Indra &#8211; 72<\/p>\n<p class=\"p1\" style=\"text-align: center;\">Ohne Sinn &#8211; 78<\/p>\n<p class=\"p1\" style=\"text-align: center;\">Vom \u00dcben &#8211; 80<\/p>\n<p class=\"p1\" style=\"text-align: center;\">Vertrauen in unser Tun &#8211; 84<\/p>\n<p class=\"p1\" style=\"text-align: center;\">Gl\u00fcck machen &#8211; 86<\/p>\n<p class=\"p1\" style=\"text-align: center;\">F\u00fclle und Mangel &#8211; 88<\/p>\n<p class=\"p1\" style=\"text-align: center;\">Schmerz &#8211; 92<\/p>\n<p class=\"p1\" style=\"text-align: center;\">Sinn und Freude &#8211; 94<\/p>\n<p class=\"p1\" style=\"text-align: center;\">Worte und Namen &#8211; 96<\/p>\n<p class=\"p1\" style=\"text-align: center;\">Es &#8211; 98<\/p>\n<p class=\"p1\" style=\"text-align: center;\">Gl\u00fcckstest &#8211; 100<\/p>\n<p class=\"p1\" style=\"text-align: center;\">Inhalt &#8211; 102<\/p>\n","protected":false},"excerpt":{"rendered":"<p>Unterst\u00fctzt von 20 Fotografien erl\u00e4utert der Autor sein pers\u00f6nliches Gl\u00fccklichsein und seine Gedanken hierzu, die auch uns alle betreffen. 108 Seiten auf Kunstdruckpapier, Hardcover A5 Querformat f\u00fcr 19,90 \u20ac ISBN 9783937632-67-2 Inhalt: Vorwort &#8211; 1 Prolog &#8211; 4 Das Gute &hellip; <a href=\"https:\/\/verlag.wiethase.de\/?page_id=18\">Weiterlesen <span class=\"meta-nav\">&rarr;<\/span><\/a><\/p>\n","protected":false},"author":1,"featured_media":22,"parent":0,"menu_order":2,"comment_status":"open","ping_status":"open","template":"showcase.php","meta":{"_monsterinsights_skip_tracking":false,"_monsterinsights_sitenote_active":false,"_monsterinsights_sitenote_note":"","_monsterinsights_sitenote_category":0,"footnotes":""},"class_list":["post-18","page","type-page","status-publish","has-post-thumbnail","hentry"],"yoast_head":"<!-- This site is optimized with the Yoast SEO plugin v27.4 - https:\/\/yoast.com\/product\/yoast-seo-wordpress\/ -->\n<title>Essays \u00fcber das Gl\u00fcck - WiethaseVerlag<\/title>\n<meta name=\"robots\" content=\"index, follow, max-snippet:-1, max-image-preview:large, max-video-preview:-1\" \/>\n<link rel=\"canonical\" href=\"https:\/\/verlag.wiethase.de\/?page_id=18\" \/>\n<meta property=\"og:locale\" content=\"de_DE\" \/>\n<meta property=\"og:type\" content=\"article\" \/>\n<meta property=\"og:title\" content=\"Essays \u00fcber das Gl\u00fcck - WiethaseVerlag\" \/>\n<meta property=\"og:description\" content=\"Unterst\u00fctzt von 20 Fotografien erl\u00e4utert der Autor sein pers\u00f6nliches Gl\u00fccklichsein und seine Gedanken hierzu, die auch uns alle betreffen. 108 Seiten auf Kunstdruckpapier, Hardcover A5 Querformat f\u00fcr 19,90 \u20ac ISBN 9783937632-67-2 Inhalt: Vorwort &#8211; 1 Prolog &#8211; 4 Das Gute &hellip; Weiterlesen &rarr;\" \/>\n<meta property=\"og:url\" content=\"https:\/\/verlag.wiethase.de\/?page_id=18\" \/>\n<meta property=\"og:site_name\" content=\"WiethaseVerlag\" \/>\n<meta property=\"article:publisher\" content=\"https:\/\/www.facebook.com\/profile.php?id=100063974142366\" \/>\n<meta property=\"article:modified_time\" content=\"2018-07-31T18:11:00+00:00\" \/>\n<meta property=\"og:image\" content=\"https:\/\/verlag.wiethase.de\/wp-content\/uploads\/2014\/06\/papaver-q.jpg\" \/>\n\t<meta property=\"og:image:width\" content=\"1122\" \/>\n\t<meta property=\"og:image:height\" content=\"236\" \/>\n\t<meta property=\"og:image:type\" content=\"image\/jpeg\" \/>\n<meta name=\"twitter:card\" content=\"summary_large_image\" \/>\n<meta name=\"twitter:label1\" content=\"Gesch\u00e4tzte Lesezeit\" \/>\n\t<meta name=\"twitter:data1\" content=\"1\u00a0Minute\" \/>\n<script type=\"application\/ld+json\" class=\"yoast-schema-graph\">{\"@context\":\"https:\\\/\\\/schema.org\",\"@graph\":[{\"@type\":\"WebPage\",\"@id\":\"https:\\\/\\\/verlag.wiethase.de\\\/?page_id=18\",\"url\":\"https:\\\/\\\/verlag.wiethase.de\\\/?page_id=18\",\"name\":\"Essays \u00fcber das Gl\u00fcck - WiethaseVerlag\",\"isPartOf\":{\"@id\":\"https:\\\/\\\/verlag.wiethase.de\\\/#website\"},\"primaryImageOfPage\":{\"@id\":\"https:\\\/\\\/verlag.wiethase.de\\\/?page_id=18#primaryimage\"},\"image\":{\"@id\":\"https:\\\/\\\/verlag.wiethase.de\\\/?page_id=18#primaryimage\"},\"thumbnailUrl\":\"https:\\\/\\\/verlag.wiethase.de\\\/wp-content\\\/uploads\\\/2014\\\/06\\\/papaver-q.jpg\",\"datePublished\":\"2014-06-30T09:58:01+00:00\",\"dateModified\":\"2018-07-31T18:11:00+00:00\",\"breadcrumb\":{\"@id\":\"https:\\\/\\\/verlag.wiethase.de\\\/?page_id=18#breadcrumb\"},\"inLanguage\":\"de\",\"potentialAction\":[{\"@type\":\"ReadAction\",\"target\":[\"https:\\\/\\\/verlag.wiethase.de\\\/?page_id=18\"]}]},{\"@type\":\"ImageObject\",\"inLanguage\":\"de\",\"@id\":\"https:\\\/\\\/verlag.wiethase.de\\\/?page_id=18#primaryimage\",\"url\":\"https:\\\/\\\/verlag.wiethase.de\\\/wp-content\\\/uploads\\\/2014\\\/06\\\/papaver-q.jpg\",\"contentUrl\":\"https:\\\/\\\/verlag.wiethase.de\\\/wp-content\\\/uploads\\\/2014\\\/06\\\/papaver-q.jpg\",\"width\":1122,\"height\":236},{\"@type\":\"BreadcrumbList\",\"@id\":\"https:\\\/\\\/verlag.wiethase.de\\\/?page_id=18#breadcrumb\",\"itemListElement\":[{\"@type\":\"ListItem\",\"position\":1,\"name\":\"Startseite\",\"item\":\"https:\\\/\\\/verlag.wiethase.de\\\/\"},{\"@type\":\"ListItem\",\"position\":2,\"name\":\"Essays \u00fcber das Gl\u00fcck\"}]},{\"@type\":\"WebSite\",\"@id\":\"https:\\\/\\\/verlag.wiethase.de\\\/#website\",\"url\":\"https:\\\/\\\/verlag.wiethase.de\\\/\",\"name\":\"WiethaseVerlag\",\"description\":\"B\u00fccher - DVD - H\u00f6rb\u00fccher\",\"publisher\":{\"@id\":\"https:\\\/\\\/verlag.wiethase.de\\\/#organization\"},\"potentialAction\":[{\"@type\":\"SearchAction\",\"target\":{\"@type\":\"EntryPoint\",\"urlTemplate\":\"https:\\\/\\\/verlag.wiethase.de\\\/?s={search_term_string}\"},\"query-input\":{\"@type\":\"PropertyValueSpecification\",\"valueRequired\":true,\"valueName\":\"search_term_string\"}}],\"inLanguage\":\"de\"},{\"@type\":\"Organization\",\"@id\":\"https:\\\/\\\/verlag.wiethase.de\\\/#organization\",\"name\":\"Wiethase Verlag\",\"url\":\"https:\\\/\\\/verlag.wiethase.de\\\/\",\"logo\":{\"@type\":\"ImageObject\",\"inLanguage\":\"de\",\"@id\":\"https:\\\/\\\/verlag.wiethase.de\\\/#\\\/schema\\\/logo\\\/image\\\/\",\"url\":\"https:\\\/\\\/verlag.wiethase.de\\\/wp-content\\\/uploads\\\/2022\\\/07\\\/logo-verlag.jpg\",\"contentUrl\":\"https:\\\/\\\/verlag.wiethase.de\\\/wp-content\\\/uploads\\\/2022\\\/07\\\/logo-verlag.jpg\",\"width\":790,\"height\":514,\"caption\":\"Wiethase Verlag\"},\"image\":{\"@id\":\"https:\\\/\\\/verlag.wiethase.de\\\/#\\\/schema\\\/logo\\\/image\\\/\"},\"sameAs\":[\"https:\\\/\\\/www.facebook.com\\\/profile.php?id=100063974142366\"]}]}<\/script>\n<!-- \/ Yoast SEO plugin. -->","yoast_head_json":{"title":"Essays \u00fcber das Gl\u00fcck - WiethaseVerlag","robots":{"index":"index","follow":"follow","max-snippet":"max-snippet:-1","max-image-preview":"max-image-preview:large","max-video-preview":"max-video-preview:-1"},"canonical":"https:\/\/verlag.wiethase.de\/?page_id=18","og_locale":"de_DE","og_type":"article","og_title":"Essays \u00fcber das Gl\u00fcck - WiethaseVerlag","og_description":"Unterst\u00fctzt von 20 Fotografien erl\u00e4utert der Autor sein pers\u00f6nliches Gl\u00fccklichsein und seine Gedanken hierzu, die auch uns alle betreffen. 108 Seiten auf Kunstdruckpapier, Hardcover A5 Querformat f\u00fcr 19,90 \u20ac ISBN 9783937632-67-2 Inhalt: Vorwort &#8211; 1 Prolog &#8211; 4 Das Gute &hellip; Weiterlesen &rarr;","og_url":"https:\/\/verlag.wiethase.de\/?page_id=18","og_site_name":"WiethaseVerlag","article_publisher":"https:\/\/www.facebook.com\/profile.php?id=100063974142366","article_modified_time":"2018-07-31T18:11:00+00:00","og_image":[{"width":1122,"height":236,"url":"https:\/\/verlag.wiethase.de\/wp-content\/uploads\/2014\/06\/papaver-q.jpg","type":"image\/jpeg"}],"twitter_card":"summary_large_image","twitter_misc":{"Gesch\u00e4tzte Lesezeit":"1\u00a0Minute"},"schema":{"@context":"https:\/\/schema.org","@graph":[{"@type":"WebPage","@id":"https:\/\/verlag.wiethase.de\/?page_id=18","url":"https:\/\/verlag.wiethase.de\/?page_id=18","name":"Essays \u00fcber das Gl\u00fcck - WiethaseVerlag","isPartOf":{"@id":"https:\/\/verlag.wiethase.de\/#website"},"primaryImageOfPage":{"@id":"https:\/\/verlag.wiethase.de\/?page_id=18#primaryimage"},"image":{"@id":"https:\/\/verlag.wiethase.de\/?page_id=18#primaryimage"},"thumbnailUrl":"https:\/\/verlag.wiethase.de\/wp-content\/uploads\/2014\/06\/papaver-q.jpg","datePublished":"2014-06-30T09:58:01+00:00","dateModified":"2018-07-31T18:11:00+00:00","breadcrumb":{"@id":"https:\/\/verlag.wiethase.de\/?page_id=18#breadcrumb"},"inLanguage":"de","potentialAction":[{"@type":"ReadAction","target":["https:\/\/verlag.wiethase.de\/?page_id=18"]}]},{"@type":"ImageObject","inLanguage":"de","@id":"https:\/\/verlag.wiethase.de\/?page_id=18#primaryimage","url":"https:\/\/verlag.wiethase.de\/wp-content\/uploads\/2014\/06\/papaver-q.jpg","contentUrl":"https:\/\/verlag.wiethase.de\/wp-content\/uploads\/2014\/06\/papaver-q.jpg","width":1122,"height":236},{"@type":"BreadcrumbList","@id":"https:\/\/verlag.wiethase.de\/?page_id=18#breadcrumb","itemListElement":[{"@type":"ListItem","position":1,"name":"Startseite","item":"https:\/\/verlag.wiethase.de\/"},{"@type":"ListItem","position":2,"name":"Essays \u00fcber das Gl\u00fcck"}]},{"@type":"WebSite","@id":"https:\/\/verlag.wiethase.de\/#website","url":"https:\/\/verlag.wiethase.de\/","name":"WiethaseVerlag","description":"B\u00fccher - DVD - H\u00f6rb\u00fccher","publisher":{"@id":"https:\/\/verlag.wiethase.de\/#organization"},"potentialAction":[{"@type":"SearchAction","target":{"@type":"EntryPoint","urlTemplate":"https:\/\/verlag.wiethase.de\/?s={search_term_string}"},"query-input":{"@type":"PropertyValueSpecification","valueRequired":true,"valueName":"search_term_string"}}],"inLanguage":"de"},{"@type":"Organization","@id":"https:\/\/verlag.wiethase.de\/#organization","name":"Wiethase Verlag","url":"https:\/\/verlag.wiethase.de\/","logo":{"@type":"ImageObject","inLanguage":"de","@id":"https:\/\/verlag.wiethase.de\/#\/schema\/logo\/image\/","url":"https:\/\/verlag.wiethase.de\/wp-content\/uploads\/2022\/07\/logo-verlag.jpg","contentUrl":"https:\/\/verlag.wiethase.de\/wp-content\/uploads\/2022\/07\/logo-verlag.jpg","width":790,"height":514,"caption":"Wiethase Verlag"},"image":{"@id":"https:\/\/verlag.wiethase.de\/#\/schema\/logo\/image\/"},"sameAs":["https:\/\/www.facebook.com\/profile.php?id=100063974142366"]}]}},"_links":{"self":[{"href":"https:\/\/verlag.wiethase.de\/index.php?rest_route=\/wp\/v2\/pages\/18","targetHints":{"allow":["GET"]}}],"collection":[{"href":"https:\/\/verlag.wiethase.de\/index.php?rest_route=\/wp\/v2\/pages"}],"about":[{"href":"https:\/\/verlag.wiethase.de\/index.php?rest_route=\/wp\/v2\/types\/page"}],"author":[{"embeddable":true,"href":"https:\/\/verlag.wiethase.de\/index.php?rest_route=\/wp\/v2\/users\/1"}],"replies":[{"embeddable":true,"href":"https:\/\/verlag.wiethase.de\/index.php?rest_route=%2Fwp%2Fv2%2Fcomments&post=18"}],"version-history":[{"count":6,"href":"https:\/\/verlag.wiethase.de\/index.php?rest_route=\/wp\/v2\/pages\/18\/revisions"}],"predecessor-version":[{"id":486,"href":"https:\/\/verlag.wiethase.de\/index.php?rest_route=\/wp\/v2\/pages\/18\/revisions\/486"}],"wp:featuredmedia":[{"embeddable":true,"href":"https:\/\/verlag.wiethase.de\/index.php?rest_route=\/wp\/v2\/media\/22"}],"wp:attachment":[{"href":"https:\/\/verlag.wiethase.de\/index.php?rest_route=%2Fwp%2Fv2%2Fmedia&parent=18"}],"curies":[{"name":"wp","href":"https:\/\/api.w.org\/{rel}","templated":true}]}}