{"id":115,"date":"2014-09-07T08:26:15","date_gmt":"2014-09-07T08:26:15","guid":{"rendered":"http:\/\/verlag.wiethase.de\/?page_id=115"},"modified":"2020-11-26T13:08:57","modified_gmt":"2020-11-26T13:08:57","slug":"toxophilus-taschenbuch","status":"publish","type":"page","link":"https:\/\/verlag.wiethase.de\/?page_id=115","title":{"rendered":"Toxophilus Taschenbuch"},"content":{"rendered":"<p><a href=\"https:\/\/verlag.wiethase.de\/wp-content\/uploads\/2014\/09\/toxo-TB-back.jpg\"><img loading=\"lazy\" decoding=\"async\" class=\"alignnone size-thumbnail wp-image-116\" src=\"https:\/\/verlag.wiethase.de\/wp-content\/uploads\/2014\/09\/toxo-TB-back-150x150.jpg\" alt=\"toxo-TB-back\" width=\"150\" height=\"150\" \/><\/a> <a href=\"https:\/\/verlag.wiethase.de\/wp-content\/uploads\/2014\/09\/toxo-TB-vorne.jpg\"><img loading=\"lazy\" decoding=\"async\" class=\"alignnone size-thumbnail wp-image-117\" src=\"https:\/\/verlag.wiethase.de\/wp-content\/uploads\/2014\/09\/toxo-TB-vorne-150x150.jpg\" alt=\"toxo-TB-vorne\" width=\"150\" height=\"150\" \/><\/a> <a href=\"https:\/\/verlag.wiethase.de\/wp-content\/uploads\/2014\/09\/Bildschirmaufnahme.jpg\"><img loading=\"lazy\" decoding=\"async\" class=\"alignnone size-thumbnail wp-image-118\" src=\"https:\/\/verlag.wiethase.de\/wp-content\/uploads\/2014\/09\/Bildschirmaufnahme-150x150.jpg\" alt=\"Bildschirmaufnahme\" width=\"150\" height=\"150\" \/><\/a><\/p>\n<p class=\"p1\">175 Seiten, Paperback 19,90 \u20ac\u00a0<span class=\"s1\">\u00a0<\/span>ISBN 9783937632-69-8 (Preis in \u00d6sterreich: \u20ac 20,30)<\/p>\n<p class=\"p1\">Durchgesehene und ge\u00e4nderte Deutsche Ausgabe der zweisprachigen Erstausgabe<\/p>\n<p class=\"p2\"><strong>Der Inhalt des ersten Buches<\/strong><\/p>\n<p class=\"p3\">Ernsthafte T\u00e4tigkeiten sollten mit ehrenhafter Freizeitbesch\u00e4ftigung aufgelockert werden Seite 21<\/p>\n<p class=\"p3\">Das Schie\u00dfen als ehrenhafteste Freizeitbesch\u00e4ftigung S 24<\/p>\n<p class=\"p3\">Der Sinn des Schie\u00dfens S 27<\/p>\n<p class=\"p3\">Schie\u00dfen gut f\u00fcr F\u00fcrsten und gro\u00dfe M\u00e4nner S 28<\/p>\n<p class=\"p3\">Schie\u00dfen gut f\u00fcr Gelehrte und Studenten S 33<\/p>\n<p class=\"p3\">Schie\u00dfen besser f\u00fcr Studenten als jede Musik S 35<\/p>\n<p class=\"p3\">Die Jugend sollte singen lernen. S 37<\/p>\n<p class=\"p3\">Kein Mensch wird oder kann jemals zu viel<\/p>\n<p class=\"p3\">schie\u00dfen S 41<\/p>\n<p class=\"p3\">Gegen verbotene Spiele mit Karten und W\u00fcrfeln S 47<\/p>\n<p class=\"p3\">Das Schie\u00dfen im Krieg S 61<\/p>\n<p class=\"p3\">Gehorsam ist die h\u00f6chste Tugend der Soldaten S 62<\/p>\n<p class=\"p3\">Gr\u00fcnde und Mittel gegen das Schie\u00dfen im Krieg und deren Widerlegung S 65<\/p>\n<p class=\"p3\">Die Vorteile des Schie\u00dfens im Kriege in der Antike S 70<\/p>\n<p class=\"p3\">Das Schie\u00dfen in Friedenszeiten hat starkes Schie\u00dfen im Krieg zur Folge S 88<\/p>\n<p class=\"p3\">Das Schie\u00dfen in Friedenszeiten, au\u00dfer von jenen, die sehr begabt sind S 92<\/p>\n<p class=\"p3\">Mangelnde Unterrichtung l\u00e4sst es in England an guten Sch\u00fctzen mangeln S 97<\/p>\n<p class=\"p3\">In allem, was man lernt, soll man sein Bestes geben, oder man darf nicht mal erwarten mittelm\u00e4\u00dfig zu werden S 100<\/p>\n<p class=\"p2\"><strong>Der Inhalt des zweiten Buches<\/strong><\/p>\n<p class=\"p1\">Der Armschutz Seite 114<\/p>\n<p class=\"p1\">Der Schie\u00dfhandschuh S 115<\/p>\n<p class=\"p1\">Die Sehne S 116<\/p>\n<p class=\"p1\">Der Bogen S 118<\/p>\n<p class=\"p1\">Die Pfeile S 128<\/p>\n<p class=\"p1\">Die Haltung S 155<\/p>\n<p class=\"p1\">Das Einnocken, der Auszug S 156<\/p>\n<p class=\"p1\">Das Halten, der Ablass S 157<\/p>\n<p class=\"p1\">Das Wetter S 158<\/p>\n<p class=\"p1\">Das Ziel S 169<\/p>\n<p class=\"p2\">Reiner Mut, Vermeidung jeglicher Affekte S 173<\/p>\n","protected":false},"excerpt":{"rendered":"<p>175 Seiten, Paperback 19,90 \u20ac\u00a0\u00a0ISBN 9783937632-69-8 (Preis in \u00d6sterreich: \u20ac 20,30) Durchgesehene und ge\u00e4nderte Deutsche Ausgabe der zweisprachigen Erstausgabe Der Inhalt des ersten Buches Ernsthafte T\u00e4tigkeiten sollten mit ehrenhafter Freizeitbesch\u00e4ftigung aufgelockert werden Seite 21 Das Schie\u00dfen als ehrenhafteste Freizeitbesch\u00e4ftigung S &hellip; <a href=\"https:\/\/verlag.wiethase.de\/?page_id=115\">Weiterlesen <span class=\"meta-nav\">&rarr;<\/span><\/a><\/p>\n","protected":false},"author":1,"featured_media":0,"parent":383,"menu_order":0,"comment_status":"open","ping_status":"closed","template":"showcase.php","meta":{"_monsterinsights_skip_tracking":false,"_monsterinsights_sitenote_active":false,"_monsterinsights_sitenote_note":"","_monsterinsights_sitenote_category":0,"footnotes":""},"class_list":["post-115","page","type-page","status-publish","hentry"],"yoast_head":"<!-- This site is optimized with the Yoast SEO plugin v27.4 - https:\/\/yoast.com\/product\/yoast-seo-wordpress\/ -->\n<title>Toxophilus Taschenbuch - WiethaseVerlag<\/title>\n<meta name=\"robots\" content=\"index, follow, max-snippet:-1, max-image-preview:large, max-video-preview:-1\" \/>\n<link rel=\"canonical\" href=\"https:\/\/verlag.wiethase.de\/?page_id=115\" \/>\n<meta property=\"og:locale\" content=\"de_DE\" \/>\n<meta property=\"og:type\" content=\"article\" \/>\n<meta property=\"og:title\" content=\"Toxophilus Taschenbuch - WiethaseVerlag\" \/>\n<meta property=\"og:description\" content=\"175 Seiten, Paperback 19,90 \u20ac\u00a0\u00a0ISBN 9783937632-69-8 (Preis in \u00d6sterreich: \u20ac 20,30) Durchgesehene und ge\u00e4nderte Deutsche Ausgabe der zweisprachigen Erstausgabe Der Inhalt des ersten Buches Ernsthafte T\u00e4tigkeiten sollten mit ehrenhafter Freizeitbesch\u00e4ftigung aufgelockert werden Seite 21 Das Schie\u00dfen als ehrenhafteste Freizeitbesch\u00e4ftigung S &hellip; Weiterlesen &rarr;\" \/>\n<meta property=\"og:url\" content=\"https:\/\/verlag.wiethase.de\/?page_id=115\" \/>\n<meta property=\"og:site_name\" content=\"WiethaseVerlag\" \/>\n<meta property=\"article:publisher\" content=\"https:\/\/www.facebook.com\/profile.php?id=100063974142366\" \/>\n<meta property=\"article:modified_time\" content=\"2020-11-26T13:08:57+00:00\" \/>\n<meta property=\"og:image\" content=\"https:\/\/verlag.wiethase.de\/wp-content\/uploads\/2014\/09\/toxo-TB-back-150x150.jpg\" \/>\n<meta name=\"twitter:card\" content=\"summary_large_image\" \/>\n<meta name=\"twitter:label1\" content=\"Gesch\u00e4tzte Lesezeit\" \/>\n\t<meta name=\"twitter:data1\" content=\"1\u00a0Minute\" \/>\n<script type=\"application\/ld+json\" class=\"yoast-schema-graph\">{\"@context\":\"https:\\\/\\\/schema.org\",\"@graph\":[{\"@type\":\"WebPage\",\"@id\":\"https:\\\/\\\/verlag.wiethase.de\\\/?page_id=115\",\"url\":\"https:\\\/\\\/verlag.wiethase.de\\\/?page_id=115\",\"name\":\"Toxophilus Taschenbuch - WiethaseVerlag\",\"isPartOf\":{\"@id\":\"https:\\\/\\\/verlag.wiethase.de\\\/#website\"},\"primaryImageOfPage\":{\"@id\":\"https:\\\/\\\/verlag.wiethase.de\\\/?page_id=115#primaryimage\"},\"image\":{\"@id\":\"https:\\\/\\\/verlag.wiethase.de\\\/?page_id=115#primaryimage\"},\"thumbnailUrl\":\"https:\\\/\\\/verlag.wiethase.de\\\/wp-content\\\/uploads\\\/2014\\\/09\\\/toxo-TB-back-150x150.jpg\",\"datePublished\":\"2014-09-07T08:26:15+00:00\",\"dateModified\":\"2020-11-26T13:08:57+00:00\",\"breadcrumb\":{\"@id\":\"https:\\\/\\\/verlag.wiethase.de\\\/?page_id=115#breadcrumb\"},\"inLanguage\":\"de\",\"potentialAction\":[{\"@type\":\"ReadAction\",\"target\":[\"https:\\\/\\\/verlag.wiethase.de\\\/?page_id=115\"]}]},{\"@type\":\"ImageObject\",\"inLanguage\":\"de\",\"@id\":\"https:\\\/\\\/verlag.wiethase.de\\\/?page_id=115#primaryimage\",\"url\":\"https:\\\/\\\/verlag.wiethase.de\\\/wp-content\\\/uploads\\\/2014\\\/09\\\/toxo-TB-back.jpg\",\"contentUrl\":\"https:\\\/\\\/verlag.wiethase.de\\\/wp-content\\\/uploads\\\/2014\\\/09\\\/toxo-TB-back.jpg\",\"width\":1551,\"height\":2507},{\"@type\":\"BreadcrumbList\",\"@id\":\"https:\\\/\\\/verlag.wiethase.de\\\/?page_id=115#breadcrumb\",\"itemListElement\":[{\"@type\":\"ListItem\",\"position\":1,\"name\":\"Startseite\",\"item\":\"https:\\\/\\\/verlag.wiethase.de\\\/\"},{\"@type\":\"ListItem\",\"position\":2,\"name\":\"Bogen-B\u00fccher + DVD\",\"item\":\"https:\\\/\\\/verlag.wiethase.de\\\/?page_id=383\"},{\"@type\":\"ListItem\",\"position\":3,\"name\":\"Toxophilus Taschenbuch\"}]},{\"@type\":\"WebSite\",\"@id\":\"https:\\\/\\\/verlag.wiethase.de\\\/#website\",\"url\":\"https:\\\/\\\/verlag.wiethase.de\\\/\",\"name\":\"WiethaseVerlag\",\"description\":\"B\u00fccher - DVD - H\u00f6rb\u00fccher\",\"publisher\":{\"@id\":\"https:\\\/\\\/verlag.wiethase.de\\\/#organization\"},\"potentialAction\":[{\"@type\":\"SearchAction\",\"target\":{\"@type\":\"EntryPoint\",\"urlTemplate\":\"https:\\\/\\\/verlag.wiethase.de\\\/?s={search_term_string}\"},\"query-input\":{\"@type\":\"PropertyValueSpecification\",\"valueRequired\":true,\"valueName\":\"search_term_string\"}}],\"inLanguage\":\"de\"},{\"@type\":\"Organization\",\"@id\":\"https:\\\/\\\/verlag.wiethase.de\\\/#organization\",\"name\":\"Wiethase Verlag\",\"url\":\"https:\\\/\\\/verlag.wiethase.de\\\/\",\"logo\":{\"@type\":\"ImageObject\",\"inLanguage\":\"de\",\"@id\":\"https:\\\/\\\/verlag.wiethase.de\\\/#\\\/schema\\\/logo\\\/image\\\/\",\"url\":\"https:\\\/\\\/verlag.wiethase.de\\\/wp-content\\\/uploads\\\/2022\\\/07\\\/logo-verlag.jpg\",\"contentUrl\":\"https:\\\/\\\/verlag.wiethase.de\\\/wp-content\\\/uploads\\\/2022\\\/07\\\/logo-verlag.jpg\",\"width\":790,\"height\":514,\"caption\":\"Wiethase Verlag\"},\"image\":{\"@id\":\"https:\\\/\\\/verlag.wiethase.de\\\/#\\\/schema\\\/logo\\\/image\\\/\"},\"sameAs\":[\"https:\\\/\\\/www.facebook.com\\\/profile.php?id=100063974142366\"]}]}<\/script>\n<!-- \/ Yoast SEO plugin. -->","yoast_head_json":{"title":"Toxophilus Taschenbuch - WiethaseVerlag","robots":{"index":"index","follow":"follow","max-snippet":"max-snippet:-1","max-image-preview":"max-image-preview:large","max-video-preview":"max-video-preview:-1"},"canonical":"https:\/\/verlag.wiethase.de\/?page_id=115","og_locale":"de_DE","og_type":"article","og_title":"Toxophilus Taschenbuch - WiethaseVerlag","og_description":"175 Seiten, Paperback 19,90 \u20ac\u00a0\u00a0ISBN 9783937632-69-8 (Preis in \u00d6sterreich: \u20ac 20,30) Durchgesehene und ge\u00e4nderte Deutsche Ausgabe der zweisprachigen Erstausgabe Der Inhalt des ersten Buches Ernsthafte T\u00e4tigkeiten sollten mit ehrenhafter Freizeitbesch\u00e4ftigung aufgelockert werden Seite 21 Das Schie\u00dfen als ehrenhafteste Freizeitbesch\u00e4ftigung S &hellip; Weiterlesen &rarr;","og_url":"https:\/\/verlag.wiethase.de\/?page_id=115","og_site_name":"WiethaseVerlag","article_publisher":"https:\/\/www.facebook.com\/profile.php?id=100063974142366","article_modified_time":"2020-11-26T13:08:57+00:00","og_image":[{"url":"https:\/\/verlag.wiethase.de\/wp-content\/uploads\/2014\/09\/toxo-TB-back-150x150.jpg","type":"","width":"","height":""}],"twitter_card":"summary_large_image","twitter_misc":{"Gesch\u00e4tzte Lesezeit":"1\u00a0Minute"},"schema":{"@context":"https:\/\/schema.org","@graph":[{"@type":"WebPage","@id":"https:\/\/verlag.wiethase.de\/?page_id=115","url":"https:\/\/verlag.wiethase.de\/?page_id=115","name":"Toxophilus Taschenbuch - WiethaseVerlag","isPartOf":{"@id":"https:\/\/verlag.wiethase.de\/#website"},"primaryImageOfPage":{"@id":"https:\/\/verlag.wiethase.de\/?page_id=115#primaryimage"},"image":{"@id":"https:\/\/verlag.wiethase.de\/?page_id=115#primaryimage"},"thumbnailUrl":"https:\/\/verlag.wiethase.de\/wp-content\/uploads\/2014\/09\/toxo-TB-back-150x150.jpg","datePublished":"2014-09-07T08:26:15+00:00","dateModified":"2020-11-26T13:08:57+00:00","breadcrumb":{"@id":"https:\/\/verlag.wiethase.de\/?page_id=115#breadcrumb"},"inLanguage":"de","potentialAction":[{"@type":"ReadAction","target":["https:\/\/verlag.wiethase.de\/?page_id=115"]}]},{"@type":"ImageObject","inLanguage":"de","@id":"https:\/\/verlag.wiethase.de\/?page_id=115#primaryimage","url":"https:\/\/verlag.wiethase.de\/wp-content\/uploads\/2014\/09\/toxo-TB-back.jpg","contentUrl":"https:\/\/verlag.wiethase.de\/wp-content\/uploads\/2014\/09\/toxo-TB-back.jpg","width":1551,"height":2507},{"@type":"BreadcrumbList","@id":"https:\/\/verlag.wiethase.de\/?page_id=115#breadcrumb","itemListElement":[{"@type":"ListItem","position":1,"name":"Startseite","item":"https:\/\/verlag.wiethase.de\/"},{"@type":"ListItem","position":2,"name":"Bogen-B\u00fccher + DVD","item":"https:\/\/verlag.wiethase.de\/?page_id=383"},{"@type":"ListItem","position":3,"name":"Toxophilus Taschenbuch"}]},{"@type":"WebSite","@id":"https:\/\/verlag.wiethase.de\/#website","url":"https:\/\/verlag.wiethase.de\/","name":"WiethaseVerlag","description":"B\u00fccher - DVD - H\u00f6rb\u00fccher","publisher":{"@id":"https:\/\/verlag.wiethase.de\/#organization"},"potentialAction":[{"@type":"SearchAction","target":{"@type":"EntryPoint","urlTemplate":"https:\/\/verlag.wiethase.de\/?s={search_term_string}"},"query-input":{"@type":"PropertyValueSpecification","valueRequired":true,"valueName":"search_term_string"}}],"inLanguage":"de"},{"@type":"Organization","@id":"https:\/\/verlag.wiethase.de\/#organization","name":"Wiethase Verlag","url":"https:\/\/verlag.wiethase.de\/","logo":{"@type":"ImageObject","inLanguage":"de","@id":"https:\/\/verlag.wiethase.de\/#\/schema\/logo\/image\/","url":"https:\/\/verlag.wiethase.de\/wp-content\/uploads\/2022\/07\/logo-verlag.jpg","contentUrl":"https:\/\/verlag.wiethase.de\/wp-content\/uploads\/2022\/07\/logo-verlag.jpg","width":790,"height":514,"caption":"Wiethase Verlag"},"image":{"@id":"https:\/\/verlag.wiethase.de\/#\/schema\/logo\/image\/"},"sameAs":["https:\/\/www.facebook.com\/profile.php?id=100063974142366"]}]}},"_links":{"self":[{"href":"https:\/\/verlag.wiethase.de\/index.php?rest_route=\/wp\/v2\/pages\/115","targetHints":{"allow":["GET"]}}],"collection":[{"href":"https:\/\/verlag.wiethase.de\/index.php?rest_route=\/wp\/v2\/pages"}],"about":[{"href":"https:\/\/verlag.wiethase.de\/index.php?rest_route=\/wp\/v2\/types\/page"}],"author":[{"embeddable":true,"href":"https:\/\/verlag.wiethase.de\/index.php?rest_route=\/wp\/v2\/users\/1"}],"replies":[{"embeddable":true,"href":"https:\/\/verlag.wiethase.de\/index.php?rest_route=%2Fwp%2Fv2%2Fcomments&post=115"}],"version-history":[{"count":4,"href":"https:\/\/verlag.wiethase.de\/index.php?rest_route=\/wp\/v2\/pages\/115\/revisions"}],"predecessor-version":[{"id":754,"href":"https:\/\/verlag.wiethase.de\/index.php?rest_route=\/wp\/v2\/pages\/115\/revisions\/754"}],"up":[{"embeddable":true,"href":"https:\/\/verlag.wiethase.de\/index.php?rest_route=\/wp\/v2\/pages\/383"}],"wp:attachment":[{"href":"https:\/\/verlag.wiethase.de\/index.php?rest_route=%2Fwp%2Fv2%2Fmedia&parent=115"}],"curies":[{"name":"wp","href":"https:\/\/api.w.org\/{rel}","templated":true}]}}