{"id":1087,"date":"2025-10-12T20:09:33","date_gmt":"2025-10-12T20:09:33","guid":{"rendered":"https:\/\/verlag.wiethase.de\/?page_id=1087"},"modified":"2025-10-12T20:09:33","modified_gmt":"2025-10-12T20:09:33","slug":"enzyklopaedie-der-pfeilspitzen-der-welt-band-2-von-2","status":"publish","type":"page","link":"https:\/\/verlag.wiethase.de\/?page_id=1087","title":{"rendered":"Enzyklop\u00e4die der Pfeilspitzen der Welt, Band 2 von 2"},"content":{"rendered":"\n<figure class=\"wp-block-image size-large\"><a href=\"https:\/\/verlag.wiethase.de\/wp-content\/uploads\/2025\/10\/Enzyklopaedie-Band-2-Umschlag-scaled.jpg\"><img loading=\"lazy\" decoding=\"async\" width=\"712\" height=\"1024\" src=\"https:\/\/verlag.wiethase.de\/wp-content\/uploads\/2025\/10\/Enzyklopaedie-Band-2-Umschlag-712x1024.jpg\" alt=\"\" class=\"wp-image-1088\" srcset=\"https:\/\/verlag.wiethase.de\/wp-content\/uploads\/2025\/10\/Enzyklopaedie-Band-2-Umschlag-712x1024.jpg 712w, https:\/\/verlag.wiethase.de\/wp-content\/uploads\/2025\/10\/Enzyklopaedie-Band-2-Umschlag-209x300.jpg 209w, https:\/\/verlag.wiethase.de\/wp-content\/uploads\/2025\/10\/Enzyklopaedie-Band-2-Umschlag-768x1105.jpg 768w, https:\/\/verlag.wiethase.de\/wp-content\/uploads\/2025\/10\/Enzyklopaedie-Band-2-Umschlag-1068x1536.jpg 1068w, https:\/\/verlag.wiethase.de\/wp-content\/uploads\/2025\/10\/Enzyklopaedie-Band-2-Umschlag-1424x2048.jpg 1424w, https:\/\/verlag.wiethase.de\/wp-content\/uploads\/2025\/10\/Enzyklopaedie-Band-2-Umschlag-scaled.jpg 1780w\" sizes=\"auto, (max-width: 712px) 100vw, 712px\" \/><\/a><\/figure>\n\n\n\n<p>Das vorliegende Werk setzt sich mit den Pfeilspitzen der Welt auseinander. Dabei ist es unerl\u00e4sslich, manchmal auch die Vor-sch\u00e4fte und Sch\u00e4fte zu behandeln, auf welche die Spitzen befestigt wurden. Immerhin l\u00e4sst oft nur der gesamte Pfeil auf die genaue Herkunft einer einzelnen Spitze schlie\u00dfen. Andererseits kann eine einzelne Pfeilspitze anhand des vorliegenden Werkes meistens aufgrund der gezeigten Pfeile und deren Charakteristika die F\u00e4hrte zu einer genaueren Provenienz legen.<\/p>\n\n\n\n<figure class=\"wp-block-image size-large\"><a href=\"https:\/\/verlag.wiethase.de\/wp-content\/uploads\/2025\/10\/Enzyklopaedie-der-Pfeilspitzen-Buch-2-Deutsch.-416-Seiten-489X332-cm-Ruecken-29-cm-verschoben-7-scaled.jpg\"><img loading=\"lazy\" decoding=\"async\" width=\"730\" height=\"1024\" src=\"https:\/\/verlag.wiethase.de\/wp-content\/uploads\/2025\/10\/Enzyklopaedie-der-Pfeilspitzen-Buch-2-Deutsch.-416-Seiten-489X332-cm-Ruecken-29-cm-verschoben-7-730x1024.jpg\" alt=\"\" class=\"wp-image-1093\" srcset=\"https:\/\/verlag.wiethase.de\/wp-content\/uploads\/2025\/10\/Enzyklopaedie-der-Pfeilspitzen-Buch-2-Deutsch.-416-Seiten-489X332-cm-Ruecken-29-cm-verschoben-7-730x1024.jpg 730w, https:\/\/verlag.wiethase.de\/wp-content\/uploads\/2025\/10\/Enzyklopaedie-der-Pfeilspitzen-Buch-2-Deutsch.-416-Seiten-489X332-cm-Ruecken-29-cm-verschoben-7-214x300.jpg 214w, https:\/\/verlag.wiethase.de\/wp-content\/uploads\/2025\/10\/Enzyklopaedie-der-Pfeilspitzen-Buch-2-Deutsch.-416-Seiten-489X332-cm-Ruecken-29-cm-verschoben-7-768x1077.jpg 768w, https:\/\/verlag.wiethase.de\/wp-content\/uploads\/2025\/10\/Enzyklopaedie-der-Pfeilspitzen-Buch-2-Deutsch.-416-Seiten-489X332-cm-Ruecken-29-cm-verschoben-7-1095x1536.jpg 1095w, https:\/\/verlag.wiethase.de\/wp-content\/uploads\/2025\/10\/Enzyklopaedie-der-Pfeilspitzen-Buch-2-Deutsch.-416-Seiten-489X332-cm-Ruecken-29-cm-verschoben-7-1460x2048.jpg 1460w, https:\/\/verlag.wiethase.de\/wp-content\/uploads\/2025\/10\/Enzyklopaedie-der-Pfeilspitzen-Buch-2-Deutsch.-416-Seiten-489X332-cm-Ruecken-29-cm-verschoben-7-scaled.jpg 1825w\" sizes=\"auto, (max-width: 730px) 100vw, 730px\" \/><\/a><\/figure>\n\n\n\n<p>Die grobe Gliederung teilt die Pfeilspitzen in ihre Materialien auf, da diese meistens am augenf\u00e4lligsten und daher am einfachsten zu bestimmen sind. Zu jedem Material ist eine Einleitung ver-fasst, die seine Verwendung f\u00fcr Pfeilspitzen im Allgemeinen und im Speziellen erl\u00e4utert. Danach werden die Spitzen der verschiedenen Erdteile und deren Zonen und Ethnien bearbeitet.<\/p>\n\n\n\n<figure class=\"wp-block-image size-large\"><a href=\"https:\/\/verlag.wiethase.de\/wp-content\/uploads\/2025\/10\/Enzyklopaedie-der-Pfeilspitzen-Buch-2-Deutsch.-416-Seiten-489X332-cm-Ruecken-29-cm-verschoben-9-1-scaled.jpg\"><img loading=\"lazy\" decoding=\"async\" width=\"730\" height=\"1024\" src=\"https:\/\/verlag.wiethase.de\/wp-content\/uploads\/2025\/10\/Enzyklopaedie-der-Pfeilspitzen-Buch-2-Deutsch.-416-Seiten-489X332-cm-Ruecken-29-cm-verschoben-9-1-730x1024.jpg\" alt=\"\" class=\"wp-image-1092\" srcset=\"https:\/\/verlag.wiethase.de\/wp-content\/uploads\/2025\/10\/Enzyklopaedie-der-Pfeilspitzen-Buch-2-Deutsch.-416-Seiten-489X332-cm-Ruecken-29-cm-verschoben-9-1-730x1024.jpg 730w, https:\/\/verlag.wiethase.de\/wp-content\/uploads\/2025\/10\/Enzyklopaedie-der-Pfeilspitzen-Buch-2-Deutsch.-416-Seiten-489X332-cm-Ruecken-29-cm-verschoben-9-1-214x300.jpg 214w, https:\/\/verlag.wiethase.de\/wp-content\/uploads\/2025\/10\/Enzyklopaedie-der-Pfeilspitzen-Buch-2-Deutsch.-416-Seiten-489X332-cm-Ruecken-29-cm-verschoben-9-1-768x1077.jpg 768w, https:\/\/verlag.wiethase.de\/wp-content\/uploads\/2025\/10\/Enzyklopaedie-der-Pfeilspitzen-Buch-2-Deutsch.-416-Seiten-489X332-cm-Ruecken-29-cm-verschoben-9-1-1095x1536.jpg 1095w, https:\/\/verlag.wiethase.de\/wp-content\/uploads\/2025\/10\/Enzyklopaedie-der-Pfeilspitzen-Buch-2-Deutsch.-416-Seiten-489X332-cm-Ruecken-29-cm-verschoben-9-1-1460x2048.jpg 1460w, https:\/\/verlag.wiethase.de\/wp-content\/uploads\/2025\/10\/Enzyklopaedie-der-Pfeilspitzen-Buch-2-Deutsch.-416-Seiten-489X332-cm-Ruecken-29-cm-verschoben-9-1-scaled.jpg 1825w\" sizes=\"auto, (max-width: 730px) 100vw, 730px\" \/><\/a><\/figure>\n\n\n\n<p>Band 1 umfasst die Spitzen aus Stein, Glas und Holz. Band 2 umfasst die Spitzen aus Knochen, Horn und Elfenbein, Spitzen aus Schn\u00e4beln und anderen nat\u00fcrlichen Materialien, sowie Spitzen aus Metallen (Kupfer, Bronze, Eisen, Zinn, Messing).<\/p>\n\n\n\n<p>Dieses Buch hat auf 416 Seiten mehr als 2300 farbige Fotos, 100 Tafeln, 12 Karten und 500 Grafiken.<\/p>\n\n\n\n<p><br>ISBN 978-3-948396-40-4 Preis in Deutschland: \u20ac 89,00, \u00d6sterreich \u20ac 91,00, Schweiz: \u20ac 93,00<\/p>\n\n\n\n<figure class=\"wp-block-gallery has-nested-images columns-default is-cropped wp-block-gallery-1 is-layout-flex wp-block-gallery-is-layout-flex\">\n<figure class=\"wp-block-image size-large\"><a href=\"https:\/\/verlag.wiethase.de\/wp-content\/uploads\/2025\/10\/Enzyklopaedie-der-Pfeilspitzen-Buch-2-Deutsch.-416-Seiten-489X332-cm-Ruecken-29-cm-verschoben-10-scaled.jpg\"><img loading=\"lazy\" decoding=\"async\" width=\"730\" height=\"1024\" data-id=\"1091\" src=\"https:\/\/verlag.wiethase.de\/wp-content\/uploads\/2025\/10\/Enzyklopaedie-der-Pfeilspitzen-Buch-2-Deutsch.-416-Seiten-489X332-cm-Ruecken-29-cm-verschoben-10-730x1024.jpg\" alt=\"\" class=\"wp-image-1091\" srcset=\"https:\/\/verlag.wiethase.de\/wp-content\/uploads\/2025\/10\/Enzyklopaedie-der-Pfeilspitzen-Buch-2-Deutsch.-416-Seiten-489X332-cm-Ruecken-29-cm-verschoben-10-730x1024.jpg 730w, https:\/\/verlag.wiethase.de\/wp-content\/uploads\/2025\/10\/Enzyklopaedie-der-Pfeilspitzen-Buch-2-Deutsch.-416-Seiten-489X332-cm-Ruecken-29-cm-verschoben-10-214x300.jpg 214w, https:\/\/verlag.wiethase.de\/wp-content\/uploads\/2025\/10\/Enzyklopaedie-der-Pfeilspitzen-Buch-2-Deutsch.-416-Seiten-489X332-cm-Ruecken-29-cm-verschoben-10-768x1077.jpg 768w, https:\/\/verlag.wiethase.de\/wp-content\/uploads\/2025\/10\/Enzyklopaedie-der-Pfeilspitzen-Buch-2-Deutsch.-416-Seiten-489X332-cm-Ruecken-29-cm-verschoben-10-1095x1536.jpg 1095w, https:\/\/verlag.wiethase.de\/wp-content\/uploads\/2025\/10\/Enzyklopaedie-der-Pfeilspitzen-Buch-2-Deutsch.-416-Seiten-489X332-cm-Ruecken-29-cm-verschoben-10-1460x2048.jpg 1460w, https:\/\/verlag.wiethase.de\/wp-content\/uploads\/2025\/10\/Enzyklopaedie-der-Pfeilspitzen-Buch-2-Deutsch.-416-Seiten-489X332-cm-Ruecken-29-cm-verschoben-10-scaled.jpg 1825w\" sizes=\"auto, (max-width: 730px) 100vw, 730px\" \/><\/a><\/figure>\n<\/figure>\n\n\n\n<figure class=\"wp-block-gallery has-nested-images columns-default is-cropped wp-block-gallery-2 is-layout-flex wp-block-gallery-is-layout-flex\">\n<figure class=\"wp-block-image size-large\"><a href=\"https:\/\/verlag.wiethase.de\/wp-content\/uploads\/2025\/10\/Enzyklopaedie-Band-2-Umschlag-hinten-scaled.jpg\"><img loading=\"lazy\" decoding=\"async\" width=\"733\" height=\"1024\" data-id=\"1089\" src=\"https:\/\/verlag.wiethase.de\/wp-content\/uploads\/2025\/10\/Enzyklopaedie-Band-2-Umschlag-hinten-733x1024.jpg\" alt=\"\" class=\"wp-image-1089\" srcset=\"https:\/\/verlag.wiethase.de\/wp-content\/uploads\/2025\/10\/Enzyklopaedie-Band-2-Umschlag-hinten-733x1024.jpg 733w, https:\/\/verlag.wiethase.de\/wp-content\/uploads\/2025\/10\/Enzyklopaedie-Band-2-Umschlag-hinten-215x300.jpg 215w, https:\/\/verlag.wiethase.de\/wp-content\/uploads\/2025\/10\/Enzyklopaedie-Band-2-Umschlag-hinten-768x1072.jpg 768w, https:\/\/verlag.wiethase.de\/wp-content\/uploads\/2025\/10\/Enzyklopaedie-Band-2-Umschlag-hinten-1100x1536.jpg 1100w, https:\/\/verlag.wiethase.de\/wp-content\/uploads\/2025\/10\/Enzyklopaedie-Band-2-Umschlag-hinten-1467x2048.jpg 1467w, https:\/\/verlag.wiethase.de\/wp-content\/uploads\/2025\/10\/Enzyklopaedie-Band-2-Umschlag-hinten-scaled.jpg 1833w\" sizes=\"auto, (max-width: 733px) 100vw, 733px\" \/><\/a><\/figure>\n<\/figure>\n","protected":false},"excerpt":{"rendered":"<p>Das vorliegende Werk setzt sich mit den Pfeilspitzen der Welt auseinander. Dabei ist es unerl\u00e4sslich, manchmal auch die Vor-sch\u00e4fte und Sch\u00e4fte zu behandeln, auf welche die Spitzen befestigt wurden. Immerhin l\u00e4sst oft nur der gesamte Pfeil auf die genaue Herkunft &hellip; <a href=\"https:\/\/verlag.wiethase.de\/?page_id=1087\">Weiterlesen <span class=\"meta-nav\">&rarr;<\/span><\/a><\/p>\n","protected":false},"author":1,"featured_media":1092,"parent":383,"menu_order":0,"comment_status":"closed","ping_status":"closed","template":"","meta":{"_monsterinsights_skip_tracking":false,"_monsterinsights_sitenote_active":false,"_monsterinsights_sitenote_note":"","_monsterinsights_sitenote_category":0,"footnotes":""},"class_list":["post-1087","page","type-page","status-publish","has-post-thumbnail","hentry"],"yoast_head":"<!-- This site is optimized with the Yoast SEO plugin v27.4 - https:\/\/yoast.com\/product\/yoast-seo-wordpress\/ -->\n<title>Enzyklop\u00e4die der Pfeilspitzen der Welt, Band 2 von 2 - WiethaseVerlag<\/title>\n<meta name=\"description\" content=\"Enzyklop\u00e4die\" \/>\n<meta name=\"robots\" content=\"index, follow, max-snippet:-1, max-image-preview:large, max-video-preview:-1\" \/>\n<link rel=\"canonical\" href=\"https:\/\/verlag.wiethase.de\/?page_id=1087\" \/>\n<meta property=\"og:locale\" content=\"de_DE\" \/>\n<meta property=\"og:type\" content=\"article\" \/>\n<meta property=\"og:title\" content=\"Enzyklop\u00e4die der Pfeilspitzen der Welt, Band 2 von 2 - WiethaseVerlag\" \/>\n<meta property=\"og:description\" content=\"Enzyklop\u00e4die\" \/>\n<meta property=\"og:url\" content=\"https:\/\/verlag.wiethase.de\/?page_id=1087\" \/>\n<meta property=\"og:site_name\" content=\"WiethaseVerlag\" \/>\n<meta property=\"article:publisher\" content=\"https:\/\/www.facebook.com\/profile.php?id=100063974142366\" \/>\n<meta property=\"og:image\" content=\"https:\/\/verlag.wiethase.de\/wp-content\/uploads\/2025\/10\/Enzyklopaedie-der-Pfeilspitzen-Buch-2-Deutsch.-416-Seiten-489X332-cm-Ruecken-29-cm-verschoben-9-1-scaled.jpg\" \/>\n\t<meta property=\"og:image:width\" content=\"1825\" \/>\n\t<meta property=\"og:image:height\" content=\"2560\" \/>\n\t<meta property=\"og:image:type\" content=\"image\/jpeg\" \/>\n<meta name=\"twitter:card\" content=\"summary_large_image\" \/>\n<meta name=\"twitter:label1\" content=\"Gesch\u00e4tzte Lesezeit\" \/>\n\t<meta name=\"twitter:data1\" content=\"3\u00a0Minuten\" \/>\n<script type=\"application\/ld+json\" class=\"yoast-schema-graph\">{\"@context\":\"https:\\\/\\\/schema.org\",\"@graph\":[{\"@type\":\"WebPage\",\"@id\":\"https:\\\/\\\/verlag.wiethase.de\\\/?page_id=1087\",\"url\":\"https:\\\/\\\/verlag.wiethase.de\\\/?page_id=1087\",\"name\":\"Enzyklop\u00e4die der Pfeilspitzen der Welt, Band 2 von 2 - WiethaseVerlag\",\"isPartOf\":{\"@id\":\"https:\\\/\\\/verlag.wiethase.de\\\/#website\"},\"primaryImageOfPage\":{\"@id\":\"https:\\\/\\\/verlag.wiethase.de\\\/?page_id=1087#primaryimage\"},\"image\":{\"@id\":\"https:\\\/\\\/verlag.wiethase.de\\\/?page_id=1087#primaryimage\"},\"thumbnailUrl\":\"https:\\\/\\\/verlag.wiethase.de\\\/wp-content\\\/uploads\\\/2025\\\/10\\\/Enzyklopaedie-der-Pfeilspitzen-Buch-2-Deutsch.-416-Seiten-489X332-cm-Ruecken-29-cm-verschoben-9-1-scaled.jpg\",\"datePublished\":\"2025-10-12T20:09:33+00:00\",\"description\":\"Enzyklop\u00e4die\",\"breadcrumb\":{\"@id\":\"https:\\\/\\\/verlag.wiethase.de\\\/?page_id=1087#breadcrumb\"},\"inLanguage\":\"de\",\"potentialAction\":[{\"@type\":\"ReadAction\",\"target\":[\"https:\\\/\\\/verlag.wiethase.de\\\/?page_id=1087\"]}]},{\"@type\":\"ImageObject\",\"inLanguage\":\"de\",\"@id\":\"https:\\\/\\\/verlag.wiethase.de\\\/?page_id=1087#primaryimage\",\"url\":\"https:\\\/\\\/verlag.wiethase.de\\\/wp-content\\\/uploads\\\/2025\\\/10\\\/Enzyklopaedie-der-Pfeilspitzen-Buch-2-Deutsch.-416-Seiten-489X332-cm-Ruecken-29-cm-verschoben-9-1-scaled.jpg\",\"contentUrl\":\"https:\\\/\\\/verlag.wiethase.de\\\/wp-content\\\/uploads\\\/2025\\\/10\\\/Enzyklopaedie-der-Pfeilspitzen-Buch-2-Deutsch.-416-Seiten-489X332-cm-Ruecken-29-cm-verschoben-9-1-scaled.jpg\",\"width\":1825,\"height\":2560},{\"@type\":\"BreadcrumbList\",\"@id\":\"https:\\\/\\\/verlag.wiethase.de\\\/?page_id=1087#breadcrumb\",\"itemListElement\":[{\"@type\":\"ListItem\",\"position\":1,\"name\":\"Startseite\",\"item\":\"https:\\\/\\\/verlag.wiethase.de\\\/\"},{\"@type\":\"ListItem\",\"position\":2,\"name\":\"Bogen-B\u00fccher + DVD\",\"item\":\"https:\\\/\\\/verlag.wiethase.de\\\/?page_id=383\"},{\"@type\":\"ListItem\",\"position\":3,\"name\":\"Enzyklop\u00e4die der Pfeilspitzen der Welt, Band 2 von 2\"}]},{\"@type\":\"WebSite\",\"@id\":\"https:\\\/\\\/verlag.wiethase.de\\\/#website\",\"url\":\"https:\\\/\\\/verlag.wiethase.de\\\/\",\"name\":\"WiethaseVerlag\",\"description\":\"B\u00fccher - DVD - H\u00f6rb\u00fccher\",\"publisher\":{\"@id\":\"https:\\\/\\\/verlag.wiethase.de\\\/#organization\"},\"potentialAction\":[{\"@type\":\"SearchAction\",\"target\":{\"@type\":\"EntryPoint\",\"urlTemplate\":\"https:\\\/\\\/verlag.wiethase.de\\\/?s={search_term_string}\"},\"query-input\":{\"@type\":\"PropertyValueSpecification\",\"valueRequired\":true,\"valueName\":\"search_term_string\"}}],\"inLanguage\":\"de\"},{\"@type\":\"Organization\",\"@id\":\"https:\\\/\\\/verlag.wiethase.de\\\/#organization\",\"name\":\"Wiethase Verlag\",\"url\":\"https:\\\/\\\/verlag.wiethase.de\\\/\",\"logo\":{\"@type\":\"ImageObject\",\"inLanguage\":\"de\",\"@id\":\"https:\\\/\\\/verlag.wiethase.de\\\/#\\\/schema\\\/logo\\\/image\\\/\",\"url\":\"https:\\\/\\\/verlag.wiethase.de\\\/wp-content\\\/uploads\\\/2022\\\/07\\\/logo-verlag.jpg\",\"contentUrl\":\"https:\\\/\\\/verlag.wiethase.de\\\/wp-content\\\/uploads\\\/2022\\\/07\\\/logo-verlag.jpg\",\"width\":790,\"height\":514,\"caption\":\"Wiethase Verlag\"},\"image\":{\"@id\":\"https:\\\/\\\/verlag.wiethase.de\\\/#\\\/schema\\\/logo\\\/image\\\/\"},\"sameAs\":[\"https:\\\/\\\/www.facebook.com\\\/profile.php?id=100063974142366\"]}]}<\/script>\n<!-- \/ Yoast SEO plugin. -->","yoast_head_json":{"title":"Enzyklop\u00e4die der Pfeilspitzen der Welt, Band 2 von 2 - WiethaseVerlag","description":"Enzyklop\u00e4die","robots":{"index":"index","follow":"follow","max-snippet":"max-snippet:-1","max-image-preview":"max-image-preview:large","max-video-preview":"max-video-preview:-1"},"canonical":"https:\/\/verlag.wiethase.de\/?page_id=1087","og_locale":"de_DE","og_type":"article","og_title":"Enzyklop\u00e4die der Pfeilspitzen der Welt, Band 2 von 2 - WiethaseVerlag","og_description":"Enzyklop\u00e4die","og_url":"https:\/\/verlag.wiethase.de\/?page_id=1087","og_site_name":"WiethaseVerlag","article_publisher":"https:\/\/www.facebook.com\/profile.php?id=100063974142366","og_image":[{"width":1825,"height":2560,"url":"https:\/\/verlag.wiethase.de\/wp-content\/uploads\/2025\/10\/Enzyklopaedie-der-Pfeilspitzen-Buch-2-Deutsch.-416-Seiten-489X332-cm-Ruecken-29-cm-verschoben-9-1-scaled.jpg","type":"image\/jpeg"}],"twitter_card":"summary_large_image","twitter_misc":{"Gesch\u00e4tzte Lesezeit":"3\u00a0Minuten"},"schema":{"@context":"https:\/\/schema.org","@graph":[{"@type":"WebPage","@id":"https:\/\/verlag.wiethase.de\/?page_id=1087","url":"https:\/\/verlag.wiethase.de\/?page_id=1087","name":"Enzyklop\u00e4die der Pfeilspitzen der Welt, Band 2 von 2 - WiethaseVerlag","isPartOf":{"@id":"https:\/\/verlag.wiethase.de\/#website"},"primaryImageOfPage":{"@id":"https:\/\/verlag.wiethase.de\/?page_id=1087#primaryimage"},"image":{"@id":"https:\/\/verlag.wiethase.de\/?page_id=1087#primaryimage"},"thumbnailUrl":"https:\/\/verlag.wiethase.de\/wp-content\/uploads\/2025\/10\/Enzyklopaedie-der-Pfeilspitzen-Buch-2-Deutsch.-416-Seiten-489X332-cm-Ruecken-29-cm-verschoben-9-1-scaled.jpg","datePublished":"2025-10-12T20:09:33+00:00","description":"Enzyklop\u00e4die","breadcrumb":{"@id":"https:\/\/verlag.wiethase.de\/?page_id=1087#breadcrumb"},"inLanguage":"de","potentialAction":[{"@type":"ReadAction","target":["https:\/\/verlag.wiethase.de\/?page_id=1087"]}]},{"@type":"ImageObject","inLanguage":"de","@id":"https:\/\/verlag.wiethase.de\/?page_id=1087#primaryimage","url":"https:\/\/verlag.wiethase.de\/wp-content\/uploads\/2025\/10\/Enzyklopaedie-der-Pfeilspitzen-Buch-2-Deutsch.-416-Seiten-489X332-cm-Ruecken-29-cm-verschoben-9-1-scaled.jpg","contentUrl":"https:\/\/verlag.wiethase.de\/wp-content\/uploads\/2025\/10\/Enzyklopaedie-der-Pfeilspitzen-Buch-2-Deutsch.-416-Seiten-489X332-cm-Ruecken-29-cm-verschoben-9-1-scaled.jpg","width":1825,"height":2560},{"@type":"BreadcrumbList","@id":"https:\/\/verlag.wiethase.de\/?page_id=1087#breadcrumb","itemListElement":[{"@type":"ListItem","position":1,"name":"Startseite","item":"https:\/\/verlag.wiethase.de\/"},{"@type":"ListItem","position":2,"name":"Bogen-B\u00fccher + DVD","item":"https:\/\/verlag.wiethase.de\/?page_id=383"},{"@type":"ListItem","position":3,"name":"Enzyklop\u00e4die der Pfeilspitzen der Welt, Band 2 von 2"}]},{"@type":"WebSite","@id":"https:\/\/verlag.wiethase.de\/#website","url":"https:\/\/verlag.wiethase.de\/","name":"WiethaseVerlag","description":"B\u00fccher - DVD - H\u00f6rb\u00fccher","publisher":{"@id":"https:\/\/verlag.wiethase.de\/#organization"},"potentialAction":[{"@type":"SearchAction","target":{"@type":"EntryPoint","urlTemplate":"https:\/\/verlag.wiethase.de\/?s={search_term_string}"},"query-input":{"@type":"PropertyValueSpecification","valueRequired":true,"valueName":"search_term_string"}}],"inLanguage":"de"},{"@type":"Organization","@id":"https:\/\/verlag.wiethase.de\/#organization","name":"Wiethase Verlag","url":"https:\/\/verlag.wiethase.de\/","logo":{"@type":"ImageObject","inLanguage":"de","@id":"https:\/\/verlag.wiethase.de\/#\/schema\/logo\/image\/","url":"https:\/\/verlag.wiethase.de\/wp-content\/uploads\/2022\/07\/logo-verlag.jpg","contentUrl":"https:\/\/verlag.wiethase.de\/wp-content\/uploads\/2022\/07\/logo-verlag.jpg","width":790,"height":514,"caption":"Wiethase Verlag"},"image":{"@id":"https:\/\/verlag.wiethase.de\/#\/schema\/logo\/image\/"},"sameAs":["https:\/\/www.facebook.com\/profile.php?id=100063974142366"]}]}},"_links":{"self":[{"href":"https:\/\/verlag.wiethase.de\/index.php?rest_route=\/wp\/v2\/pages\/1087","targetHints":{"allow":["GET"]}}],"collection":[{"href":"https:\/\/verlag.wiethase.de\/index.php?rest_route=\/wp\/v2\/pages"}],"about":[{"href":"https:\/\/verlag.wiethase.de\/index.php?rest_route=\/wp\/v2\/types\/page"}],"author":[{"embeddable":true,"href":"https:\/\/verlag.wiethase.de\/index.php?rest_route=\/wp\/v2\/users\/1"}],"replies":[{"embeddable":true,"href":"https:\/\/verlag.wiethase.de\/index.php?rest_route=%2Fwp%2Fv2%2Fcomments&post=1087"}],"version-history":[{"count":1,"href":"https:\/\/verlag.wiethase.de\/index.php?rest_route=\/wp\/v2\/pages\/1087\/revisions"}],"predecessor-version":[{"id":1094,"href":"https:\/\/verlag.wiethase.de\/index.php?rest_route=\/wp\/v2\/pages\/1087\/revisions\/1094"}],"up":[{"embeddable":true,"href":"https:\/\/verlag.wiethase.de\/index.php?rest_route=\/wp\/v2\/pages\/383"}],"wp:featuredmedia":[{"embeddable":true,"href":"https:\/\/verlag.wiethase.de\/index.php?rest_route=\/wp\/v2\/media\/1092"}],"wp:attachment":[{"href":"https:\/\/verlag.wiethase.de\/index.php?rest_route=%2Fwp%2Fv2%2Fmedia&parent=1087"}],"curies":[{"name":"wp","href":"https:\/\/api.w.org\/{rel}","templated":true}]}}